{"id":9831,"date":"2011-07-13T21:46:03","date_gmt":"2011-07-13T19:46:03","guid":{"rendered":"http:\/\/www.denkfried.de\/wp\/?page_id=9831"},"modified":"2011-07-13T21:58:51","modified_gmt":"2011-07-13T19:58:51","slug":"orglandes-16","status":"publish","type":"page","link":"http:\/\/www.denkfried.de\/wp\/?page_id=9831","title":{"rendered":"Orglandes  (16)"},"content":{"rendered":"<p>&nbsp;<\/p>\n<p><span style=\"text-decoration: underline;\"><strong>50390 Orglandes<\/strong><\/span><\/p>\n<p><em>Aus dem Reisebericht von Hubert M. :<\/em><\/p>\n<p><em>&#8222;Heute ist der 25.07.2007 und um 11:20 Uhr haben wir den deutschen Soldatenfriedhof Orglandes Nr.16 des Zweiten Weltkriegs erreicht. Der Friedhof wurde gerade gepflegt und das frisch gem\u00e4hte Gras riecht noch.<\/em><br \/>\n<em>Nachdem die Amerikaner durch die Br\u00fcckenkopfbildung bei St.Mere-Eglise die Halbinsel Cherburg abgeschnitten hatten, zielte ihr weiterer Vorsto\u00df \u00fcber das St\u00e4dtchen Valognes in Richtung Cherbourg. Die bei diesen K\u00e4mpfen gefallenen Soldaten wurden in dem kleinen, nur knapp 400 Einwohner z\u00e4hlenden Dorf Orglandes, im Department Manche, bestattet.<\/em><br \/>\n<em>Nach 1945 verblieb hier nur das deutsche Gr\u00e4berfeld mit 7358 Toten, w\u00e4hrend die amerikanischen Gefallenen nach St.Laurent-sur -Mere umgebettet wurden. Die frei gewordene Gr\u00e4berfl\u00e4che belegte der franz\u00f6sische Gr\u00e4berdienst mit deutschen Gefallenen aus Feldgr\u00e4bern und kleinen Anlagen der weiteren Umgebung, so das die Gesamtzahl der hier bestatteten deutschen Toten jetzt 10.152 betr\u00e4gt. Der Volksbund hat auf diesem Friedhof keine weiteren Zubettungen wahrgenommen. Die Kriegsgr\u00e4berst\u00e4tte Orglandes liegt unmittelbar an den letzten H\u00e4usern des n\u00f6rdlichen Dorfausganges. Im Jahre 1958 begann der Volksbund mit g\u00e4rtnerischen und baulichen Arbeiten. In einer weitl\u00e4ufigen Rasenfl\u00e4che liegen 28 Gr\u00e4berfelder, Steinkreuze zeichnen die Gr\u00e4ber. Sie tragen auf beiden Seiten Namen, Dienstgrade, Geburts-und Todesdaten von je zwei oder drei Gefallenen.<\/em><\/p>\n<p><em>Der Friedhof atmet weiter.<\/em><\/p>\n<p><em>Nach dem Friedhof sind wir nach St.Mere-Eglise und haben uns umgesehen und wer sagts der britische Falschirmj\u00e4ger h\u00e4ngt da immer noch.&#8220;<\/em><\/p>\n<div id='gallery-1' class='gallery galleryid-9831 gallery-columns-3 gallery-size-thumbnail'><dl class='gallery-item'>\n\t\t\t<dt class='gallery-icon landscape'>\n\t\t\t\t<a href='http:\/\/www.denkfried.de\/wp\/?attachment_id=9837'><img loading=\"lazy\" decoding=\"async\" width=\"150\" height=\"150\" src=\"http:\/\/www.denkfried.de\/wp\/wp-content\/uploads\/2011\/07\/Orgland-Hinweistafel-001-150x150.jpg\" class=\"attachment-thumbnail size-thumbnail\" alt=\"\" \/><\/a>\n\t\t\t<\/dt><\/dl><dl class='gallery-item'>\n\t\t\t<dt class='gallery-icon landscape'>\n\t\t\t\t<a href='http:\/\/www.denkfried.de\/wp\/?attachment_id=9836'><img loading=\"lazy\" decoding=\"async\" width=\"150\" height=\"150\" src=\"http:\/\/www.denkfried.de\/wp\/wp-content\/uploads\/2011\/07\/Orgland-Gr\u00e4berfeld-003-150x150.jpg\" class=\"attachment-thumbnail size-thumbnail\" alt=\"\" \/><\/a>\n\t\t\t<\/dt><\/dl><dl class='gallery-item'>\n\t\t\t<dt class='gallery-icon landscape'>\n\t\t\t\t<a href='http:\/\/www.denkfried.de\/wp\/?attachment_id=9835'><img loading=\"lazy\" decoding=\"async\" width=\"150\" height=\"150\" src=\"http:\/\/www.denkfried.de\/wp\/wp-content\/uploads\/2011\/07\/Orgland-Blick-zum-Eingang-005-150x150.jpg\" class=\"attachment-thumbnail size-thumbnail\" alt=\"\" \/><\/a>\n\t\t\t<\/dt><\/dl><br style=\"clear: both\" \/><dl class='gallery-item'>\n\t\t\t<dt class='gallery-icon landscape'>\n\t\t\t\t<a href='http:\/\/www.denkfried.de\/wp\/?attachment_id=9834'><img loading=\"lazy\" decoding=\"async\" width=\"150\" height=\"150\" src=\"http:\/\/www.denkfried.de\/wp\/wp-content\/uploads\/2011\/07\/Orgland-Ansicht-Grabzeichen-007-150x150.jpg\" class=\"attachment-thumbnail size-thumbnail\" alt=\"\" \/><\/a>\n\t\t\t<\/dt><\/dl><dl class='gallery-item'>\n\t\t\t<dt class='gallery-icon landscape'>\n\t\t\t\t<a href='http:\/\/www.denkfried.de\/wp\/?attachment_id=9832'><img loading=\"lazy\" decoding=\"async\" width=\"150\" height=\"150\" src=\"http:\/\/www.denkfried.de\/wp\/wp-content\/uploads\/2011\/07\/Orgland-Weite-Gr\u00e4berfeld-009-150x150.jpg\" class=\"attachment-thumbnail size-thumbnail\" alt=\"\" \/><\/a>\n\t\t\t<\/dt><\/dl><dl class='gallery-item'>\n\t\t\t<dt class='gallery-icon landscape'>\n\t\t\t\t<a href='http:\/\/www.denkfried.de\/wp\/?attachment_id=9833'><img loading=\"lazy\" decoding=\"async\" width=\"150\" height=\"150\" src=\"http:\/\/www.denkfried.de\/wp\/wp-content\/uploads\/2011\/07\/Orglandes-St.Mere-Eglise-0010-150x150.jpg\" class=\"attachment-thumbnail size-thumbnail\" alt=\"\" \/><\/a>\n\t\t\t<\/dt><\/dl><br style=\"clear: both\" \/>\n\t\t<\/div>\n\n","protected":false},"excerpt":{"rendered":"<p>&nbsp; 50390 Orglandes Aus dem Reisebericht von Hubert M. : &#8222;Heute ist der 25.07.2007 und um 11:20 Uhr haben wir den deutschen Soldatenfriedhof Orglandes Nr.16 des Zweiten Weltkriegs erreicht. Der Friedhof wurde gerade gepflegt und das frisch gem\u00e4hte Gras riecht &hellip; <a href=\"http:\/\/www.denkfried.de\/wp\/?page_id=9831\">Weiterlesen <span class=\"meta-nav\">&rarr;<\/span><\/a><\/p>\n","protected":false},"author":2,"featured_media":0,"parent":8255,"menu_order":0,"comment_status":"closed","ping_status":"open","template":"","meta":{"footnotes":""},"class_list":["post-9831","page","type-page","status-publish","hentry"],"_links":{"self":[{"href":"http:\/\/www.denkfried.de\/wp\/index.php?rest_route=\/wp\/v2\/pages\/9831","targetHints":{"allow":["GET"]}}],"collection":[{"href":"http:\/\/www.denkfried.de\/wp\/index.php?rest_route=\/wp\/v2\/pages"}],"about":[{"href":"http:\/\/www.denkfried.de\/wp\/index.php?rest_route=\/wp\/v2\/types\/page"}],"author":[{"embeddable":true,"href":"http:\/\/www.denkfried.de\/wp\/index.php?rest_route=\/wp\/v2\/users\/2"}],"replies":[{"embeddable":true,"href":"http:\/\/www.denkfried.de\/wp\/index.php?rest_route=%2Fwp%2Fv2%2Fcomments&post=9831"}],"version-history":[{"count":4,"href":"http:\/\/www.denkfried.de\/wp\/index.php?rest_route=\/wp\/v2\/pages\/9831\/revisions"}],"predecessor-version":[{"id":9840,"href":"http:\/\/www.denkfried.de\/wp\/index.php?rest_route=\/wp\/v2\/pages\/9831\/revisions\/9840"}],"up":[{"embeddable":true,"href":"http:\/\/www.denkfried.de\/wp\/index.php?rest_route=\/wp\/v2\/pages\/8255"}],"wp:attachment":[{"href":"http:\/\/www.denkfried.de\/wp\/index.php?rest_route=%2Fwp%2Fv2%2Fmedia&parent=9831"}],"curies":[{"name":"wp","href":"https:\/\/api.w.org\/{rel}","templated":true}]}}

<p>&nbsp;</p>
<p><span style="text-decoration: underline;"><strong>50390 Orglandes</strong></span></p>
<p><em>Aus dem Reisebericht von Hubert M. :</em></p>
<p><em>&#8222;Heute ist der 25.07.2007 und um 11:20 Uhr haben wir den deutschen Soldatenfriedhof Orglandes Nr.16 des Zweiten Weltkriegs erreicht. Der Friedhof wurde gerade gepflegt und das frisch gemähte Gras riecht noch.</em><br />
<em>Nachdem die Amerikaner durch die Brückenkopfbildung bei St.Mere-Eglise die Halbinsel Cherburg abgeschnitten hatten, zielte ihr weiterer Vorstoß über das Städtchen Valognes in Richtung Cherbourg. Die bei diesen Kämpfen gefallenen Soldaten wurden in dem kleinen, nur knapp 400 Einwohner zählenden Dorf Orglandes, im Department Manche, bestattet.</em><br />
<em>Nach 1945 verblieb hier nur das deutsche Gräberfeld mit 7358 Toten, während die amerikanischen Gefallenen nach St.Laurent-sur -Mere umgebettet wurden. Die frei gewordene Gräberfläche belegte der französische Gräberdienst mit deutschen Gefallenen aus Feldgräbern und kleinen Anlagen der weiteren Umgebung, so das die Gesamtzahl der hier bestatteten deutschen Toten jetzt 10.152 beträgt. Der Volksbund hat auf diesem Friedhof keine weiteren Zubettungen wahrgenommen. Die Kriegsgräberstätte Orglandes liegt unmittelbar an den letzten Häusern des nördlichen Dorfausganges. Im Jahre 1958 begann der Volksbund mit gärtnerischen und baulichen Arbeiten. In einer weitläufigen Rasenfläche liegen 28 Gräberfelder, Steinkreuze zeichnen die Gräber. Sie tragen auf beiden Seiten Namen, Dienstgrade, Geburts-und Todesdaten von je zwei oder drei Gefallenen.</em></p>
<p><em>Der Friedhof atmet weiter.</em></p>
<p><em>Nach dem Friedhof sind wir nach St.Mere-Eglise und haben uns umgesehen und wer sagts der britische Falschirmjäger hängt da immer noch.&#8220;</em></p>
<div id='gallery-1' class='gallery galleryid-9831 gallery-columns-3 gallery-size-thumbnail'><dl class='gallery-item'>
			<dt class='gallery-icon landscape'>
				<a href='http://www.denkfried.de/wp/?attachment_id=9837'><img loading="lazy" decoding="async" width="150" height="150" src="http://www.denkfried.de/wp/wp-content/uploads/2011/07/Orgland-Hinweistafel-001-150x150.jpg" class="attachment-thumbnail size-thumbnail" alt="" /></a>
			</dt></dl><dl class='gallery-item'>
			<dt class='gallery-icon landscape'>
				<a href='http://www.denkfried.de/wp/?attachment_id=9836'><img loading="lazy" decoding="async" width="150" height="150" src="http://www.denkfried.de/wp/wp-content/uploads/2011/07/Orgland-Gräberfeld-003-150x150.jpg" class="attachment-thumbnail size-thumbnail" alt="" /></a>
			</dt></dl><dl class='gallery-item'>
			<dt class='gallery-icon landscape'>
				<a href='http://www.denkfried.de/wp/?attachment_id=9835'><img loading="lazy" decoding="async" width="150" height="150" src="http://www.denkfried.de/wp/wp-content/uploads/2011/07/Orgland-Blick-zum-Eingang-005-150x150.jpg" class="attachment-thumbnail size-thumbnail" alt="" /></a>
			</dt></dl><br style="clear: both" /><dl class='gallery-item'>
			<dt class='gallery-icon landscape'>
				<a href='http://www.denkfried.de/wp/?attachment_id=9834'><img loading="lazy" decoding="async" width="150" height="150" src="http://www.denkfried.de/wp/wp-content/uploads/2011/07/Orgland-Ansicht-Grabzeichen-007-150x150.jpg" class="attachment-thumbnail size-thumbnail" alt="" /></a>
			</dt></dl><dl class='gallery-item'>
			<dt class='gallery-icon landscape'>
				<a href='http://www.denkfried.de/wp/?attachment_id=9832'><img loading="lazy" decoding="async" width="150" height="150" src="http://www.denkfried.de/wp/wp-content/uploads/2011/07/Orgland-Weite-Gräberfeld-009-150x150.jpg" class="attachment-thumbnail size-thumbnail" alt="" /></a>
			</dt></dl><dl class='gallery-item'>
			<dt class='gallery-icon landscape'>
				<a href='http://www.denkfried.de/wp/?attachment_id=9833'><img loading="lazy" decoding="async" width="150" height="150" src="http://www.denkfried.de/wp/wp-content/uploads/2011/07/Orglandes-St.Mere-Eglise-0010-150x150.jpg" class="attachment-thumbnail size-thumbnail" alt="" /></a>
			</dt></dl><br style="clear: both" />
		</div>

<p>&nbsp; 50390 Orglandes Aus dem Reisebericht von Hubert M. : &#8222;Heute ist der 25.07.2007 und um 11:20 Uhr haben wir den deutschen Soldatenfriedhof Orglandes Nr.16 des Zweiten Weltkriegs erreicht. Der Friedhof wurde gerade gepflegt und das frisch gemähte Gras riecht &hellip; <a href="http://www.denkfried.de/wp/?page_id=9831">Weiterlesen <span class="meta-nav">&rarr;</span></a></p>
