{"id":9699,"date":"2011-07-11T21:49:17","date_gmt":"2011-07-11T19:49:17","guid":{"rendered":"http:\/\/www.denkfried.de\/wp\/?page_id=9699"},"modified":"2012-03-11T23:21:13","modified_gmt":"2012-03-11T22:21:13","slug":"kischinewchisinau","status":"publish","type":"page","link":"http:\/\/www.denkfried.de\/wp\/?page_id=9699","title":{"rendered":"Kischinew\/Chisinau"},"content":{"rendered":"<p>&nbsp;<\/p>\n<p><span style=\"text-decoration: underline;\"><strong>Kischinew\/Chisinau<\/strong><\/span><\/p>\n<p>Einweihung:\u00a0 20.Mai 2006<\/p>\n<p>Der Friedhof von 3 ha Gr\u00f6\u00dfe liegt am Rande der Stadt Chisinau, bereits auf dem Gel\u00e4nde der Gemeinde Gratiesti, ca. 200 m n\u00f6rdlich des neuen Zivilfriedhofes der Stadt.<br \/>\nDas Gel\u00e4nde erstreckt sich von der Stadt kommend entlang der leicht abfallenden Doina-Stra\u00dfe auf 300 m L\u00e4nge und misst 100 m in der Tiefe.<\/p>\n<p>F\u00fcr bis zu 30.000 deutsche Gefallene wird dieser Friedhof die letzte Ruhest\u00e4tte sein.<\/p>\n<p>Mit freundlicher Genehmigung Kurt A.<\/p>\n<p><a href=\"http:\/\/www.denkfried.de\/wp\/?attachment_id=9700\" rel=\"attachment wp-att-9700\"><img loading=\"lazy\" decoding=\"async\" class=\"alignnone size-medium wp-image-9700\" title=\"Chisinau\" src=\"http:\/\/www.denkfried.de\/wp\/wp-content\/uploads\/2011\/07\/Chisinau-300x225.jpg\" alt=\"\" width=\"300\" height=\"225\" srcset=\"http:\/\/www.denkfried.de\/wp\/wp-content\/uploads\/2011\/07\/Chisinau-300x225.jpg 300w, http:\/\/www.denkfried.de\/wp\/wp-content\/uploads\/2011\/07\/Chisinau.jpg 640w\" sizes=\"auto, (max-width: 300px) 100vw, 300px\" \/><\/a><\/p>\n<p>Franz Jacobsmeyer (1914-1944)<\/p>\n<p>Er fiel im Dorf Agronomovka. Erst 2010 findet er hier seine letzte Ruhest\u00e4tte.<\/p>\n","protected":false},"excerpt":{"rendered":"<p>&nbsp; Kischinew\/Chisinau Einweihung:\u00a0 20.Mai 2006 Der Friedhof von 3 ha Gr\u00f6\u00dfe liegt am Rande der Stadt Chisinau, bereits auf dem Gel\u00e4nde der Gemeinde Gratiesti, ca. 200 m n\u00f6rdlich des neuen Zivilfriedhofes der Stadt. Das Gel\u00e4nde erstreckt sich von der Stadt &hellip; <a href=\"http:\/\/www.denkfried.de\/wp\/?page_id=9699\">Weiterlesen <span class=\"meta-nav\">&rarr;<\/span><\/a><\/p>\n","protected":false},"author":2,"featured_media":0,"parent":319,"menu_order":0,"comment_status":"closed","ping_status":"open","template":"","meta":{"footnotes":""},"class_list":["post-9699","page","type-page","status-publish","hentry"],"_links":{"self":[{"href":"http:\/\/www.denkfried.de\/wp\/index.php?rest_route=\/wp\/v2\/pages\/9699","targetHints":{"allow":["GET"]}}],"collection":[{"href":"http:\/\/www.denkfried.de\/wp\/index.php?rest_route=\/wp\/v2\/pages"}],"about":[{"href":"http:\/\/www.denkfried.de\/wp\/index.php?rest_route=\/wp\/v2\/types\/page"}],"author":[{"embeddable":true,"href":"http:\/\/www.denkfried.de\/wp\/index.php?rest_route=\/wp\/v2\/users\/2"}],"replies":[{"embeddable":true,"href":"http:\/\/www.denkfried.de\/wp\/index.php?rest_route=%2Fwp%2Fv2%2Fcomments&post=9699"}],"version-history":[{"count":9,"href":"http:\/\/www.denkfried.de\/wp\/index.php?rest_route=\/wp\/v2\/pages\/9699\/revisions"}],"predecessor-version":[{"id":18643,"href":"http:\/\/www.denkfried.de\/wp\/index.php?rest_route=\/wp\/v2\/pages\/9699\/revisions\/18643"}],"up":[{"embeddable":true,"href":"http:\/\/www.denkfried.de\/wp\/index.php?rest_route=\/wp\/v2\/pages\/319"}],"wp:attachment":[{"href":"http:\/\/www.denkfried.de\/wp\/index.php?rest_route=%2Fwp%2Fv2%2Fmedia&parent=9699"}],"curies":[{"name":"wp","href":"https:\/\/api.w.org\/{rel}","templated":true}]}}

<p>&nbsp;</p>
<p><span style="text-decoration: underline;"><strong>Kischinew/Chisinau</strong></span></p>
<p>Einweihung:  20.Mai 2006</p>
<p>Der Friedhof von 3 ha Größe liegt am Rande der Stadt Chisinau, bereits auf dem Gelände der Gemeinde Gratiesti, ca. 200 m nördlich des neuen Zivilfriedhofes der Stadt.<br />
Das Gelände erstreckt sich von der Stadt kommend entlang der leicht abfallenden Doina-Straße auf 300 m Länge und misst 100 m in der Tiefe.</p>
<p>Für bis zu 30.000 deutsche Gefallene wird dieser Friedhof die letzte Ruhestätte sein.</p>
<p>Mit freundlicher Genehmigung Kurt A.</p>
<p><a href="http://www.denkfried.de/wp/?attachment_id=9700" rel="attachment wp-att-9700"><img loading="lazy" decoding="async" class="alignnone size-medium wp-image-9700" title="Chisinau" src="http://www.denkfried.de/wp/wp-content/uploads/2011/07/Chisinau-300x225.jpg" alt="" width="300" height="225" srcset="http://www.denkfried.de/wp/wp-content/uploads/2011/07/Chisinau-300x225.jpg 300w, http://www.denkfried.de/wp/wp-content/uploads/2011/07/Chisinau.jpg 640w" sizes="auto, (max-width: 300px) 100vw, 300px" /></a></p>
<p>Franz Jacobsmeyer (1914-1944)</p>
<p>Er fiel im Dorf Agronomovka. Erst 2010 findet er hier seine letzte Ruhestätte.</p>

<p>&nbsp; Kischinew/Chisinau Einweihung:  20.Mai 2006 Der Friedhof von 3 ha Größe liegt am Rande der Stadt Chisinau, bereits auf dem Gelände der Gemeinde Gratiesti, ca. 200 m nördlich des neuen Zivilfriedhofes der Stadt. Das Gelände erstreckt sich von der Stadt &hellip; <a href="http://www.denkfried.de/wp/?page_id=9699">Weiterlesen <span class="meta-nav">&rarr;</span></a></p>
