{"id":9633,"date":"2011-07-10T20:56:51","date_gmt":"2011-07-10T18:56:51","guid":{"rendered":"http:\/\/www.denkfried.de\/wp\/?page_id=9633"},"modified":"2013-06-10T17:29:01","modified_gmt":"2013-06-10T15:29:01","slug":"hautecourt-154","status":"publish","type":"page","link":"http:\/\/www.denkfried.de\/wp\/?page_id=9633","title":{"rendered":"Hautecourt  (154)"},"content":{"rendered":"<p>&nbsp;<\/p>\n<p><span style=\"text-decoration: underline;\"><strong>55400 Hautecourt-les-Broville<\/strong><\/span>, Nationale 3<\/p>\n<p><em>Aus dem Reisebericht von Hubert M. :<\/em><\/p>\n<p><em>&#8222;Anbei meine Eindr\u00fccke des Deutschen Soldatenfriedhofs Hautecourt\/Meuse Nr.154 des 1.W.K. in Frankreich.<\/em><br \/>\n<em> Der Friedhof liegt eigentlich nicht gerade g\u00fcnstig, an der N3 einer stark befahrenen Bundesstra\u00dfe und am hinteren Ende l\u00e4uft eine Bahnstrecke der Eisenbahn vorbei. Hier hatte ich nicht gerade den Eindruck von Friede und Ruhe f\u00fcr die Gr\u00e4ber.<\/em><\/p>\n<p><em> Auf diesem Soldatenfriedhof liegen in Einzelgr\u00e4ber 2.885 Deutsche Soldaten und in \u00a0einem gemeinsamen Kameradengrab 5.000 Deutsche Soldaten, 106 blieben unbekannt.<\/em><br \/>\n<em> Auf jeweils 16 gro\u00dfen Bronzeplatten links und rechts des Einganges werden die Namen derer die im Kameradengrab liegen, aufgef\u00fchrt. Von franz\u00f6sischen Beh\u00f6rden wurde der Friedhof 1920 angelegt um die Gefallene aus kleineren Friedh\u00f6fen der Umgebung hierher umzubetten. Es wurden bis in die 30er Jahre Gefallene bei der Aufr\u00e4umung der Schlachtfelder um Verdun hierher zugebettet. Aus dem Gebiet Fleury \u00fcber 1000. Das geschmiedete Tor wurde 1932 von Essener B\u00fcrgern und der Kunstwerkst\u00e4tte Frohneberg gestiftet. Die Stadt Essen wurde Pate und leistete namhafte Beitr\u00e4ge f\u00fcr den Ausbau. In den 70er Jahren wurden die Holzkreuze durch welche aus Metall ausgetauscht. Die Stadt Essen beteiligte sich erneut an dem Ausbau.&#8220;<\/em><\/p>\n<div id='gallery-1' class='gallery galleryid-9633 gallery-columns-4 gallery-size-thumbnail'><dl class='gallery-item'>\n\t\t\t<dt class='gallery-icon landscape'>\n\t\t\t\t<a href='http:\/\/www.denkfried.de\/wp\/?attachment_id=9636'><img loading=\"lazy\" decoding=\"async\" width=\"150\" height=\"150\" src=\"http:\/\/www.denkfried.de\/wp\/wp-content\/uploads\/2011\/07\/Hautecourt-001-150x150.jpg\" class=\"attachment-thumbnail size-thumbnail\" alt=\"\" \/><\/a>\n\t\t\t<\/dt><\/dl><dl class='gallery-item'>\n\t\t\t<dt class='gallery-icon landscape'>\n\t\t\t\t<a href='http:\/\/www.denkfried.de\/wp\/?attachment_id=9641'><img loading=\"lazy\" decoding=\"async\" width=\"150\" height=\"150\" src=\"http:\/\/www.denkfried.de\/wp\/wp-content\/uploads\/2011\/07\/Hautecourt-Hinweisplatte-003-150x150.jpg\" class=\"attachment-thumbnail size-thumbnail\" alt=\"\" \/><\/a>\n\t\t\t<\/dt><\/dl><dl class='gallery-item'>\n\t\t\t<dt class='gallery-icon landscape'>\n\t\t\t\t<a href='http:\/\/www.denkfried.de\/wp\/?attachment_id=9637'><img loading=\"lazy\" decoding=\"async\" width=\"150\" height=\"150\" src=\"http:\/\/www.denkfried.de\/wp\/wp-content\/uploads\/2011\/07\/Hautecourt-Eingang-004-150x150.jpg\" class=\"attachment-thumbnail size-thumbnail\" alt=\"\" \/><\/a>\n\t\t\t<\/dt><\/dl><dl class='gallery-item'>\n\t\t\t<dt class='gallery-icon landscape'>\n\t\t\t\t<a href='http:\/\/www.denkfried.de\/wp\/?attachment_id=9635'><img loading=\"lazy\" decoding=\"async\" width=\"150\" height=\"150\" src=\"http:\/\/www.denkfried.de\/wp\/wp-content\/uploads\/2011\/07\/Hautecourt-Namentafeln-Kam.Grab-links-006-150x150.jpg\" class=\"attachment-thumbnail size-thumbnail\" alt=\"\" \/><\/a>\n\t\t\t<\/dt><\/dl><br style=\"clear: both\" \/><dl class='gallery-item'>\n\t\t\t<dt class='gallery-icon landscape'>\n\t\t\t\t<a href='http:\/\/www.denkfried.de\/wp\/?attachment_id=9634'><img loading=\"lazy\" decoding=\"async\" width=\"150\" height=\"150\" src=\"http:\/\/www.denkfried.de\/wp\/wp-content\/uploads\/2011\/07\/Hautecourt-Kameradengrab-oben-008-150x150.jpg\" class=\"attachment-thumbnail size-thumbnail\" alt=\"\" \/><\/a>\n\t\t\t<\/dt><\/dl><dl class='gallery-item'>\n\t\t\t<dt class='gallery-icon landscape'>\n\t\t\t\t<a href='http:\/\/www.denkfried.de\/wp\/?attachment_id=9640'><img loading=\"lazy\" decoding=\"async\" width=\"150\" height=\"150\" src=\"http:\/\/www.denkfried.de\/wp\/wp-content\/uploads\/2011\/07\/Hautecourt-Grabschmuck-Kam.Grab-009-150x150.jpg\" class=\"attachment-thumbnail size-thumbnail\" alt=\"\" \/><\/a>\n\t\t\t<\/dt><\/dl><dl class='gallery-item'>\n\t\t\t<dt class='gallery-icon portrait'>\n\t\t\t\t<a href='http:\/\/www.denkfried.de\/wp\/?attachment_id=9638'><img loading=\"lazy\" decoding=\"async\" width=\"150\" height=\"150\" src=\"http:\/\/www.denkfried.de\/wp\/wp-content\/uploads\/2011\/07\/Hautecourt-Ganzjahresschmuck-010-150x150.jpg\" class=\"attachment-thumbnail size-thumbnail\" alt=\"\" \/><\/a>\n\t\t\t<\/dt><\/dl><dl class='gallery-item'>\n\t\t\t<dt class='gallery-icon landscape'>\n\t\t\t\t<a href='http:\/\/www.denkfried.de\/wp\/?attachment_id=9639'><img loading=\"lazy\" decoding=\"async\" width=\"150\" height=\"150\" src=\"http:\/\/www.denkfried.de\/wp\/wp-content\/uploads\/2011\/07\/Hautecourt-Gr\u00e4berfeld-012-150x150.jpg\" class=\"attachment-thumbnail size-thumbnail\" alt=\"\" \/><\/a>\n\t\t\t<\/dt><\/dl><br style=\"clear: both\" \/><dl class='gallery-item'>\n\t\t\t<dt class='gallery-icon landscape'>\n\t\t\t\t<a href='http:\/\/www.denkfried.de\/wp\/?attachment_id=30875'><img loading=\"lazy\" decoding=\"async\" width=\"150\" height=\"150\" src=\"http:\/\/www.denkfried.de\/wp\/wp-content\/uploads\/2011\/07\/DSC02009-150x150.jpg\" class=\"attachment-thumbnail size-thumbnail\" alt=\"\" \/><\/a>\n\t\t\t<\/dt><\/dl><dl class='gallery-item'>\n\t\t\t<dt class='gallery-icon landscape'>\n\t\t\t\t<a href='http:\/\/www.denkfried.de\/wp\/?attachment_id=30876'><img loading=\"lazy\" decoding=\"async\" width=\"150\" height=\"150\" src=\"http:\/\/www.denkfried.de\/wp\/wp-content\/uploads\/2011\/07\/DSC02010-150x150.jpg\" class=\"attachment-thumbnail size-thumbnail\" alt=\"\" aria-describedby=\"gallery-1-30876\" \/><\/a>\n\t\t\t<\/dt>\n\t\t\t\t<dd class='wp-caption-text gallery-caption' id='gallery-1-30876'>\n\t\t\t\tNamenstafel Georg Wankerl\n\t\t\t\t<\/dd><\/dl><dl class='gallery-item'>\n\t\t\t<dt class='gallery-icon landscape'>\n\t\t\t\t<a href='http:\/\/www.denkfried.de\/wp\/?attachment_id=30877'><img loading=\"lazy\" decoding=\"async\" width=\"150\" height=\"150\" src=\"http:\/\/www.denkfried.de\/wp\/wp-content\/uploads\/2011\/07\/DSC02008-150x150.jpg\" class=\"attachment-thumbnail size-thumbnail\" alt=\"\" aria-describedby=\"gallery-1-30877\" \/><\/a>\n\t\t\t<\/dt>\n\t\t\t\t<dd class='wp-caption-text gallery-caption' id='gallery-1-30877'>\n\t\t\t\tEingang\n\t\t\t\t<\/dd><\/dl>\n\t\t\t<br style='clear: both' \/>\n\t\t<\/div>\n\n","protected":false},"excerpt":{"rendered":"<p>&nbsp; 55400 Hautecourt-les-Broville, Nationale 3 Aus dem Reisebericht von Hubert M. : &#8222;Anbei meine Eindr\u00fccke des Deutschen Soldatenfriedhofs Hautecourt\/Meuse Nr.154 des 1.W.K. in Frankreich. Der Friedhof liegt eigentlich nicht gerade g\u00fcnstig, an der N3 einer stark befahrenen Bundesstra\u00dfe und am &hellip; <a href=\"http:\/\/www.denkfried.de\/wp\/?page_id=9633\">Weiterlesen <span class=\"meta-nav\">&rarr;<\/span><\/a><\/p>\n","protected":false},"author":2,"featured_media":0,"parent":8262,"menu_order":0,"comment_status":"closed","ping_status":"open","template":"","meta":{"footnotes":""},"class_list":["post-9633","page","type-page","status-publish","hentry"],"_links":{"self":[{"href":"http:\/\/www.denkfried.de\/wp\/index.php?rest_route=\/wp\/v2\/pages\/9633","targetHints":{"allow":["GET"]}}],"collection":[{"href":"http:\/\/www.denkfried.de\/wp\/index.php?rest_route=\/wp\/v2\/pages"}],"about":[{"href":"http:\/\/www.denkfried.de\/wp\/index.php?rest_route=\/wp\/v2\/types\/page"}],"author":[{"embeddable":true,"href":"http:\/\/www.denkfried.de\/wp\/index.php?rest_route=\/wp\/v2\/users\/2"}],"replies":[{"embeddable":true,"href":"http:\/\/www.denkfried.de\/wp\/index.php?rest_route=%2Fwp%2Fv2%2Fcomments&post=9633"}],"version-history":[{"count":5,"href":"http:\/\/www.denkfried.de\/wp\/index.php?rest_route=\/wp\/v2\/pages\/9633\/revisions"}],"predecessor-version":[{"id":9647,"href":"http:\/\/www.denkfried.de\/wp\/index.php?rest_route=\/wp\/v2\/pages\/9633\/revisions\/9647"}],"up":[{"embeddable":true,"href":"http:\/\/www.denkfried.de\/wp\/index.php?rest_route=\/wp\/v2\/pages\/8262"}],"wp:attachment":[{"href":"http:\/\/www.denkfried.de\/wp\/index.php?rest_route=%2Fwp%2Fv2%2Fmedia&parent=9633"}],"curies":[{"name":"wp","href":"https:\/\/api.w.org\/{rel}","templated":true}]}}

<p>&nbsp;</p>
<p><span style="text-decoration: underline;"><strong>55400 Hautecourt-les-Broville</strong></span>, Nationale 3</p>
<p><em>Aus dem Reisebericht von Hubert M. :</em></p>
<p><em>&#8222;Anbei meine Eindrücke des Deutschen Soldatenfriedhofs Hautecourt/Meuse Nr.154 des 1.W.K. in Frankreich.</em><br />
<em> Der Friedhof liegt eigentlich nicht gerade günstig, an der N3 einer stark befahrenen Bundesstraße und am hinteren Ende läuft eine Bahnstrecke der Eisenbahn vorbei. Hier hatte ich nicht gerade den Eindruck von Friede und Ruhe für die Gräber.</em></p>
<p><em> Auf diesem Soldatenfriedhof liegen in Einzelgräber 2.885 Deutsche Soldaten und in  einem gemeinsamen Kameradengrab 5.000 Deutsche Soldaten, 106 blieben unbekannt.</em><br />
<em> Auf jeweils 16 großen Bronzeplatten links und rechts des Einganges werden die Namen derer die im Kameradengrab liegen, aufgeführt. Von französischen Behörden wurde der Friedhof 1920 angelegt um die Gefallene aus kleineren Friedhöfen der Umgebung hierher umzubetten. Es wurden bis in die 30er Jahre Gefallene bei der Aufräumung der Schlachtfelder um Verdun hierher zugebettet. Aus dem Gebiet Fleury über 1000. Das geschmiedete Tor wurde 1932 von Essener Bürgern und der Kunstwerkstätte Frohneberg gestiftet. Die Stadt Essen wurde Pate und leistete namhafte Beiträge für den Ausbau. In den 70er Jahren wurden die Holzkreuze durch welche aus Metall ausgetauscht. Die Stadt Essen beteiligte sich erneut an dem Ausbau.&#8220;</em></p>
<div id='gallery-1' class='gallery galleryid-9633 gallery-columns-4 gallery-size-thumbnail'><dl class='gallery-item'>
			<dt class='gallery-icon landscape'>
				<a href='http://www.denkfried.de/wp/?attachment_id=9636'><img loading="lazy" decoding="async" width="150" height="150" src="http://www.denkfried.de/wp/wp-content/uploads/2011/07/Hautecourt-001-150x150.jpg" class="attachment-thumbnail size-thumbnail" alt="" /></a>
			</dt></dl><dl class='gallery-item'>
			<dt class='gallery-icon landscape'>
				<a href='http://www.denkfried.de/wp/?attachment_id=9641'><img loading="lazy" decoding="async" width="150" height="150" src="http://www.denkfried.de/wp/wp-content/uploads/2011/07/Hautecourt-Hinweisplatte-003-150x150.jpg" class="attachment-thumbnail size-thumbnail" alt="" /></a>
			</dt></dl><dl class='gallery-item'>
			<dt class='gallery-icon landscape'>
				<a href='http://www.denkfried.de/wp/?attachment_id=9637'><img loading="lazy" decoding="async" width="150" height="150" src="http://www.denkfried.de/wp/wp-content/uploads/2011/07/Hautecourt-Eingang-004-150x150.jpg" class="attachment-thumbnail size-thumbnail" alt="" /></a>
			</dt></dl><dl class='gallery-item'>
			<dt class='gallery-icon landscape'>
				<a href='http://www.denkfried.de/wp/?attachment_id=9635'><img loading="lazy" decoding="async" width="150" height="150" src="http://www.denkfried.de/wp/wp-content/uploads/2011/07/Hautecourt-Namentafeln-Kam.Grab-links-006-150x150.jpg" class="attachment-thumbnail size-thumbnail" alt="" /></a>
			</dt></dl><br style="clear: both" /><dl class='gallery-item'>
			<dt class='gallery-icon landscape'>
				<a href='http://www.denkfried.de/wp/?attachment_id=9634'><img loading="lazy" decoding="async" width="150" height="150" src="http://www.denkfried.de/wp/wp-content/uploads/2011/07/Hautecourt-Kameradengrab-oben-008-150x150.jpg" class="attachment-thumbnail size-thumbnail" alt="" /></a>
			</dt></dl><dl class='gallery-item'>
			<dt class='gallery-icon landscape'>
				<a href='http://www.denkfried.de/wp/?attachment_id=9640'><img loading="lazy" decoding="async" width="150" height="150" src="http://www.denkfried.de/wp/wp-content/uploads/2011/07/Hautecourt-Grabschmuck-Kam.Grab-009-150x150.jpg" class="attachment-thumbnail size-thumbnail" alt="" /></a>
			</dt></dl><dl class='gallery-item'>
			<dt class='gallery-icon portrait'>
				<a href='http://www.denkfried.de/wp/?attachment_id=9638'><img loading="lazy" decoding="async" width="150" height="150" src="http://www.denkfried.de/wp/wp-content/uploads/2011/07/Hautecourt-Ganzjahresschmuck-010-150x150.jpg" class="attachment-thumbnail size-thumbnail" alt="" /></a>
			</dt></dl><dl class='gallery-item'>
			<dt class='gallery-icon landscape'>
				<a href='http://www.denkfried.de/wp/?attachment_id=9639'><img loading="lazy" decoding="async" width="150" height="150" src="http://www.denkfried.de/wp/wp-content/uploads/2011/07/Hautecourt-Gräberfeld-012-150x150.jpg" class="attachment-thumbnail size-thumbnail" alt="" /></a>
			</dt></dl><br style="clear: both" /><dl class='gallery-item'>
			<dt class='gallery-icon landscape'>
				<a href='http://www.denkfried.de/wp/?attachment_id=30875'><img loading="lazy" decoding="async" width="150" height="150" src="http://www.denkfried.de/wp/wp-content/uploads/2011/07/DSC02009-150x150.jpg" class="attachment-thumbnail size-thumbnail" alt="" /></a>
			</dt></dl><dl class='gallery-item'>
			<dt class='gallery-icon landscape'>
				<a href='http://www.denkfried.de/wp/?attachment_id=30876'><img loading="lazy" decoding="async" width="150" height="150" src="http://www.denkfried.de/wp/wp-content/uploads/2011/07/DSC02010-150x150.jpg" class="attachment-thumbnail size-thumbnail" alt="" aria-describedby="gallery-1-30876" /></a>
			</dt>
				<dd class='wp-caption-text gallery-caption' id='gallery-1-30876'>
				Namenstafel Georg Wankerl
				</dd></dl><dl class='gallery-item'>
			<dt class='gallery-icon landscape'>
				<a href='http://www.denkfried.de/wp/?attachment_id=30877'><img loading="lazy" decoding="async" width="150" height="150" src="http://www.denkfried.de/wp/wp-content/uploads/2011/07/DSC02008-150x150.jpg" class="attachment-thumbnail size-thumbnail" alt="" aria-describedby="gallery-1-30877" /></a>
			</dt>
				<dd class='wp-caption-text gallery-caption' id='gallery-1-30877'>
				Eingang
				</dd></dl>
			<br style='clear: both' />
		</div>

<p>&nbsp; 55400 Hautecourt-les-Broville, Nationale 3 Aus dem Reisebericht von Hubert M. : &#8222;Anbei meine Eindrücke des Deutschen Soldatenfriedhofs Hautecourt/Meuse Nr.154 des 1.W.K. in Frankreich. Der Friedhof liegt eigentlich nicht gerade günstig, an der N3 einer stark befahrenen Bundesstraße und am &hellip; <a href="http://www.denkfried.de/wp/?page_id=9633">Weiterlesen <span class="meta-nav">&rarr;</span></a></p>
