{"id":8665,"date":"2011-05-28T23:25:03","date_gmt":"2011-05-28T21:25:03","guid":{"rendered":"http:\/\/www.denkfried.de\/wp\/?page_id=8665"},"modified":"2012-04-06T17:53:26","modified_gmt":"2012-04-06T15:53:26","slug":"kleinhau-gedenkstatte-windhunddiv","status":"publish","type":"page","link":"http:\/\/www.denkfried.de\/wp\/?page_id=8665","title":{"rendered":"H\u00fcrtgenwald-Kleinhau (Ged.Windhunddiv.)"},"content":{"rendered":"<p>&nbsp;<\/p>\n<p><span style=\"text-decoration: underline;\"><strong>52393 H\u00fcrtgenwald &#8211; Kleinhau<\/strong><\/span><\/p>\n<p>Die <strong>Gedenkst\u00e4tte der Windhunddivision<\/strong> befindet sich neben dem gro\u00dfen Soldatenfriedhof.<\/p>\n<p>Kurzer Abriss:<\/p>\n<p>Die 116.Pz.-Div. wurde im M\u00e4rz 1944 in Frankreich aus den Resten der 16.Pz-Gren.-Division und der 179.Reserve-Pz.-Div. aufgestellt.<\/p>\n<p>Die Division war beteiligt an den K\u00e4mpfen um Aachen, im H\u00fcrtgenwald und Ardennenoffisive. Sie kapitulierte im April 1945 vor US-Truppen im Ruhrkessel.<\/p>\n<p>Das Truppenkennzeichen sieht man auf dem ersten Foto.<\/p>\n<p>Das Wappen zeigt angeblich den Hund \u201eSascha\u201c, der im Fr\u00fchjahr 1943 Angeh\u00f6rigen der 16. Infanterie-Division in der Kalm\u00fcckensteppe halb verhungert zugelaufen war. Das Wappen der Division (das sp\u00e4ter die 116. Panzer-Division der Wehrmacht \u00fcbernahm) wurde in der Bundeswehr bis 2004 im Wappen des <a title=\"Panzergrenadierbataillon 212\" href=\"http:\/\/de.wikipedia.org\/wiki\/Panzergrenadierbataillon_212\">Panzergrenadierbataillons 212<\/a> gezeigt.<\/p>\n<p>Vielen Dank f\u00fcr die Fotos dem User harbec.<\/p>\n<div id='gallery-1' class='gallery galleryid-8665 gallery-columns-3 gallery-size-thumbnail'><dl class='gallery-item'>\n\t\t\t<dt class='gallery-icon landscape'>\n\t\t\t\t<a href='http:\/\/www.denkfried.de\/wp\/?attachment_id=8667'><img loading=\"lazy\" decoding=\"async\" width=\"150\" height=\"150\" src=\"http:\/\/www.denkfried.de\/wp\/wp-content\/uploads\/2011\/05\/hw.wind_.1-150x150.jpg\" class=\"attachment-thumbnail size-thumbnail\" alt=\"\" \/><\/a>\n\t\t\t<\/dt><\/dl><dl class='gallery-item'>\n\t\t\t<dt class='gallery-icon landscape'>\n\t\t\t\t<a href='http:\/\/www.denkfried.de\/wp\/?attachment_id=8668'><img loading=\"lazy\" decoding=\"async\" width=\"150\" height=\"150\" src=\"http:\/\/www.denkfried.de\/wp\/wp-content\/uploads\/2011\/05\/hw.wind_.2-150x150.jpg\" class=\"attachment-thumbnail size-thumbnail\" alt=\"\" \/><\/a>\n\t\t\t<\/dt><\/dl><dl class='gallery-item'>\n\t\t\t<dt class='gallery-icon landscape'>\n\t\t\t\t<a href='http:\/\/www.denkfried.de\/wp\/?attachment_id=8669'><img loading=\"lazy\" decoding=\"async\" width=\"150\" height=\"150\" src=\"http:\/\/www.denkfried.de\/wp\/wp-content\/uploads\/2011\/05\/hw.wind_.3-150x150.jpg\" class=\"attachment-thumbnail size-thumbnail\" alt=\"\" \/><\/a>\n\t\t\t<\/dt><\/dl><br style=\"clear: both\" \/><dl class='gallery-item'>\n\t\t\t<dt class='gallery-icon portrait'>\n\t\t\t\t<a href='http:\/\/www.denkfried.de\/wp\/?attachment_id=8670'><img loading=\"lazy\" decoding=\"async\" width=\"150\" height=\"150\" src=\"http:\/\/www.denkfried.de\/wp\/wp-content\/uploads\/2011\/05\/hw.wind_.5-150x150.jpg\" class=\"attachment-thumbnail size-thumbnail\" alt=\"\" \/><\/a>\n\t\t\t<\/dt><\/dl><dl class='gallery-item'>\n\t\t\t<dt class='gallery-icon portrait'>\n\t\t\t\t<a href='http:\/\/www.denkfried.de\/wp\/?attachment_id=8671'><img loading=\"lazy\" decoding=\"async\" width=\"150\" height=\"150\" src=\"http:\/\/www.denkfried.de\/wp\/wp-content\/uploads\/2011\/05\/hw.wind_.7-150x150.jpg\" class=\"attachment-thumbnail size-thumbnail\" alt=\"\" \/><\/a>\n\t\t\t<\/dt><\/dl><dl class='gallery-item'>\n\t\t\t<dt class='gallery-icon landscape'>\n\t\t\t\t<a href='http:\/\/www.denkfried.de\/wp\/?attachment_id=8672'><img loading=\"lazy\" decoding=\"async\" width=\"150\" height=\"150\" src=\"http:\/\/www.denkfried.de\/wp\/wp-content\/uploads\/2011\/05\/hw.wind_.8-150x150.jpg\" class=\"attachment-thumbnail size-thumbnail\" alt=\"\" \/><\/a>\n\t\t\t<\/dt><\/dl><br style=\"clear: both\" \/><dl class='gallery-item'>\n\t\t\t<dt class='gallery-icon portrait'>\n\t\t\t\t<a href='http:\/\/www.denkfried.de\/wp\/?attachment_id=8673'><img loading=\"lazy\" decoding=\"async\" width=\"150\" height=\"150\" src=\"http:\/\/www.denkfried.de\/wp\/wp-content\/uploads\/2011\/05\/hw.wind_.9-150x150.jpg\" class=\"attachment-thumbnail size-thumbnail\" alt=\"\" \/><\/a>\n\t\t\t<\/dt><\/dl><dl class='gallery-item'>\n\t\t\t<dt class='gallery-icon landscape'>\n\t\t\t\t<a href='http:\/\/www.denkfried.de\/wp\/?attachment_id=8674'><img loading=\"lazy\" decoding=\"async\" width=\"150\" height=\"150\" src=\"http:\/\/www.denkfried.de\/wp\/wp-content\/uploads\/2011\/05\/hw.wind_.10-150x150.jpg\" class=\"attachment-thumbnail size-thumbnail\" alt=\"\" \/><\/a>\n\t\t\t<\/dt><\/dl><dl class='gallery-item'>\n\t\t\t<dt class='gallery-icon landscape'>\n\t\t\t\t<a href='http:\/\/www.denkfried.de\/wp\/?attachment_id=8666'><img loading=\"lazy\" decoding=\"async\" width=\"150\" height=\"150\" src=\"http:\/\/www.denkfried.de\/wp\/wp-content\/uploads\/2011\/05\/hw.wind_.11-150x150.jpg\" class=\"attachment-thumbnail size-thumbnail\" alt=\"\" \/><\/a>\n\t\t\t<\/dt><\/dl><br style=\"clear: both\" \/>\n\t\t<\/div>\n\n<p>&nbsp;<\/p>\n","protected":false},"excerpt":{"rendered":"<p>&nbsp; 52393 H\u00fcrtgenwald &#8211; Kleinhau Die Gedenkst\u00e4tte der Windhunddivision befindet sich neben dem gro\u00dfen Soldatenfriedhof. Kurzer Abriss: Die 116.Pz.-Div. wurde im M\u00e4rz 1944 in Frankreich aus den Resten der 16.Pz-Gren.-Division und der 179.Reserve-Pz.-Div. aufgestellt. Die Division war beteiligt an den &hellip; <a href=\"http:\/\/www.denkfried.de\/wp\/?page_id=8665\">Weiterlesen <span class=\"meta-nav\">&rarr;<\/span><\/a><\/p>\n","protected":false},"author":2,"featured_media":0,"parent":20347,"menu_order":0,"comment_status":"closed","ping_status":"open","template":"","meta":{"footnotes":""},"class_list":["post-8665","page","type-page","status-publish","hentry"],"_links":{"self":[{"href":"http:\/\/www.denkfried.de\/wp\/index.php?rest_route=\/wp\/v2\/pages\/8665","targetHints":{"allow":["GET"]}}],"collection":[{"href":"http:\/\/www.denkfried.de\/wp\/index.php?rest_route=\/wp\/v2\/pages"}],"about":[{"href":"http:\/\/www.denkfried.de\/wp\/index.php?rest_route=\/wp\/v2\/types\/page"}],"author":[{"embeddable":true,"href":"http:\/\/www.denkfried.de\/wp\/index.php?rest_route=\/wp\/v2\/users\/2"}],"replies":[{"embeddable":true,"href":"http:\/\/www.denkfried.de\/wp\/index.php?rest_route=%2Fwp%2Fv2%2Fcomments&post=8665"}],"version-history":[{"count":9,"href":"http:\/\/www.denkfried.de\/wp\/index.php?rest_route=\/wp\/v2\/pages\/8665\/revisions"}],"predecessor-version":[{"id":20351,"href":"http:\/\/www.denkfried.de\/wp\/index.php?rest_route=\/wp\/v2\/pages\/8665\/revisions\/20351"}],"up":[{"embeddable":true,"href":"http:\/\/www.denkfried.de\/wp\/index.php?rest_route=\/wp\/v2\/pages\/20347"}],"wp:attachment":[{"href":"http:\/\/www.denkfried.de\/wp\/index.php?rest_route=%2Fwp%2Fv2%2Fmedia&parent=8665"}],"curies":[{"name":"wp","href":"https:\/\/api.w.org\/{rel}","templated":true}]}}

Hürtgenwald-Kleinhau (Ged.Windhunddiv.)

<p>&nbsp;</p>
<p><span style="text-decoration: underline;"><strong>52393 Hürtgenwald &#8211; Kleinhau</strong></span></p>
<p>Die <strong>Gedenkstätte der Windhunddivision</strong> befindet sich neben dem großen Soldatenfriedhof.</p>
<p>Kurzer Abriss:</p>
<p>Die 116.Pz.-Div. wurde im März 1944 in Frankreich aus den Resten der 16.Pz-Gren.-Division und der 179.Reserve-Pz.-Div. aufgestellt.</p>
<p>Die Division war beteiligt an den Kämpfen um Aachen, im Hürtgenwald und Ardennenoffisive. Sie kapitulierte im April 1945 vor US-Truppen im Ruhrkessel.</p>
<p>Das Truppenkennzeichen sieht man auf dem ersten Foto.</p>
<p>Das Wappen zeigt angeblich den Hund „Sascha“, der im Frühjahr 1943 Angehörigen der 16. Infanterie-Division in der Kalmückensteppe halb verhungert zugelaufen war. Das Wappen der Division (das später die 116. Panzer-Division der Wehrmacht übernahm) wurde in der Bundeswehr bis 2004 im Wappen des <a title="Panzergrenadierbataillon 212" href="http://de.wikipedia.org/wiki/Panzergrenadierbataillon_212">Panzergrenadierbataillons 212</a> gezeigt.</p>
<p>Vielen Dank für die Fotos dem User harbec.</p>
<div id='gallery-1' class='gallery galleryid-8665 gallery-columns-3 gallery-size-thumbnail'><dl class='gallery-item'>
			<dt class='gallery-icon landscape'>
				<a href='http://www.denkfried.de/wp/?attachment_id=8667'><img loading="lazy" decoding="async" width="150" height="150" src="http://www.denkfried.de/wp/wp-content/uploads/2011/05/hw.wind_.1-150x150.jpg" class="attachment-thumbnail size-thumbnail" alt="" /></a>
			</dt></dl><dl class='gallery-item'>
			<dt class='gallery-icon landscape'>
				<a href='http://www.denkfried.de/wp/?attachment_id=8668'><img loading="lazy" decoding="async" width="150" height="150" src="http://www.denkfried.de/wp/wp-content/uploads/2011/05/hw.wind_.2-150x150.jpg" class="attachment-thumbnail size-thumbnail" alt="" /></a>
			</dt></dl><dl class='gallery-item'>
			<dt class='gallery-icon landscape'>
				<a href='http://www.denkfried.de/wp/?attachment_id=8669'><img loading="lazy" decoding="async" width="150" height="150" src="http://www.denkfried.de/wp/wp-content/uploads/2011/05/hw.wind_.3-150x150.jpg" class="attachment-thumbnail size-thumbnail" alt="" /></a>
			</dt></dl><br style="clear: both" /><dl class='gallery-item'>
			<dt class='gallery-icon portrait'>
				<a href='http://www.denkfried.de/wp/?attachment_id=8670'><img loading="lazy" decoding="async" width="150" height="150" src="http://www.denkfried.de/wp/wp-content/uploads/2011/05/hw.wind_.5-150x150.jpg" class="attachment-thumbnail size-thumbnail" alt="" /></a>
			</dt></dl><dl class='gallery-item'>
			<dt class='gallery-icon portrait'>
				<a href='http://www.denkfried.de/wp/?attachment_id=8671'><img loading="lazy" decoding="async" width="150" height="150" src="http://www.denkfried.de/wp/wp-content/uploads/2011/05/hw.wind_.7-150x150.jpg" class="attachment-thumbnail size-thumbnail" alt="" /></a>
			</dt></dl><dl class='gallery-item'>
			<dt class='gallery-icon landscape'>
				<a href='http://www.denkfried.de/wp/?attachment_id=8672'><img loading="lazy" decoding="async" width="150" height="150" src="http://www.denkfried.de/wp/wp-content/uploads/2011/05/hw.wind_.8-150x150.jpg" class="attachment-thumbnail size-thumbnail" alt="" /></a>
			</dt></dl><br style="clear: both" /><dl class='gallery-item'>
			<dt class='gallery-icon portrait'>
				<a href='http://www.denkfried.de/wp/?attachment_id=8673'><img loading="lazy" decoding="async" width="150" height="150" src="http://www.denkfried.de/wp/wp-content/uploads/2011/05/hw.wind_.9-150x150.jpg" class="attachment-thumbnail size-thumbnail" alt="" /></a>
			</dt></dl><dl class='gallery-item'>
			<dt class='gallery-icon landscape'>
				<a href='http://www.denkfried.de/wp/?attachment_id=8674'><img loading="lazy" decoding="async" width="150" height="150" src="http://www.denkfried.de/wp/wp-content/uploads/2011/05/hw.wind_.10-150x150.jpg" class="attachment-thumbnail size-thumbnail" alt="" /></a>
			</dt></dl><dl class='gallery-item'>
			<dt class='gallery-icon landscape'>
				<a href='http://www.denkfried.de/wp/?attachment_id=8666'><img loading="lazy" decoding="async" width="150" height="150" src="http://www.denkfried.de/wp/wp-content/uploads/2011/05/hw.wind_.11-150x150.jpg" class="attachment-thumbnail size-thumbnail" alt="" /></a>
			</dt></dl><br style="clear: both" />
		</div>

<p>&nbsp;</p>

<p>&nbsp; 52393 Hürtgenwald &#8211; Kleinhau Die Gedenkstätte der Windhunddivision befindet sich neben dem großen Soldatenfriedhof. Kurzer Abriss: Die 116.Pz.-Div. wurde im März 1944 in Frankreich aus den Resten der 16.Pz-Gren.-Division und der 179.Reserve-Pz.-Div. aufgestellt. Die Division war beteiligt an den &hellip; <a href="http://www.denkfried.de/wp/?page_id=8665">Weiterlesen <span class="meta-nav">&rarr;</span></a></p>
