{"id":838,"date":"2011-04-05T12:35:14","date_gmt":"2011-04-05T10:35:14","guid":{"rendered":"http:\/\/www.denkfried.de\/wp\/?page_id=838"},"modified":"2011-04-05T12:35:50","modified_gmt":"2011-04-05T10:35:50","slug":"maissin","status":"publish","type":"page","link":"http:\/\/www.denkfried.de\/wp\/?page_id=838","title":{"rendered":"MAISSIN"},"content":{"rendered":"<p>&nbsp;<\/p>\n<p><span style=\"text-decoration: underline; color: #ff0000;\"><strong>6850-6853, 6856 Paliseul &#8211; Maissin<\/strong><\/span><\/p>\n<p>Die Ortschaft Maissin geh\u00f6rt zur Gemeinde Paliseul.<\/p>\n<p><em>Aus dem Reisebericht von Hubert M. :<\/em><\/p>\n<p><em>hier die Fotos des Deutschen Soldatenfriedhof Nr.118 Maissin-National in  Belgien. Den Friedhof erreicht man \u00fcber die Autobahn E 411, Ausfahrt  24. An der N 899 von Bouillon in Ortsmitte von Maissin links, da f\u00e4hrt  man einen kleinen Berg hoch. Die hier bestatteten Soldaten stammen alle  von den K\u00e4mpfen am 22.und 23.August 1914, sie wurden aus f\u00fcnf Friedh\u00f6fen  geborgen. Sie hatten die Bezeichnung Terrassenfriedhof, Langfriedhof  und Rundbaufriedhof. Heute besteht nur mehr dieser unter der Bezeichnung  Maissin-National. Der Rundbau wurde von deutschen Soldaten angefertigt.  Angeh\u00f6rige bretonischer Gefallener stifteten den Calvaire als Gru\u00df aus  der Heimat (die S\u00e4ule mit dem Kreuz oben auf). Hier ruhen in einem  Gemeinschaftsgrab 643 Franzosen und 343 Deutsche.<\/em><br \/>\n<em> Die lockere Anreihung der Grabkreuze verleiht diesen Friedhof eine w\u00fcrdige Ausstrahlung.<\/em><\/p>\n<div id='gallery-1' class='gallery galleryid-838 gallery-columns-4 gallery-size-thumbnail'><dl class='gallery-item'>\n\t\t\t<dt class='gallery-icon landscape'>\n\t\t\t\t<a href='http:\/\/www.denkfried.de\/wp\/?attachment_id=839'><img loading=\"lazy\" decoding=\"async\" width=\"150\" height=\"150\" src=\"http:\/\/www.denkfried.de\/wp\/wp-content\/uploads\/2011\/04\/Maissin-National-Belgien-001-150x150.jpg\" class=\"attachment-thumbnail size-thumbnail\" alt=\"\" \/><\/a>\n\t\t\t<\/dt><\/dl><dl class='gallery-item'>\n\t\t\t<dt class='gallery-icon landscape'>\n\t\t\t\t<a href='http:\/\/www.denkfried.de\/wp\/?attachment_id=841'><img loading=\"lazy\" decoding=\"async\" width=\"150\" height=\"150\" src=\"http:\/\/www.denkfried.de\/wp\/wp-content\/uploads\/2011\/04\/Maissin-National-Belgien-002-150x150.jpg\" class=\"attachment-thumbnail size-thumbnail\" alt=\"\" \/><\/a>\n\t\t\t<\/dt><\/dl><dl class='gallery-item'>\n\t\t\t<dt class='gallery-icon landscape'>\n\t\t\t\t<a href='http:\/\/www.denkfried.de\/wp\/?attachment_id=842'><img loading=\"lazy\" decoding=\"async\" width=\"150\" height=\"150\" src=\"http:\/\/www.denkfried.de\/wp\/wp-content\/uploads\/2011\/04\/Maissin-National-Ehrensarkophag-006-150x150.jpg\" class=\"attachment-thumbnail size-thumbnail\" alt=\"\" \/><\/a>\n\t\t\t<\/dt><\/dl><dl class='gallery-item'>\n\t\t\t<dt class='gallery-icon landscape'>\n\t\t\t\t<a href='http:\/\/www.denkfried.de\/wp\/?attachment_id=843'><img loading=\"lazy\" decoding=\"async\" width=\"150\" height=\"150\" src=\"http:\/\/www.denkfried.de\/wp\/wp-content\/uploads\/2011\/04\/Maissin-National-Deutsche-Gr\u00e4ber-005-150x150.jpg\" class=\"attachment-thumbnail size-thumbnail\" alt=\"\" \/><\/a>\n\t\t\t<\/dt><\/dl><br style=\"clear: both\" \/><dl class='gallery-item'>\n\t\t\t<dt class='gallery-icon landscape'>\n\t\t\t\t<a href='http:\/\/www.denkfried.de\/wp\/?attachment_id=844'><img loading=\"lazy\" decoding=\"async\" width=\"150\" height=\"150\" src=\"http:\/\/www.denkfried.de\/wp\/wp-content\/uploads\/2011\/04\/Maissin-National-Franz.Grabanordnung-004-150x150.jpg\" class=\"attachment-thumbnail size-thumbnail\" alt=\"\" \/><\/a>\n\t\t\t<\/dt><\/dl><dl class='gallery-item'>\n\t\t\t<dt class='gallery-icon portrait'>\n\t\t\t\t<a href='http:\/\/www.denkfried.de\/wp\/?attachment_id=845'><img loading=\"lazy\" decoding=\"async\" width=\"150\" height=\"150\" src=\"http:\/\/www.denkfried.de\/wp\/wp-content\/uploads\/2011\/04\/Maissin-National-Fliegergrab-010-150x150.jpg\" class=\"attachment-thumbnail size-thumbnail\" alt=\"\" \/><\/a>\n\t\t\t<\/dt><\/dl><dl class='gallery-item'>\n\t\t\t<dt class='gallery-icon portrait'>\n\t\t\t\t<a href='http:\/\/www.denkfried.de\/wp\/?attachment_id=846'><img loading=\"lazy\" decoding=\"async\" width=\"150\" height=\"150\" src=\"http:\/\/www.denkfried.de\/wp\/wp-content\/uploads\/2011\/04\/Maissin-National-Wolfram-Freiherr-v.Richthofen-011-150x150.jpg\" class=\"attachment-thumbnail size-thumbnail\" alt=\"\" \/><\/a>\n\t\t\t<\/dt><\/dl><dl class='gallery-item'>\n\t\t\t<dt class='gallery-icon landscape'>\n\t\t\t\t<a href='http:\/\/www.denkfried.de\/wp\/?attachment_id=847'><img loading=\"lazy\" decoding=\"async\" width=\"150\" height=\"150\" src=\"http:\/\/www.denkfried.de\/wp\/wp-content\/uploads\/2011\/04\/Maissin-National-Blick-\u00fcber-franz.Kameradengrab-008-150x150.jpg\" class=\"attachment-thumbnail size-thumbnail\" alt=\"\" \/><\/a>\n\t\t\t<\/dt><\/dl><br style=\"clear: both\" \/>\n\t\t<\/div>\n\n","protected":false},"excerpt":{"rendered":"<p>&nbsp; 6850-6853, 6856 Paliseul &#8211; Maissin Die Ortschaft Maissin geh\u00f6rt zur Gemeinde Paliseul. Aus dem Reisebericht von Hubert M. : hier die Fotos des Deutschen Soldatenfriedhof Nr.118 Maissin-National in Belgien. Den Friedhof erreicht man \u00fcber die Autobahn E 411, Ausfahrt &hellip; <a href=\"http:\/\/www.denkfried.de\/wp\/?page_id=838\">Weiterlesen <span class=\"meta-nav\">&rarr;<\/span><\/a><\/p>\n","protected":false},"author":2,"featured_media":0,"parent":264,"menu_order":0,"comment_status":"closed","ping_status":"open","template":"","meta":{"footnotes":""},"class_list":["post-838","page","type-page","status-publish","hentry"],"_links":{"self":[{"href":"http:\/\/www.denkfried.de\/wp\/index.php?rest_route=\/wp\/v2\/pages\/838","targetHints":{"allow":["GET"]}}],"collection":[{"href":"http:\/\/www.denkfried.de\/wp\/index.php?rest_route=\/wp\/v2\/pages"}],"about":[{"href":"http:\/\/www.denkfried.de\/wp\/index.php?rest_route=\/wp\/v2\/types\/page"}],"author":[{"embeddable":true,"href":"http:\/\/www.denkfried.de\/wp\/index.php?rest_route=\/wp\/v2\/users\/2"}],"replies":[{"embeddable":true,"href":"http:\/\/www.denkfried.de\/wp\/index.php?rest_route=%2Fwp%2Fv2%2Fcomments&post=838"}],"version-history":[{"count":3,"href":"http:\/\/www.denkfried.de\/wp\/index.php?rest_route=\/wp\/v2\/pages\/838\/revisions"}],"predecessor-version":[{"id":850,"href":"http:\/\/www.denkfried.de\/wp\/index.php?rest_route=\/wp\/v2\/pages\/838\/revisions\/850"}],"up":[{"embeddable":true,"href":"http:\/\/www.denkfried.de\/wp\/index.php?rest_route=\/wp\/v2\/pages\/264"}],"wp:attachment":[{"href":"http:\/\/www.denkfried.de\/wp\/index.php?rest_route=%2Fwp%2Fv2%2Fmedia&parent=838"}],"curies":[{"name":"wp","href":"https:\/\/api.w.org\/{rel}","templated":true}]}}

<p>&nbsp;</p>
<p><span style="text-decoration: underline; color: #ff0000;"><strong>6850-6853, 6856 Paliseul &#8211; Maissin</strong></span></p>
<p>Die Ortschaft Maissin gehört zur Gemeinde Paliseul.</p>
<p><em>Aus dem Reisebericht von Hubert M. :</em></p>
<p><em>hier die Fotos des Deutschen Soldatenfriedhof Nr.118 Maissin-National in  Belgien. Den Friedhof erreicht man über die Autobahn E 411, Ausfahrt  24. An der N 899 von Bouillon in Ortsmitte von Maissin links, da fährt  man einen kleinen Berg hoch. Die hier bestatteten Soldaten stammen alle  von den Kämpfen am 22.und 23.August 1914, sie wurden aus fünf Friedhöfen  geborgen. Sie hatten die Bezeichnung Terrassenfriedhof, Langfriedhof  und Rundbaufriedhof. Heute besteht nur mehr dieser unter der Bezeichnung  Maissin-National. Der Rundbau wurde von deutschen Soldaten angefertigt.  Angehörige bretonischer Gefallener stifteten den Calvaire als Gruß aus  der Heimat (die Säule mit dem Kreuz oben auf). Hier ruhen in einem  Gemeinschaftsgrab 643 Franzosen und 343 Deutsche.</em><br />
<em> Die lockere Anreihung der Grabkreuze verleiht diesen Friedhof eine würdige Ausstrahlung.</em></p>
<div id='gallery-1' class='gallery galleryid-838 gallery-columns-4 gallery-size-thumbnail'><dl class='gallery-item'>
			<dt class='gallery-icon landscape'>
				<a href='http://www.denkfried.de/wp/?attachment_id=839'><img loading="lazy" decoding="async" width="150" height="150" src="http://www.denkfried.de/wp/wp-content/uploads/2011/04/Maissin-National-Belgien-001-150x150.jpg" class="attachment-thumbnail size-thumbnail" alt="" /></a>
			</dt></dl><dl class='gallery-item'>
			<dt class='gallery-icon landscape'>
				<a href='http://www.denkfried.de/wp/?attachment_id=841'><img loading="lazy" decoding="async" width="150" height="150" src="http://www.denkfried.de/wp/wp-content/uploads/2011/04/Maissin-National-Belgien-002-150x150.jpg" class="attachment-thumbnail size-thumbnail" alt="" /></a>
			</dt></dl><dl class='gallery-item'>
			<dt class='gallery-icon landscape'>
				<a href='http://www.denkfried.de/wp/?attachment_id=842'><img loading="lazy" decoding="async" width="150" height="150" src="http://www.denkfried.de/wp/wp-content/uploads/2011/04/Maissin-National-Ehrensarkophag-006-150x150.jpg" class="attachment-thumbnail size-thumbnail" alt="" /></a>
			</dt></dl><dl class='gallery-item'>
			<dt class='gallery-icon landscape'>
				<a href='http://www.denkfried.de/wp/?attachment_id=843'><img loading="lazy" decoding="async" width="150" height="150" src="http://www.denkfried.de/wp/wp-content/uploads/2011/04/Maissin-National-Deutsche-Gräber-005-150x150.jpg" class="attachment-thumbnail size-thumbnail" alt="" /></a>
			</dt></dl><br style="clear: both" /><dl class='gallery-item'>
			<dt class='gallery-icon landscape'>
				<a href='http://www.denkfried.de/wp/?attachment_id=844'><img loading="lazy" decoding="async" width="150" height="150" src="http://www.denkfried.de/wp/wp-content/uploads/2011/04/Maissin-National-Franz.Grabanordnung-004-150x150.jpg" class="attachment-thumbnail size-thumbnail" alt="" /></a>
			</dt></dl><dl class='gallery-item'>
			<dt class='gallery-icon portrait'>
				<a href='http://www.denkfried.de/wp/?attachment_id=845'><img loading="lazy" decoding="async" width="150" height="150" src="http://www.denkfried.de/wp/wp-content/uploads/2011/04/Maissin-National-Fliegergrab-010-150x150.jpg" class="attachment-thumbnail size-thumbnail" alt="" /></a>
			</dt></dl><dl class='gallery-item'>
			<dt class='gallery-icon portrait'>
				<a href='http://www.denkfried.de/wp/?attachment_id=846'><img loading="lazy" decoding="async" width="150" height="150" src="http://www.denkfried.de/wp/wp-content/uploads/2011/04/Maissin-National-Wolfram-Freiherr-v.Richthofen-011-150x150.jpg" class="attachment-thumbnail size-thumbnail" alt="" /></a>
			</dt></dl><dl class='gallery-item'>
			<dt class='gallery-icon landscape'>
				<a href='http://www.denkfried.de/wp/?attachment_id=847'><img loading="lazy" decoding="async" width="150" height="150" src="http://www.denkfried.de/wp/wp-content/uploads/2011/04/Maissin-National-Blick-über-franz.Kameradengrab-008-150x150.jpg" class="attachment-thumbnail size-thumbnail" alt="" /></a>
			</dt></dl><br style="clear: both" />
		</div>

<p>&nbsp; 6850-6853, 6856 Paliseul &#8211; Maissin Die Ortschaft Maissin gehört zur Gemeinde Paliseul. Aus dem Reisebericht von Hubert M. : hier die Fotos des Deutschen Soldatenfriedhof Nr.118 Maissin-National in Belgien. Den Friedhof erreicht man über die Autobahn E 411, Ausfahrt &hellip; <a href="http://www.denkfried.de/wp/?page_id=838">Weiterlesen <span class="meta-nav">&rarr;</span></a></p>
