{"id":8378,"date":"2011-05-15T16:24:52","date_gmt":"2011-05-15T14:24:52","guid":{"rendered":"http:\/\/www.denkfried.de\/wp\/?page_id=8378"},"modified":"2011-07-16T22:01:11","modified_gmt":"2011-07-16T20:01:11","slug":"charancy","status":"publish","type":"page","link":"http:\/\/www.denkfried.de\/wp\/?page_id=8378","title":{"rendered":"Charancy-Vezin  (128)"},"content":{"rendered":"<p>&nbsp;<\/p>\n<p><span style=\"text-decoration: underline;\"><strong>54260 Charancy-Vezin<\/strong><\/span><\/p>\n<p><span style=\"text-decoration: underline;\">Aus dem Reisebericht (2007) von Hubert M. :<strong><br \/>\n<\/strong><\/span><\/p>\n<p><em>&#8222;Wir haben heute fr\u00fch den 27.07.2007 den Deutschen Soldatenfriedhof Charancy Nr.128 erreicht. Der Friedhof liegt an der D 29 .<\/em><br \/>\n<em>Hier sind 55 Deutsche und 14 Franzosen gemeinsam zur letzten Ruhe gebettet.<\/em><br \/>\n<em> Bereits im Kriegsjahr 1915 wurde dieser Friedhof von der deutschen Truppe angelegt. Als nach dem Kriegsende franz\u00f6sische Milit\u00e4rbeh\u00f6rden den Soldatenfriedhof durch Umbettungen aufl\u00f6sen wollten, str\u00e4ubten sich die Dorfbewohner und so blieb dieser Soldatenfriedhof \u00a0so erhalten wie aus der Gr\u00fcnderzeit. Auch an den vier Lindenb\u00e4umen, in dessen Mitte sich das Denkmal befindet, sieht man wie alt dieser Friedhof schon ist, sie messen ca.4 m im Durchmesser. Beim Betreten des Soldatenfriedhofs findet man eine Gedenkplatte mit Inschrift: &#8222;Bei Charancy vielen den Heldentot f\u00fcr Deutschland und Frankreich&#8220;.<\/em><br \/>\n<em> An einer Aussenseite, aus Naturstein gebauten Friedhofsmauer, haben die Erbauer eine Gedenktafel angebracht:\u00a0 Errichtet von der 4.W\u00fcrttenbergischen Landsturmbataillon Reutlingen IIX 4.&#8220;<\/em><\/p>\n<div id='gallery-1' class='gallery galleryid-8378 gallery-columns-4 gallery-size-thumbnail'><dl class='gallery-item'>\n\t\t\t<dt class='gallery-icon landscape'>\n\t\t\t\t<a href='http:\/\/www.denkfried.de\/wp\/?attachment_id=8379'><img loading=\"lazy\" decoding=\"async\" width=\"150\" height=\"150\" src=\"http:\/\/www.denkfried.de\/wp\/wp-content\/uploads\/2011\/05\/Charancy-Regimentsdenkmal-003-150x150.jpg\" class=\"attachment-thumbnail size-thumbnail\" alt=\"\" \/><\/a>\n\t\t\t<\/dt><\/dl><dl class='gallery-item'>\n\t\t\t<dt class='gallery-icon landscape'>\n\t\t\t\t<a href='http:\/\/www.denkfried.de\/wp\/?attachment_id=8380'><img loading=\"lazy\" decoding=\"async\" width=\"150\" height=\"150\" src=\"http:\/\/www.denkfried.de\/wp\/wp-content\/uploads\/2011\/05\/Charancy-Deutsche-Franzosen-alte-Grabzeichen-004-150x150.jpg\" class=\"attachment-thumbnail size-thumbnail\" alt=\"\" \/><\/a>\n\t\t\t<\/dt><\/dl><dl class='gallery-item'>\n\t\t\t<dt class='gallery-icon landscape'>\n\t\t\t\t<a href='http:\/\/www.denkfried.de\/wp\/?attachment_id=8381'><img loading=\"lazy\" decoding=\"async\" width=\"150\" height=\"150\" src=\"http:\/\/www.denkfried.de\/wp\/wp-content\/uploads\/2011\/05\/Charancy-Deutsche-Grabreihen-002-150x150.jpg\" class=\"attachment-thumbnail size-thumbnail\" alt=\"\" \/><\/a>\n\t\t\t<\/dt><\/dl><dl class='gallery-item'>\n\t\t\t<dt class='gallery-icon landscape'>\n\t\t\t\t<a href='http:\/\/www.denkfried.de\/wp\/?attachment_id=8382'><img loading=\"lazy\" decoding=\"async\" width=\"150\" height=\"150\" src=\"http:\/\/www.denkfried.de\/wp\/wp-content\/uploads\/2011\/05\/Charancy-Eingang-001-150x150.jpg\" class=\"attachment-thumbnail size-thumbnail\" alt=\"\" \/><\/a>\n\t\t\t<\/dt><\/dl><br style=\"clear: both\" \/>\n\t\t<\/div>\n\n","protected":false},"excerpt":{"rendered":"<p>&nbsp; 54260 Charancy-Vezin Aus dem Reisebericht (2007) von Hubert M. : &#8222;Wir haben heute fr\u00fch den 27.07.2007 den Deutschen Soldatenfriedhof Charancy Nr.128 erreicht. Der Friedhof liegt an der D 29 . Hier sind 55 Deutsche und 14 Franzosen gemeinsam zur &hellip; <a href=\"http:\/\/www.denkfried.de\/wp\/?page_id=8378\">Weiterlesen <span class=\"meta-nav\">&rarr;<\/span><\/a><\/p>\n","protected":false},"author":2,"featured_media":0,"parent":8265,"menu_order":0,"comment_status":"closed","ping_status":"open","template":"","meta":{"footnotes":""},"class_list":["post-8378","page","type-page","status-publish","hentry"],"_links":{"self":[{"href":"http:\/\/www.denkfried.de\/wp\/index.php?rest_route=\/wp\/v2\/pages\/8378","targetHints":{"allow":["GET"]}}],"collection":[{"href":"http:\/\/www.denkfried.de\/wp\/index.php?rest_route=\/wp\/v2\/pages"}],"about":[{"href":"http:\/\/www.denkfried.de\/wp\/index.php?rest_route=\/wp\/v2\/types\/page"}],"author":[{"embeddable":true,"href":"http:\/\/www.denkfried.de\/wp\/index.php?rest_route=\/wp\/v2\/users\/2"}],"replies":[{"embeddable":true,"href":"http:\/\/www.denkfried.de\/wp\/index.php?rest_route=%2Fwp%2Fv2%2Fcomments&post=8378"}],"version-history":[{"count":5,"href":"http:\/\/www.denkfried.de\/wp\/index.php?rest_route=\/wp\/v2\/pages\/8378\/revisions"}],"predecessor-version":[{"id":9976,"href":"http:\/\/www.denkfried.de\/wp\/index.php?rest_route=\/wp\/v2\/pages\/8378\/revisions\/9976"}],"up":[{"embeddable":true,"href":"http:\/\/www.denkfried.de\/wp\/index.php?rest_route=\/wp\/v2\/pages\/8265"}],"wp:attachment":[{"href":"http:\/\/www.denkfried.de\/wp\/index.php?rest_route=%2Fwp%2Fv2%2Fmedia&parent=8378"}],"curies":[{"name":"wp","href":"https:\/\/api.w.org\/{rel}","templated":true}]}}

<p>&nbsp;</p>
<p><span style="text-decoration: underline;"><strong>54260 Charancy-Vezin</strong></span></p>
<p><span style="text-decoration: underline;">Aus dem Reisebericht (2007) von Hubert M. :<strong><br />
</strong></span></p>
<p><em>&#8222;Wir haben heute früh den 27.07.2007 den Deutschen Soldatenfriedhof Charancy Nr.128 erreicht. Der Friedhof liegt an der D 29 .</em><br />
<em>Hier sind 55 Deutsche und 14 Franzosen gemeinsam zur letzten Ruhe gebettet.</em><br />
<em> Bereits im Kriegsjahr 1915 wurde dieser Friedhof von der deutschen Truppe angelegt. Als nach dem Kriegsende französische Militärbehörden den Soldatenfriedhof durch Umbettungen auflösen wollten, sträubten sich die Dorfbewohner und so blieb dieser Soldatenfriedhof  so erhalten wie aus der Gründerzeit. Auch an den vier Lindenbäumen, in dessen Mitte sich das Denkmal befindet, sieht man wie alt dieser Friedhof schon ist, sie messen ca.4 m im Durchmesser. Beim Betreten des Soldatenfriedhofs findet man eine Gedenkplatte mit Inschrift: &#8222;Bei Charancy vielen den Heldentot für Deutschland und Frankreich&#8220;.</em><br />
<em> An einer Aussenseite, aus Naturstein gebauten Friedhofsmauer, haben die Erbauer eine Gedenktafel angebracht:  Errichtet von der 4.Württenbergischen Landsturmbataillon Reutlingen IIX 4.&#8220;</em></p>
<div id='gallery-1' class='gallery galleryid-8378 gallery-columns-4 gallery-size-thumbnail'><dl class='gallery-item'>
			<dt class='gallery-icon landscape'>
				<a href='http://www.denkfried.de/wp/?attachment_id=8379'><img loading="lazy" decoding="async" width="150" height="150" src="http://www.denkfried.de/wp/wp-content/uploads/2011/05/Charancy-Regimentsdenkmal-003-150x150.jpg" class="attachment-thumbnail size-thumbnail" alt="" /></a>
			</dt></dl><dl class='gallery-item'>
			<dt class='gallery-icon landscape'>
				<a href='http://www.denkfried.de/wp/?attachment_id=8380'><img loading="lazy" decoding="async" width="150" height="150" src="http://www.denkfried.de/wp/wp-content/uploads/2011/05/Charancy-Deutsche-Franzosen-alte-Grabzeichen-004-150x150.jpg" class="attachment-thumbnail size-thumbnail" alt="" /></a>
			</dt></dl><dl class='gallery-item'>
			<dt class='gallery-icon landscape'>
				<a href='http://www.denkfried.de/wp/?attachment_id=8381'><img loading="lazy" decoding="async" width="150" height="150" src="http://www.denkfried.de/wp/wp-content/uploads/2011/05/Charancy-Deutsche-Grabreihen-002-150x150.jpg" class="attachment-thumbnail size-thumbnail" alt="" /></a>
			</dt></dl><dl class='gallery-item'>
			<dt class='gallery-icon landscape'>
				<a href='http://www.denkfried.de/wp/?attachment_id=8382'><img loading="lazy" decoding="async" width="150" height="150" src="http://www.denkfried.de/wp/wp-content/uploads/2011/05/Charancy-Eingang-001-150x150.jpg" class="attachment-thumbnail size-thumbnail" alt="" /></a>
			</dt></dl><br style="clear: both" />
		</div>

<p>&nbsp; 54260 Charancy-Vezin Aus dem Reisebericht (2007) von Hubert M. : &#8222;Wir haben heute früh den 27.07.2007 den Deutschen Soldatenfriedhof Charancy Nr.128 erreicht. Der Friedhof liegt an der D 29 . Hier sind 55 Deutsche und 14 Franzosen gemeinsam zur &hellip; <a href="http://www.denkfried.de/wp/?page_id=8378">Weiterlesen <span class="meta-nav">&rarr;</span></a></p>
