{"id":7874,"date":"2011-05-12T17:37:24","date_gmt":"2011-05-12T15:37:24","guid":{"rendered":"http:\/\/www.denkfried.de\/wp\/?page_id=7874"},"modified":"2013-06-11T23:16:11","modified_gmt":"2013-06-11T21:16:11","slug":"weinbohla","status":"publish","type":"page","link":"http:\/\/www.denkfried.de\/wp\/?page_id=7874","title":{"rendered":"Weinb\u00f6hla"},"content":{"rendered":"<p>&nbsp;<\/p>\n<p><span style=\"text-decoration: underline;\"><strong>01689 Weinb\u00f6hla<\/strong><\/span><\/p>\n<p>Friedhof: Friedensstra\u00dfe 12,\u00a0 01689 Weinb\u00f6hla<\/p>\n<p>+++++++++++++++++++++++++++++++++++++++++++<\/p>\n<p><strong>Ehrenst\u00e4tte f\u00fcr Angeh\u00f6rige der Roten Armee<\/strong><\/p>\n<p>Der Platz befindet sich in einem kleinen Park neben der Kirche im Ortszentrum. Das Gel\u00e4nde der Kirche kann man leider nicht betreten.<\/p>\n<div id='gallery-1' class='gallery galleryid-7874 gallery-columns-2 gallery-size-thumbnail'><dl class='gallery-item'>\n\t\t\t<dt class='gallery-icon landscape'>\n\t\t\t\t<a href='http:\/\/www.denkfried.de\/wp\/?attachment_id=30890'><img loading=\"lazy\" decoding=\"async\" width=\"150\" height=\"150\" src=\"http:\/\/www.denkfried.de\/wp\/wp-content\/uploads\/2011\/05\/P10100581-150x150.jpg\" class=\"attachment-thumbnail size-thumbnail\" alt=\"\" \/><\/a>\n\t\t\t<\/dt><\/dl><dl class='gallery-item'>\n\t\t\t<dt class='gallery-icon portrait'>\n\t\t\t\t<a href='http:\/\/www.denkfried.de\/wp\/?attachment_id=30887'><img loading=\"lazy\" decoding=\"async\" width=\"150\" height=\"150\" src=\"http:\/\/www.denkfried.de\/wp\/wp-content\/uploads\/2011\/05\/P1010059-150x150.jpg\" class=\"attachment-thumbnail size-thumbnail\" alt=\"\" \/><\/a>\n\t\t\t<\/dt><\/dl><br style=\"clear: both\" \/><dl class='gallery-item'>\n\t\t\t<dt class='gallery-icon portrait'>\n\t\t\t\t<a href='http:\/\/www.denkfried.de\/wp\/?attachment_id=30888'><img loading=\"lazy\" decoding=\"async\" width=\"150\" height=\"150\" src=\"http:\/\/www.denkfried.de\/wp\/wp-content\/uploads\/2011\/05\/P10100601-150x150.jpg\" class=\"attachment-thumbnail size-thumbnail\" alt=\"\" \/><\/a>\n\t\t\t<\/dt><\/dl><dl class='gallery-item'>\n\t\t\t<dt class='gallery-icon landscape'>\n\t\t\t\t<a href='http:\/\/www.denkfried.de\/wp\/?attachment_id=30889'><img loading=\"lazy\" decoding=\"async\" width=\"150\" height=\"150\" src=\"http:\/\/www.denkfried.de\/wp\/wp-content\/uploads\/2011\/05\/P1010061-150x150.jpg\" class=\"attachment-thumbnail size-thumbnail\" alt=\"\" \/><\/a>\n\t\t\t<\/dt><\/dl><br style=\"clear: both\" \/>\n\t\t<\/div>\n\n<p>&nbsp;<\/p>\n","protected":false},"excerpt":{"rendered":"<p>&nbsp; 01689 Weinb\u00f6hla Friedhof: Friedensstra\u00dfe 12,\u00a0 01689 Weinb\u00f6hla +++++++++++++++++++++++++++++++++++++++++++ Ehrenst\u00e4tte f\u00fcr Angeh\u00f6rige der Roten Armee Der Platz befindet sich in einem kleinen Park neben der Kirche im Ortszentrum. Das Gel\u00e4nde der Kirche kann man leider nicht betreten. &nbsp;<\/p>\n","protected":false},"author":2,"featured_media":0,"parent":7416,"menu_order":0,"comment_status":"closed","ping_status":"open","template":"","meta":{"footnotes":""},"class_list":["post-7874","page","type-page","status-publish","hentry"],"_links":{"self":[{"href":"http:\/\/www.denkfried.de\/wp\/index.php?rest_route=\/wp\/v2\/pages\/7874","targetHints":{"allow":["GET"]}}],"collection":[{"href":"http:\/\/www.denkfried.de\/wp\/index.php?rest_route=\/wp\/v2\/pages"}],"about":[{"href":"http:\/\/www.denkfried.de\/wp\/index.php?rest_route=\/wp\/v2\/types\/page"}],"author":[{"embeddable":true,"href":"http:\/\/www.denkfried.de\/wp\/index.php?rest_route=\/wp\/v2\/users\/2"}],"replies":[{"embeddable":true,"href":"http:\/\/www.denkfried.de\/wp\/index.php?rest_route=%2Fwp%2Fv2%2Fcomments&post=7874"}],"version-history":[{"count":5,"href":"http:\/\/www.denkfried.de\/wp\/index.php?rest_route=\/wp\/v2\/pages\/7874\/revisions"}],"predecessor-version":[{"id":30886,"href":"http:\/\/www.denkfried.de\/wp\/index.php?rest_route=\/wp\/v2\/pages\/7874\/revisions\/30886"}],"up":[{"embeddable":true,"href":"http:\/\/www.denkfried.de\/wp\/index.php?rest_route=\/wp\/v2\/pages\/7416"}],"wp:attachment":[{"href":"http:\/\/www.denkfried.de\/wp\/index.php?rest_route=%2Fwp%2Fv2%2Fmedia&parent=7874"}],"curies":[{"name":"wp","href":"https:\/\/api.w.org\/{rel}","templated":true}]}}

Weinböhla

<p>&nbsp;</p>
<p><span style="text-decoration: underline;"><strong>01689 Weinböhla</strong></span></p>
<p>Friedhof: Friedensstraße 12,  01689 Weinböhla</p>
<p>+++++++++++++++++++++++++++++++++++++++++++</p>
<p><strong>Ehrenstätte für Angehörige der Roten Armee</strong></p>
<p>Der Platz befindet sich in einem kleinen Park neben der Kirche im Ortszentrum. Das Gelände der Kirche kann man leider nicht betreten.</p>
<div id='gallery-1' class='gallery galleryid-7874 gallery-columns-2 gallery-size-thumbnail'><dl class='gallery-item'>
			<dt class='gallery-icon landscape'>
				<a href='http://www.denkfried.de/wp/?attachment_id=30890'><img loading="lazy" decoding="async" width="150" height="150" src="http://www.denkfried.de/wp/wp-content/uploads/2011/05/P10100581-150x150.jpg" class="attachment-thumbnail size-thumbnail" alt="" /></a>
			</dt></dl><dl class='gallery-item'>
			<dt class='gallery-icon portrait'>
				<a href='http://www.denkfried.de/wp/?attachment_id=30887'><img loading="lazy" decoding="async" width="150" height="150" src="http://www.denkfried.de/wp/wp-content/uploads/2011/05/P1010059-150x150.jpg" class="attachment-thumbnail size-thumbnail" alt="" /></a>
			</dt></dl><br style="clear: both" /><dl class='gallery-item'>
			<dt class='gallery-icon portrait'>
				<a href='http://www.denkfried.de/wp/?attachment_id=30888'><img loading="lazy" decoding="async" width="150" height="150" src="http://www.denkfried.de/wp/wp-content/uploads/2011/05/P10100601-150x150.jpg" class="attachment-thumbnail size-thumbnail" alt="" /></a>
			</dt></dl><dl class='gallery-item'>
			<dt class='gallery-icon landscape'>
				<a href='http://www.denkfried.de/wp/?attachment_id=30889'><img loading="lazy" decoding="async" width="150" height="150" src="http://www.denkfried.de/wp/wp-content/uploads/2011/05/P1010061-150x150.jpg" class="attachment-thumbnail size-thumbnail" alt="" /></a>
			</dt></dl><br style="clear: both" />
		</div>

<p>&nbsp;</p>

<p>&nbsp; 01689 Weinböhla Friedhof: Friedensstraße 12,  01689 Weinböhla +++++++++++++++++++++++++++++++++++++++++++ Ehrenstätte für Angehörige der Roten Armee Der Platz befindet sich in einem kleinen Park neben der Kirche im Ortszentrum. Das Gelände der Kirche kann man leider nicht betreten. &nbsp;</p>
