{"id":7859,"date":"2011-05-12T17:31:29","date_gmt":"2011-05-12T15:31:29","guid":{"rendered":"http:\/\/www.denkfried.de\/wp\/?page_id=7859"},"modified":"2011-10-02T22:35:17","modified_gmt":"2011-10-02T20:35:17","slug":"radeburg","status":"publish","type":"page","link":"http:\/\/www.denkfried.de\/wp\/?page_id=7859","title":{"rendered":"Radeburg"},"content":{"rendered":"<p>&nbsp;<\/p>\n<p><span style=\"text-decoration: underline;\"><strong>01471 Radeburg<\/strong><\/span><\/p>\n<p>Verwaltungssitz: Heinrich-Zille-Stra\u00dfe 6, 01471 Radeburg<\/p>\n<p><strong>Ortsteile:<\/strong><\/p>\n<p style=\"padding-left: 120px;\">B\u00e4rnsdorf<\/p>\n<p style=\"padding-left: 120px;\"><a title=\"Radeburg \u2013 B\u00e4rwalde\" href=\"http:\/\/www.denkfried.de\/wp\/?page_id=7862\">B\u00e4rwalde<\/a><\/p>\n<p style=\"padding-left: 120px;\"><a title=\"Gro\u00dfdittmannsdorf\" href=\"http:\/\/www.denkfried.de\/wp\/?page_id=11674\">Gro\u00dfdittmannsdorf<\/a><\/p>\n<p>\u00a0++++++++++++++++++++++++++++++++++++++++++++++++++<\/p>\n<p>Neuer Friedhof:<\/p>\n<p>Ev.-Luth.Kirchgemeinde Dresdner Stra\u00dfe 45,\u00a0 01471 Radeburg<\/p>\n<p><strong>DENKMAL<\/strong><\/p>\n<p>Vor dem Eingang zum Friedhof steht das Kriegerdenkmal. Es hat einen sarkophagartigen Unterbau auf dem ein Soldat \u00fcber einen toten Soldaten gebeugt ist. Die Inschrift &#8220; Unseren Helden von 1914-1918&#8243; wurde oder musste bei der Restaurierung nach 1945 entfernt werden und tr\u00e4gt heute die Inschrift &#8222;Die Toten mahnen&#8220;. Auf einer der dreistufigen Sargplatte steht &#8222;Ich hatt&#8216; einen Kameraden&#8220;.<\/p>\n<p>Das Denkmal wurde am 27.November 1921 zu Ehren der Gefallenen des Ersten Weltkrieges eingeweiht.<\/p>\n<p><strong>Kriegsgr\u00e4berst\u00e4tte<\/strong><\/p>\n<p>Auf dem Friedhof befinden sich nur noch wenige sichtbare Gr\u00e4ber aus dem Zweiten Weltkrieg. Lt.Gr\u00e4bernachweis sind hier 13 Kriegstote bestattet worden.<\/p>\n<p>Ich hab nur noch ein einziges Grabkreuz mit dem Namen von Wolfgang Schulz gefunden.<\/p>\n<p>Nach Aussage eines Friedhofmitarbeiters sind die anderen Gr\u00e4ber eingeebnet bzw. ein Urnenhain darauf angelegt worden. Urspr\u00fcnglich waren sie vom Eingang zum Friedhof an der Mauer rechts zu finden. Schr\u00e4g gegen\u00fcber findet man das noch vorhandene Einzelgrab.<\/p>\n<div id='gallery-1' class='gallery galleryid-7859 gallery-columns-4 gallery-size-thumbnail'><dl class='gallery-item'>\n\t\t\t<dt class='gallery-icon landscape'>\n\t\t\t\t<a href='http:\/\/www.denkfried.de\/wp\/?attachment_id=11197'><img loading=\"lazy\" decoding=\"async\" width=\"150\" height=\"150\" src=\"http:\/\/www.denkfried.de\/wp\/wp-content\/uploads\/2011\/05\/IMG_2409-150x150.jpg\" class=\"attachment-thumbnail size-thumbnail\" alt=\"\" \/><\/a>\n\t\t\t<\/dt><\/dl><dl class='gallery-item'>\n\t\t\t<dt class='gallery-icon landscape'>\n\t\t\t\t<a href='http:\/\/www.denkfried.de\/wp\/?attachment_id=11199'><img loading=\"lazy\" decoding=\"async\" width=\"150\" height=\"150\" src=\"http:\/\/www.denkfried.de\/wp\/wp-content\/uploads\/2011\/05\/IMG_2415-150x150.jpg\" class=\"attachment-thumbnail size-thumbnail\" alt=\"\" \/><\/a>\n\t\t\t<\/dt><\/dl><dl class='gallery-item'>\n\t\t\t<dt class='gallery-icon landscape'>\n\t\t\t\t<a href='http:\/\/www.denkfried.de\/wp\/?attachment_id=11198'><img loading=\"lazy\" decoding=\"async\" width=\"150\" height=\"150\" src=\"http:\/\/www.denkfried.de\/wp\/wp-content\/uploads\/2011\/05\/IMG_2414-150x150.jpg\" class=\"attachment-thumbnail size-thumbnail\" alt=\"\" \/><\/a>\n\t\t\t<\/dt><\/dl><dl class='gallery-item'>\n\t\t\t<dt class='gallery-icon landscape'>\n\t\t\t\t<a href='http:\/\/www.denkfried.de\/wp\/?attachment_id=11200'><img loading=\"lazy\" decoding=\"async\" width=\"150\" height=\"150\" src=\"http:\/\/www.denkfried.de\/wp\/wp-content\/uploads\/2011\/05\/IMG_2417-150x150.jpg\" class=\"attachment-thumbnail size-thumbnail\" alt=\"\" \/><\/a>\n\t\t\t<\/dt><\/dl><br style=\"clear: both\" \/><dl class='gallery-item'>\n\t\t\t<dt class='gallery-icon landscape'>\n\t\t\t\t<a href='http:\/\/www.denkfried.de\/wp\/?attachment_id=11201'><img loading=\"lazy\" decoding=\"async\" width=\"150\" height=\"150\" src=\"http:\/\/www.denkfried.de\/wp\/wp-content\/uploads\/2011\/05\/IMG_2418-150x150.jpg\" class=\"attachment-thumbnail size-thumbnail\" alt=\"\" \/><\/a>\n\t\t\t<\/dt><\/dl><dl class='gallery-item'>\n\t\t\t<dt class='gallery-icon landscape'>\n\t\t\t\t<a href='http:\/\/www.denkfried.de\/wp\/?attachment_id=11202'><img loading=\"lazy\" decoding=\"async\" width=\"150\" height=\"150\" src=\"http:\/\/www.denkfried.de\/wp\/wp-content\/uploads\/2011\/05\/IMG_2420-150x150.jpg\" class=\"attachment-thumbnail size-thumbnail\" alt=\"\" \/><\/a>\n\t\t\t<\/dt><\/dl><dl class='gallery-item'>\n\t\t\t<dt class='gallery-icon landscape'>\n\t\t\t\t<a href='http:\/\/www.denkfried.de\/wp\/?attachment_id=11203'><img loading=\"lazy\" decoding=\"async\" width=\"150\" height=\"150\" src=\"http:\/\/www.denkfried.de\/wp\/wp-content\/uploads\/2011\/05\/IMG_2421-150x150.jpg\" class=\"attachment-thumbnail size-thumbnail\" alt=\"\" \/><\/a>\n\t\t\t<\/dt><\/dl><dl class='gallery-item'>\n\t\t\t<dt class='gallery-icon landscape'>\n\t\t\t\t<a href='http:\/\/www.denkfried.de\/wp\/?attachment_id=11196'><img loading=\"lazy\" decoding=\"async\" width=\"150\" height=\"150\" src=\"http:\/\/www.denkfried.de\/wp\/wp-content\/uploads\/2011\/05\/IMG_2424-150x150.jpg\" class=\"attachment-thumbnail size-thumbnail\" alt=\"\" \/><\/a>\n\t\t\t<\/dt><\/dl><br style=\"clear: both\" \/>\n\t\t<\/div>\n\n<p>&nbsp;<\/p>\n<p>&nbsp;<\/p>\n","protected":false},"excerpt":{"rendered":"<p>&nbsp; 01471 Radeburg Verwaltungssitz: Heinrich-Zille-Stra\u00dfe 6, 01471 Radeburg Ortsteile: B\u00e4rnsdorf B\u00e4rwalde Gro\u00dfdittmannsdorf \u00a0++++++++++++++++++++++++++++++++++++++++++++++++++ Neuer Friedhof: Ev.-Luth.Kirchgemeinde Dresdner Stra\u00dfe 45,\u00a0 01471 Radeburg DENKMAL Vor dem Eingang zum Friedhof steht das Kriegerdenkmal. Es hat einen sarkophagartigen Unterbau auf dem ein Soldat \u00fcber &hellip; <a href=\"http:\/\/www.denkfried.de\/wp\/?page_id=7859\">Weiterlesen <span class=\"meta-nav\">&rarr;<\/span><\/a><\/p>\n","protected":false},"author":2,"featured_media":0,"parent":7416,"menu_order":0,"comment_status":"closed","ping_status":"open","template":"","meta":{"footnotes":""},"class_list":["post-7859","page","type-page","status-publish","hentry"],"_links":{"self":[{"href":"http:\/\/www.denkfried.de\/wp\/index.php?rest_route=\/wp\/v2\/pages\/7859","targetHints":{"allow":["GET"]}}],"collection":[{"href":"http:\/\/www.denkfried.de\/wp\/index.php?rest_route=\/wp\/v2\/pages"}],"about":[{"href":"http:\/\/www.denkfried.de\/wp\/index.php?rest_route=\/wp\/v2\/types\/page"}],"author":[{"embeddable":true,"href":"http:\/\/www.denkfried.de\/wp\/index.php?rest_route=\/wp\/v2\/users\/2"}],"replies":[{"embeddable":true,"href":"http:\/\/www.denkfried.de\/wp\/index.php?rest_route=%2Fwp%2Fv2%2Fcomments&post=7859"}],"version-history":[{"count":6,"href":"http:\/\/www.denkfried.de\/wp\/index.php?rest_route=\/wp\/v2\/pages\/7859\/revisions"}],"predecessor-version":[{"id":11682,"href":"http:\/\/www.denkfried.de\/wp\/index.php?rest_route=\/wp\/v2\/pages\/7859\/revisions\/11682"}],"up":[{"embeddable":true,"href":"http:\/\/www.denkfried.de\/wp\/index.php?rest_route=\/wp\/v2\/pages\/7416"}],"wp:attachment":[{"href":"http:\/\/www.denkfried.de\/wp\/index.php?rest_route=%2Fwp%2Fv2%2Fmedia&parent=7859"}],"curies":[{"name":"wp","href":"https:\/\/api.w.org\/{rel}","templated":true}]}}

<p>&nbsp;</p>
<p><span style="text-decoration: underline;"><strong>01471 Radeburg</strong></span></p>
<p>Verwaltungssitz: Heinrich-Zille-Straße 6, 01471 Radeburg</p>
<p><strong>Ortsteile:</strong></p>
<p style="padding-left: 120px;">Bärnsdorf</p>
<p style="padding-left: 120px;"><a title="Radeburg – Bärwalde" href="http://www.denkfried.de/wp/?page_id=7862">Bärwalde</a></p>
<p style="padding-left: 120px;"><a title="Großdittmannsdorf" href="http://www.denkfried.de/wp/?page_id=11674">Großdittmannsdorf</a></p>
<p> ++++++++++++++++++++++++++++++++++++++++++++++++++</p>
<p>Neuer Friedhof:</p>
<p>Ev.-Luth.Kirchgemeinde Dresdner Straße 45,  01471 Radeburg</p>
<p><strong>DENKMAL</strong></p>
<p>Vor dem Eingang zum Friedhof steht das Kriegerdenkmal. Es hat einen sarkophagartigen Unterbau auf dem ein Soldat über einen toten Soldaten gebeugt ist. Die Inschrift &#8220; Unseren Helden von 1914-1918&#8243; wurde oder musste bei der Restaurierung nach 1945 entfernt werden und trägt heute die Inschrift &#8222;Die Toten mahnen&#8220;. Auf einer der dreistufigen Sargplatte steht &#8222;Ich hatt&#8216; einen Kameraden&#8220;.</p>
<p>Das Denkmal wurde am 27.November 1921 zu Ehren der Gefallenen des Ersten Weltkrieges eingeweiht.</p>
<p><strong>Kriegsgräberstätte</strong></p>
<p>Auf dem Friedhof befinden sich nur noch wenige sichtbare Gräber aus dem Zweiten Weltkrieg. Lt.Gräbernachweis sind hier 13 Kriegstote bestattet worden.</p>
<p>Ich hab nur noch ein einziges Grabkreuz mit dem Namen von Wolfgang Schulz gefunden.</p>
<p>Nach Aussage eines Friedhofmitarbeiters sind die anderen Gräber eingeebnet bzw. ein Urnenhain darauf angelegt worden. Ursprünglich waren sie vom Eingang zum Friedhof an der Mauer rechts zu finden. Schräg gegenüber findet man das noch vorhandene Einzelgrab.</p>
<div id='gallery-1' class='gallery galleryid-7859 gallery-columns-4 gallery-size-thumbnail'><dl class='gallery-item'>
			<dt class='gallery-icon landscape'>
				<a href='http://www.denkfried.de/wp/?attachment_id=11197'><img loading="lazy" decoding="async" width="150" height="150" src="http://www.denkfried.de/wp/wp-content/uploads/2011/05/IMG_2409-150x150.jpg" class="attachment-thumbnail size-thumbnail" alt="" /></a>
			</dt></dl><dl class='gallery-item'>
			<dt class='gallery-icon landscape'>
				<a href='http://www.denkfried.de/wp/?attachment_id=11199'><img loading="lazy" decoding="async" width="150" height="150" src="http://www.denkfried.de/wp/wp-content/uploads/2011/05/IMG_2415-150x150.jpg" class="attachment-thumbnail size-thumbnail" alt="" /></a>
			</dt></dl><dl class='gallery-item'>
			<dt class='gallery-icon landscape'>
				<a href='http://www.denkfried.de/wp/?attachment_id=11198'><img loading="lazy" decoding="async" width="150" height="150" src="http://www.denkfried.de/wp/wp-content/uploads/2011/05/IMG_2414-150x150.jpg" class="attachment-thumbnail size-thumbnail" alt="" /></a>
			</dt></dl><dl class='gallery-item'>
			<dt class='gallery-icon landscape'>
				<a href='http://www.denkfried.de/wp/?attachment_id=11200'><img loading="lazy" decoding="async" width="150" height="150" src="http://www.denkfried.de/wp/wp-content/uploads/2011/05/IMG_2417-150x150.jpg" class="attachment-thumbnail size-thumbnail" alt="" /></a>
			</dt></dl><br style="clear: both" /><dl class='gallery-item'>
			<dt class='gallery-icon landscape'>
				<a href='http://www.denkfried.de/wp/?attachment_id=11201'><img loading="lazy" decoding="async" width="150" height="150" src="http://www.denkfried.de/wp/wp-content/uploads/2011/05/IMG_2418-150x150.jpg" class="attachment-thumbnail size-thumbnail" alt="" /></a>
			</dt></dl><dl class='gallery-item'>
			<dt class='gallery-icon landscape'>
				<a href='http://www.denkfried.de/wp/?attachment_id=11202'><img loading="lazy" decoding="async" width="150" height="150" src="http://www.denkfried.de/wp/wp-content/uploads/2011/05/IMG_2420-150x150.jpg" class="attachment-thumbnail size-thumbnail" alt="" /></a>
			</dt></dl><dl class='gallery-item'>
			<dt class='gallery-icon landscape'>
				<a href='http://www.denkfried.de/wp/?attachment_id=11203'><img loading="lazy" decoding="async" width="150" height="150" src="http://www.denkfried.de/wp/wp-content/uploads/2011/05/IMG_2421-150x150.jpg" class="attachment-thumbnail size-thumbnail" alt="" /></a>
			</dt></dl><dl class='gallery-item'>
			<dt class='gallery-icon landscape'>
				<a href='http://www.denkfried.de/wp/?attachment_id=11196'><img loading="lazy" decoding="async" width="150" height="150" src="http://www.denkfried.de/wp/wp-content/uploads/2011/05/IMG_2424-150x150.jpg" class="attachment-thumbnail size-thumbnail" alt="" /></a>
			</dt></dl><br style="clear: both" />
		</div>

<p>&nbsp;</p>
<p>&nbsp;</p>

<p>&nbsp; 01471 Radeburg Verwaltungssitz: Heinrich-Zille-Straße 6, 01471 Radeburg Ortsteile: Bärnsdorf Bärwalde Großdittmannsdorf  ++++++++++++++++++++++++++++++++++++++++++++++++++ Neuer Friedhof: Ev.-Luth.Kirchgemeinde Dresdner Straße 45,  01471 Radeburg DENKMAL Vor dem Eingang zum Friedhof steht das Kriegerdenkmal. Es hat einen sarkophagartigen Unterbau auf dem ein Soldat über &hellip; <a href="http://www.denkfried.de/wp/?page_id=7859">Weiterlesen <span class="meta-nav">&rarr;</span></a></p>
