{"id":7745,"date":"2011-05-11T22:18:09","date_gmt":"2011-05-11T20:18:09","guid":{"rendered":"http:\/\/www.denkfried.de\/wp\/?page_id=7745"},"modified":"2011-05-11T22:18:09","modified_gmt":"2011-05-11T20:18:09","slug":"pirna","status":"publish","type":"page","link":"http:\/\/www.denkfried.de\/wp\/?page_id=7745","title":{"rendered":"Pirna"},"content":{"rendered":"<p>&nbsp;<\/p>\n<p><strong>01781 Pirna<\/strong><\/p>\n<p>Ev.-Luth.Friedhof \u00a0 \u00a0 \u00a0 \u00a0 \u00a0 \u00a0 \u00a0 \u00a0 \u00a0 \u00a0 \u00a0 \u00a0 \u00a0 \u00a0 \u00a0 \u00a0 \u00a0 \u00a0 \u00a0 \u00a0 \u00a0 \u00a0 \u00a0 \u00a0 Deutschland\/Pirna-Ev.-luth. Kirchenfriedhof<\/p>\n<p>Ev.-Luth.Kirchgemeinde St.Marien Pirna<br \/>\nFriedhofsverwaltung<br \/>\nDippoldiswalder Str.25, \u00a001796 Pirna<\/p>\n<p>Der Friedhof liegt an der Dippoldiswalder Stra\u00dfe in Richtung Gro\u00dfsedlitz.<br \/>\nPirna wurde in den letzten Kriegswochen mehrmals durch alliierte Bombenflugzeuge angegriffen.<br \/>\nAm 15.Februar 1945 kamen beim Angriff auf den s\u00fcdlichen Stadtteil 47 Personen, darunter 33 deutsche Soldaten, ums Leben.<br \/>\nBeim  Luftangriff am 19.April 1945 wurden die Eisenbahn- und  Stra\u00dfenverbindungen \u00fcber die Elbe sowie Wohn-, Gesch\u00e4fts- und  \u00f6ffentliche Geb\u00e4ude zerst\u00f6rt oder besch\u00e4digt. Mehr als 240 Menschen  fanden den Tod.<br \/>\nAuf dem Feld L des Friedhofes sind 520 deutsche  Soldaten des 2.Weltkrieges bestattet. Sie starben in Pirnaer Lazaretten,  im Stadtkrankenhaus und in Lazarettz\u00fcgen.<br \/>\nWeitere Tote wurden aus  der Elbe geborgen. Viele Kriegsopfer ruhen in Familiengr\u00e4bern, jedoch  existieren sie teilweise nicht mehr.<br \/>\nIn zwei Sammelgr\u00e4bern sind 26 Fremd-und Zwangsarbeiter aus Polen und der UdSSR sowie bis 80 KZ-H\u00e4ftlinge bestattet.<br \/>\nIn  den Unterlagen der Gedenkst\u00e4tte &#8222;Pirna-Sonnenstein&#8220; wird berichtet das  w\u00e4hrend des 2.Weltkrieges in der Aktion T 4 bis zu 13.720 psychisch  kranke und \u00a0geistig behinderte Menschen get\u00f6tet wurden.<br \/>\nEin gro\u00dfer  Teil der Kriegs-und Nachkriegsopfer sind noch nicht erfasst worden. Ein  Teil wird in der Gr\u00e4berliste des Friedhofes genannt.<\/p>\n<p>Sowjetischer Friedhof \u00a0 \u00a0 \u00a0 \u00a0 \u00a0 \u00a0 \u00a0 \u00a0 \u00a0 \u00a0 \u00a0 \u00a0 \u00a0 \u00a0 \u00a0 \u00a0 \u00a0 Deutschland\/Pirna-Rottwerndorf (Sowj.FH)<br \/>\nDiese Anlage befindet sich im eingegliederten Ortsteil Rottwerndorf.<br \/>\nAuf ihm sind 224 Angeh\u00f6rige der Roten Armee und Zivilpersonen aus der UdSSR bestattet. 103 sind ohne Namen geblieben.<br \/>\nEin Teil von den hier Bestatteten sind aus der n\u00e4heren Umgebung hierher umgebettet worden.<\/p>\n<p>Zur Geschichte des Kreises Pirna : <a href=\"http:\/\/www.geschichte-pirna.de\/Krieg.htm#_Toc165877751\" target=\"_blank\">http:\/\/www.geschichte-pirna.de\/Krieg.htm#_Toc165877751<\/a><br \/>\n(Grafiken werden unter Mozilla Firefox bei mir nicht angezeigt)<\/p>\n<p>&nbsp;<\/p>\n","protected":false},"excerpt":{"rendered":"<p>&nbsp; 01781 Pirna Ev.-Luth.Friedhof \u00a0 \u00a0 \u00a0 \u00a0 \u00a0 \u00a0 \u00a0 \u00a0 \u00a0 \u00a0 \u00a0 \u00a0 \u00a0 \u00a0 \u00a0 \u00a0 \u00a0 \u00a0 \u00a0 \u00a0 \u00a0 \u00a0 \u00a0 \u00a0 Deutschland\/Pirna-Ev.-luth. Kirchenfriedhof Ev.-Luth.Kirchgemeinde St.Marien Pirna Friedhofsverwaltung Dippoldiswalder Str.25, \u00a001796 Pirna Der Friedhof &hellip; <a href=\"http:\/\/www.denkfried.de\/wp\/?page_id=7745\">Weiterlesen <span class=\"meta-nav\">&rarr;<\/span><\/a><\/p>\n","protected":false},"author":2,"featured_media":0,"parent":7426,"menu_order":0,"comment_status":"closed","ping_status":"open","template":"","meta":{"footnotes":""},"class_list":["post-7745","page","type-page","status-publish","hentry"],"_links":{"self":[{"href":"http:\/\/www.denkfried.de\/wp\/index.php?rest_route=\/wp\/v2\/pages\/7745","targetHints":{"allow":["GET"]}}],"collection":[{"href":"http:\/\/www.denkfried.de\/wp\/index.php?rest_route=\/wp\/v2\/pages"}],"about":[{"href":"http:\/\/www.denkfried.de\/wp\/index.php?rest_route=\/wp\/v2\/types\/page"}],"author":[{"embeddable":true,"href":"http:\/\/www.denkfried.de\/wp\/index.php?rest_route=\/wp\/v2\/users\/2"}],"replies":[{"embeddable":true,"href":"http:\/\/www.denkfried.de\/wp\/index.php?rest_route=%2Fwp%2Fv2%2Fcomments&post=7745"}],"version-history":[{"count":2,"href":"http:\/\/www.denkfried.de\/wp\/index.php?rest_route=\/wp\/v2\/pages\/7745\/revisions"}],"predecessor-version":[{"id":7747,"href":"http:\/\/www.denkfried.de\/wp\/index.php?rest_route=\/wp\/v2\/pages\/7745\/revisions\/7747"}],"up":[{"embeddable":true,"href":"http:\/\/www.denkfried.de\/wp\/index.php?rest_route=\/wp\/v2\/pages\/7426"}],"wp:attachment":[{"href":"http:\/\/www.denkfried.de\/wp\/index.php?rest_route=%2Fwp%2Fv2%2Fmedia&parent=7745"}],"curies":[{"name":"wp","href":"https:\/\/api.w.org\/{rel}","templated":true}]}}

<p>&nbsp;</p>
<p><strong>01781 Pirna</strong></p>
<p>Ev.-Luth.Friedhof                                                 Deutschland/Pirna-Ev.-luth. Kirchenfriedhof</p>
<p>Ev.-Luth.Kirchgemeinde St.Marien Pirna<br />
Friedhofsverwaltung<br />
Dippoldiswalder Str.25,  01796 Pirna</p>
<p>Der Friedhof liegt an der Dippoldiswalder Straße in Richtung Großsedlitz.<br />
Pirna wurde in den letzten Kriegswochen mehrmals durch alliierte Bombenflugzeuge angegriffen.<br />
Am 15.Februar 1945 kamen beim Angriff auf den südlichen Stadtteil 47 Personen, darunter 33 deutsche Soldaten, ums Leben.<br />
Beim  Luftangriff am 19.April 1945 wurden die Eisenbahn- und  Straßenverbindungen über die Elbe sowie Wohn-, Geschäfts- und  öffentliche Gebäude zerstört oder beschädigt. Mehr als 240 Menschen  fanden den Tod.<br />
Auf dem Feld L des Friedhofes sind 520 deutsche  Soldaten des 2.Weltkrieges bestattet. Sie starben in Pirnaer Lazaretten,  im Stadtkrankenhaus und in Lazarettzügen.<br />
Weitere Tote wurden aus  der Elbe geborgen. Viele Kriegsopfer ruhen in Familiengräbern, jedoch  existieren sie teilweise nicht mehr.<br />
In zwei Sammelgräbern sind 26 Fremd-und Zwangsarbeiter aus Polen und der UdSSR sowie bis 80 KZ-Häftlinge bestattet.<br />
In  den Unterlagen der Gedenkstätte &#8222;Pirna-Sonnenstein&#8220; wird berichtet das  während des 2.Weltkrieges in der Aktion T 4 bis zu 13.720 psychisch  kranke und  geistig behinderte Menschen getötet wurden.<br />
Ein großer  Teil der Kriegs-und Nachkriegsopfer sind noch nicht erfasst worden. Ein  Teil wird in der Gräberliste des Friedhofes genannt.</p>
<p>Sowjetischer Friedhof                                   Deutschland/Pirna-Rottwerndorf (Sowj.FH)<br />
Diese Anlage befindet sich im eingegliederten Ortsteil Rottwerndorf.<br />
Auf ihm sind 224 Angehörige der Roten Armee und Zivilpersonen aus der UdSSR bestattet. 103 sind ohne Namen geblieben.<br />
Ein Teil von den hier Bestatteten sind aus der näheren Umgebung hierher umgebettet worden.</p>
<p>Zur Geschichte des Kreises Pirna : <a href="http://www.geschichte-pirna.de/Krieg.htm#_Toc165877751" target="_blank">http://www.geschichte-pirna.de/Krieg.htm#_Toc165877751</a><br />
(Grafiken werden unter Mozilla Firefox bei mir nicht angezeigt)</p>
<p>&nbsp;</p>
