{"id":7503,"date":"2011-05-11T18:23:56","date_gmt":"2011-05-11T16:23:56","guid":{"rendered":"http:\/\/www.denkfried.de\/wp\/?page_id=7503"},"modified":"2011-05-11T18:23:56","modified_gmt":"2011-05-11T16:23:56","slug":"schneeberg","status":"publish","type":"page","link":"http:\/\/www.denkfried.de\/wp\/?page_id=7503","title":{"rendered":"Schneeberg"},"content":{"rendered":"<p>&nbsp;<\/p>\n<p><strong>08289 Schneeberg<\/strong><\/p>\n<p>Schneeberg war bereits Garnisionsstadt der s\u00e4chsischen Infanterie im 18.Jahrhundert.<br \/>\nW\u00e4hrend der DDR-Zeit hatte die NVA hier die UnteroffiziersschuleIV &#8222;Paul Fr\u00f6hlich&#8220;.<br \/>\nDie  Bundeswehr nutzte bis 31.M\u00e4rz 2008 die Kaserne als Standort des  Gebirgsbataillons 571 und der Versorgungskompanie 370 der J\u00e4gerbrigade  37.<\/p>\n<p>Am 19.April 1945 erfolgte ein Bombenangriff bei dem die St.Wolfgangskirche zerst\u00f6rt wurde.<br \/>\nGrabst\u00e4tten  und Gedenksteine auf dem Friedhof des OT Neust\u00e4dtel erinnern an 11  Kinder, Frauen und M\u00e4nner, die 1940 Opfer von Zwangsarbeit wurden, sowie  an vier namentlich unbekannte Opfer.<\/p>\n<p>Kriegsgr\u00e4berst\u00e4tte<br \/>\nDeutschland\/Schneeberg<\/p>\n<p>Namentlich erfasst:\u00a0 2.WK\u00a0 \u00a076 Kriegstote<\/p>\n<p>&nbsp;<\/p>\n","protected":false},"excerpt":{"rendered":"<p>&nbsp; 08289 Schneeberg Schneeberg war bereits Garnisionsstadt der s\u00e4chsischen Infanterie im 18.Jahrhundert. W\u00e4hrend der DDR-Zeit hatte die NVA hier die UnteroffiziersschuleIV &#8222;Paul Fr\u00f6hlich&#8220;. Die Bundeswehr nutzte bis 31.M\u00e4rz 2008 die Kaserne als Standort des Gebirgsbataillons 571 und der Versorgungskompanie 370 &hellip; <a href=\"http:\/\/www.denkfried.de\/wp\/?page_id=7503\">Weiterlesen <span class=\"meta-nav\">&rarr;<\/span><\/a><\/p>\n","protected":false},"author":2,"featured_media":0,"parent":7406,"menu_order":0,"comment_status":"closed","ping_status":"open","template":"","meta":{"footnotes":""},"class_list":["post-7503","page","type-page","status-publish","hentry"],"_links":{"self":[{"href":"http:\/\/www.denkfried.de\/wp\/index.php?rest_route=\/wp\/v2\/pages\/7503","targetHints":{"allow":["GET"]}}],"collection":[{"href":"http:\/\/www.denkfried.de\/wp\/index.php?rest_route=\/wp\/v2\/pages"}],"about":[{"href":"http:\/\/www.denkfried.de\/wp\/index.php?rest_route=\/wp\/v2\/types\/page"}],"author":[{"embeddable":true,"href":"http:\/\/www.denkfried.de\/wp\/index.php?rest_route=\/wp\/v2\/users\/2"}],"replies":[{"embeddable":true,"href":"http:\/\/www.denkfried.de\/wp\/index.php?rest_route=%2Fwp%2Fv2%2Fcomments&post=7503"}],"version-history":[{"count":2,"href":"http:\/\/www.denkfried.de\/wp\/index.php?rest_route=\/wp\/v2\/pages\/7503\/revisions"}],"predecessor-version":[{"id":7505,"href":"http:\/\/www.denkfried.de\/wp\/index.php?rest_route=\/wp\/v2\/pages\/7503\/revisions\/7505"}],"up":[{"embeddable":true,"href":"http:\/\/www.denkfried.de\/wp\/index.php?rest_route=\/wp\/v2\/pages\/7406"}],"wp:attachment":[{"href":"http:\/\/www.denkfried.de\/wp\/index.php?rest_route=%2Fwp%2Fv2%2Fmedia&parent=7503"}],"curies":[{"name":"wp","href":"https:\/\/api.w.org\/{rel}","templated":true}]}}

<p>&nbsp;</p>
<p><strong>08289 Schneeberg</strong></p>
<p>Schneeberg war bereits Garnisionsstadt der sächsischen Infanterie im 18.Jahrhundert.<br />
Während der DDR-Zeit hatte die NVA hier die UnteroffiziersschuleIV &#8222;Paul Fröhlich&#8220;.<br />
Die  Bundeswehr nutzte bis 31.März 2008 die Kaserne als Standort des  Gebirgsbataillons 571 und der Versorgungskompanie 370 der Jägerbrigade  37.</p>
<p>Am 19.April 1945 erfolgte ein Bombenangriff bei dem die St.Wolfgangskirche zerstört wurde.<br />
Grabstätten  und Gedenksteine auf dem Friedhof des OT Neustädtel erinnern an 11  Kinder, Frauen und Männer, die 1940 Opfer von Zwangsarbeit wurden, sowie  an vier namentlich unbekannte Opfer.</p>
<p>Kriegsgräberstätte<br />
Deutschland/Schneeberg</p>
<p>Namentlich erfasst:  2.WK   76 Kriegstote</p>
<p>&nbsp;</p>

<p>&nbsp; 08289 Schneeberg Schneeberg war bereits Garnisionsstadt der sächsischen Infanterie im 18.Jahrhundert. Während der DDR-Zeit hatte die NVA hier die UnteroffiziersschuleIV &#8222;Paul Fröhlich&#8220;. Die Bundeswehr nutzte bis 31.März 2008 die Kaserne als Standort des Gebirgsbataillons 571 und der Versorgungskompanie 370 &hellip; <a href="http://www.denkfried.de/wp/?page_id=7503">Weiterlesen <span class="meta-nav">&rarr;</span></a></p>
