{"id":7456,"date":"2011-05-11T18:02:17","date_gmt":"2011-05-11T16:02:17","guid":{"rendered":"http:\/\/www.denkfried.de\/wp\/?page_id=7456"},"modified":"2011-05-11T18:02:17","modified_gmt":"2011-05-11T16:02:17","slug":"amtsberg-dittersdorf","status":"publish","type":"page","link":"http:\/\/www.denkfried.de\/wp\/?page_id=7456","title":{"rendered":"Amtsberg-Dittersdorf"},"content":{"rendered":"<p>&nbsp;<\/p>\n<p><strong>09439 Amtsberg &#8211; OT Dittersdorf<\/strong><\/p>\n<p>Kriegsgr\u00e4berst\u00e4tte auf dem Friedhof<\/p>\n<p>Deutschland\/Amtsberg-Dittersdorf<br \/>\nBei Bombenangriffen am 12.Februar und 5.M\u00e4rz 1945 wurden 18 Geb\u00e4ude v\u00f6llig und 6 teiweise zerst\u00f6rt. Es starben 16 Einwohner.<\/p>\n<p>Namentlich erfasst:\u00a0 19 Kriegstote<\/p>\n<p>&nbsp;<\/p>\n","protected":false},"excerpt":{"rendered":"<p>&nbsp; 09439 Amtsberg &#8211; OT Dittersdorf Kriegsgr\u00e4berst\u00e4tte auf dem Friedhof Deutschland\/Amtsberg-Dittersdorf Bei Bombenangriffen am 12.Februar und 5.M\u00e4rz 1945 wurden 18 Geb\u00e4ude v\u00f6llig und 6 teiweise zerst\u00f6rt. Es starben 16 Einwohner. Namentlich erfasst:\u00a0 19 Kriegstote &nbsp;<\/p>\n","protected":false},"author":2,"featured_media":0,"parent":7453,"menu_order":0,"comment_status":"closed","ping_status":"open","template":"","meta":{"footnotes":""},"class_list":["post-7456","page","type-page","status-publish","hentry"],"_links":{"self":[{"href":"http:\/\/www.denkfried.de\/wp\/index.php?rest_route=\/wp\/v2\/pages\/7456","targetHints":{"allow":["GET"]}}],"collection":[{"href":"http:\/\/www.denkfried.de\/wp\/index.php?rest_route=\/wp\/v2\/pages"}],"about":[{"href":"http:\/\/www.denkfried.de\/wp\/index.php?rest_route=\/wp\/v2\/types\/page"}],"author":[{"embeddable":true,"href":"http:\/\/www.denkfried.de\/wp\/index.php?rest_route=\/wp\/v2\/users\/2"}],"replies":[{"embeddable":true,"href":"http:\/\/www.denkfried.de\/wp\/index.php?rest_route=%2Fwp%2Fv2%2Fcomments&post=7456"}],"version-history":[{"count":2,"href":"http:\/\/www.denkfried.de\/wp\/index.php?rest_route=\/wp\/v2\/pages\/7456\/revisions"}],"predecessor-version":[{"id":7458,"href":"http:\/\/www.denkfried.de\/wp\/index.php?rest_route=\/wp\/v2\/pages\/7456\/revisions\/7458"}],"up":[{"embeddable":true,"href":"http:\/\/www.denkfried.de\/wp\/index.php?rest_route=\/wp\/v2\/pages\/7453"}],"wp:attachment":[{"href":"http:\/\/www.denkfried.de\/wp\/index.php?rest_route=%2Fwp%2Fv2%2Fmedia&parent=7456"}],"curies":[{"name":"wp","href":"https:\/\/api.w.org\/{rel}","templated":true}]}}

<p>&nbsp;</p>
<p><strong>09439 Amtsberg &#8211; OT Dittersdorf</strong></p>
<p>Kriegsgräberstätte auf dem Friedhof</p>
<p>Deutschland/Amtsberg-Dittersdorf<br />
Bei Bombenangriffen am 12.Februar und 5.März 1945 wurden 18 Gebäude völlig und 6 teiweise zerstört. Es starben 16 Einwohner.</p>
<p>Namentlich erfasst:  19 Kriegstote</p>
<p>&nbsp;</p>

<p>&nbsp; 09439 Amtsberg &#8211; OT Dittersdorf Kriegsgräberstätte auf dem Friedhof Deutschland/Amtsberg-Dittersdorf Bei Bombenangriffen am 12.Februar und 5.März 1945 wurden 18 Gebäude völlig und 6 teiweise zerstört. Es starben 16 Einwohner. Namentlich erfasst:  19 Kriegstote &nbsp;</p>
