{"id":7174,"date":"2011-05-08T20:45:23","date_gmt":"2011-05-08T18:45:23","guid":{"rendered":"http:\/\/www.denkfried.de\/wp\/?page_id=7174"},"modified":"2017-01-24T22:57:32","modified_gmt":"2017-01-24T21:57:32","slug":"doberschau-gausig-gausig","status":"publish","type":"page","link":"http:\/\/www.denkfried.de\/wp\/?page_id=7174","title":{"rendered":"Doberschau-Gau\u00dfig"},"content":{"rendered":"<p>&nbsp;<\/p>\n<p><span style=\"text-decoration: underline;\">02633 Doberschau-Gau\u00dfig &#8211; <strong>Gau\u00dfig<\/strong><\/span><\/p>\n<p><strong>Ortsteile:<\/strong><\/p>\n<blockquote>\n<blockquote>\n<ul>\n<li><a title=\"- Arnsdorf\" href=\"http:\/\/www.denkfried.de\/wp\/?page_id=35384\">Arnsdorf<\/a><\/li>\n<li><a title=\"- Gnaschwitz\" href=\"http:\/\/www.denkfried.de\/wp\/?page_id=7183\">Gnaschwitz<\/a><\/li>\n<\/ul>\n<\/blockquote>\n<\/blockquote>\n<hr \/>\n<p><strong>Kriegsgr\u00e4berst\u00e4tte<\/strong>\/Friedhof<br \/>\nDoberschau-<strong>Gau\u00dfig<\/strong><\/p>\n<p>Der Friedhof wurde 1855 angelegt, \u00fcblichweise wird ein Friedhof um die Kirche angelegt. In Gau\u00dfig war das anders. Auch eine Leichenhalle war nicht vorhanden sondern es wurde ein als Haus gebaute Gruft verwendet.Die Gau\u00dfiger Friedhofskapelle wurde im Dezember 1987 nach 2-j\u00e4hriger Bauzeit eingeweiht. Nach dem Ersten Weltkrieg bekam der Gottesacker ein Kriegerdenkmal und nach g\u00e4rtnerischer Umgestaltung erhielt er den Charakter einer Begr\u00e4bnisst\u00e4tte zur\u00fcck.<\/p>\n<p>Ein weitere Friedhof befindet sich im Park. Dieser wurde f\u00fcr die Grafschaft Gau\u00dfig angelegt. Von der letzten Familie Schall-Riaucour ist nur Josef, der 1944 in Dresden verstarb, beigesetzt. Andere Familienmitglieder sind in aller Welt beigesetzt.<\/p>\n<p>&nbsp;<\/p>\n<hr \/>\n<p><strong>Kriegerdenkmal\/Gedenkbuch<br \/>\n<\/strong><\/p>\n<p>Das Kriegerdenkmal das sich auf dem ehemaligen Friedhof befindet wurde 1921 errichtet. Auf den 4 Bronzeplatten sind 88 Namen der Gefallenen verzeichnet. Davon stammen 21 Gefallene aus Gau\u00dfig, weitere aus G\u00fcnthersdorf, Golenz, Diehmen, Medewitz, Cossern, Zockau und Drauschkowitz.<\/p>\n<div id='gallery-1' class='gallery galleryid-7174 gallery-columns-3 gallery-size-thumbnail'><dl class='gallery-item'>\n\t\t\t<dt class='gallery-icon landscape'>\n\t\t\t\t<a href='http:\/\/www.denkfried.de\/wp\/?attachment_id=41049'><img loading=\"lazy\" decoding=\"async\" width=\"150\" height=\"150\" src=\"http:\/\/www.denkfried.de\/wp\/wp-content\/uploads\/2011\/05\/CRIM0001-150x150.jpg\" class=\"attachment-thumbnail size-thumbnail\" alt=\"\" aria-describedby=\"gallery-1-41049\" \/><\/a>\n\t\t\t<\/dt>\n\t\t\t\t<dd class='wp-caption-text gallery-caption' id='gallery-1-41049'>\n\t\t\t\tKirche von Gau\u00dfig\n\t\t\t\t<\/dd><\/dl><dl class='gallery-item'>\n\t\t\t<dt class='gallery-icon landscape'>\n\t\t\t\t<a href='http:\/\/www.denkfried.de\/wp\/?attachment_id=41050'><img loading=\"lazy\" decoding=\"async\" width=\"150\" height=\"150\" src=\"http:\/\/www.denkfried.de\/wp\/wp-content\/uploads\/2011\/05\/CRIM0002-150x150.jpg\" class=\"attachment-thumbnail size-thumbnail\" alt=\"\" aria-describedby=\"gallery-1-41050\" \/><\/a>\n\t\t\t<\/dt>\n\t\t\t\t<dd class='wp-caption-text gallery-caption' id='gallery-1-41050'>\n\t\t\t\tvor der Kirche in Gau\u00dfig\n\t\t\t\t<\/dd><\/dl><dl class='gallery-item'>\n\t\t\t<dt class='gallery-icon landscape'>\n\t\t\t\t<a href='http:\/\/www.denkfried.de\/wp\/?attachment_id=41051'><img loading=\"lazy\" decoding=\"async\" width=\"150\" height=\"150\" src=\"http:\/\/www.denkfried.de\/wp\/wp-content\/uploads\/2011\/05\/CRIM0003-150x150.jpg\" class=\"attachment-thumbnail size-thumbnail\" alt=\"\" aria-describedby=\"gallery-1-41051\" \/><\/a>\n\t\t\t<\/dt>\n\t\t\t\t<dd class='wp-caption-text gallery-caption' id='gallery-1-41051'>\n\t\t\t\tvor der Kirche in Gau\u00dfig\n\t\t\t\t<\/dd><\/dl><br style=\"clear: both\" \/><dl class='gallery-item'>\n\t\t\t<dt class='gallery-icon landscape'>\n\t\t\t\t<a href='http:\/\/www.denkfried.de\/wp\/?attachment_id=41052'><img loading=\"lazy\" decoding=\"async\" width=\"150\" height=\"150\" src=\"http:\/\/www.denkfried.de\/wp\/wp-content\/uploads\/2011\/05\/CRIM0004-150x150.jpg\" class=\"attachment-thumbnail size-thumbnail\" alt=\"\" aria-describedby=\"gallery-1-41052\" \/><\/a>\n\t\t\t<\/dt>\n\t\t\t\t<dd class='wp-caption-text gallery-caption' id='gallery-1-41052'>\n\t\t\t\tvor der Kirche in Gau\u00dfig\n\t\t\t\t<\/dd><\/dl><dl class='gallery-item'>\n\t\t\t<dt class='gallery-icon landscape'>\n\t\t\t\t<a href='http:\/\/www.denkfried.de\/wp\/?attachment_id=41053'><img loading=\"lazy\" decoding=\"async\" width=\"150\" height=\"150\" src=\"http:\/\/www.denkfried.de\/wp\/wp-content\/uploads\/2011\/05\/CRIM0005-150x150.jpg\" class=\"attachment-thumbnail size-thumbnail\" alt=\"\" aria-describedby=\"gallery-1-41053\" \/><\/a>\n\t\t\t<\/dt>\n\t\t\t\t<dd class='wp-caption-text gallery-caption' id='gallery-1-41053'>\n\t\t\t\tvor der Kirche in Gau\u00dfig\n\t\t\t\t<\/dd><\/dl>\n\t\t\t<br style='clear: both' \/>\n\t\t<\/div>\n\n<p>F\u00fcr die Gefallenen des Zweiten Weltkrieges liegt in der Kirche ein Namensbuch aus. Es nennt 275 Namen. Darunter sind auch Personen die mit den Fl\u00fcchtlingsz\u00fcgen aus dem Osten kamen und zeitweise hier untergebracht waren. eine Frau wurde Opfer des Luftangriffs auf Dresden vom 13.02.1945. Zwei M\u00e4nner wurden bei der Feldarbeit von feindlichen Flugzeugen get\u00f6tet. 4 Einwohner von Gnaschwitz wurden am 11. und 12.Mai 1945 von pl\u00fcndernden Rotarmisten erschossen.<\/p>\n<div id='gallery-2' class='gallery galleryid-7174 gallery-columns-3 gallery-size-thumbnail'><dl class='gallery-item'>\n\t\t\t<dt class='gallery-icon landscape'>\n\t\t\t\t<a href='http:\/\/www.denkfried.de\/wp\/?attachment_id=41057'><img loading=\"lazy\" decoding=\"async\" width=\"150\" height=\"150\" src=\"http:\/\/www.denkfried.de\/wp\/wp-content\/uploads\/2011\/05\/P8080015-150x150.jpg\" class=\"attachment-thumbnail size-thumbnail\" alt=\"\" aria-describedby=\"gallery-2-41057\" \/><\/a>\n\t\t\t<\/dt>\n\t\t\t\t<dd class='wp-caption-text gallery-caption' id='gallery-2-41057'>\n\t\t\t\tFriedhof Gau\u00dfig\n\t\t\t\t<\/dd><\/dl><dl class='gallery-item'>\n\t\t\t<dt class='gallery-icon landscape'>\n\t\t\t\t<a href='http:\/\/www.denkfried.de\/wp\/?attachment_id=41055'><img loading=\"lazy\" decoding=\"async\" width=\"150\" height=\"150\" src=\"http:\/\/www.denkfried.de\/wp\/wp-content\/uploads\/2011\/05\/CRIM0008-150x150.jpg\" class=\"attachment-thumbnail size-thumbnail\" alt=\"\" aria-describedby=\"gallery-2-41055\" \/><\/a>\n\t\t\t<\/dt>\n\t\t\t\t<dd class='wp-caption-text gallery-caption' id='gallery-2-41055'>\n\t\t\t\tFriedhof Gau\u00dfig\n\t\t\t\t<\/dd><\/dl><dl class='gallery-item'>\n\t\t\t<dt class='gallery-icon landscape'>\n\t\t\t\t<a href='http:\/\/www.denkfried.de\/wp\/?attachment_id=41058'><img loading=\"lazy\" decoding=\"async\" width=\"150\" height=\"150\" src=\"http:\/\/www.denkfried.de\/wp\/wp-content\/uploads\/2011\/05\/CRIM0006-150x150.jpg\" class=\"attachment-thumbnail size-thumbnail\" alt=\"\" \/><\/a>\n\t\t\t<\/dt><\/dl><br style=\"clear: both\" \/>\n\t\t<\/div>\n\n<ul>\n<li><strong>Namen:<\/strong><\/li>\n<li>Alfred Richard Mehnert\u00a0 *13.11.1922\u00a0\u00a0\u00a0\u00a0 + verm.23.04.1945\/Gegend v.Poggio Rusco s\u00fcdl.Ufer des Po<\/li>\n<li>Rudolf Pietsch\u00a0\u00a0\u00a0\u00a0 *13.12.1922\u00a0\u00a0\u00a0 + verm.20.04.1945\/Stolp\/Schmolsin<\/li>\n<li>Helmut Otto Schiller a.Br\u00f6sang\u00a0 *25.09.1919\u00a0\u00a0 + gef.16.06.1944 Estland<\/li>\n<li>Richard Kie\u00dfetz\u00a0 a.Br\u00f6sang\u00a0\u00a0\u00a0 * 20.07.1907\u00a0\u00a0 + verm. 1944<\/li>\n<li>Johannes Proske\u00a0\u00a0\u00a0 *17.08.1927\u00a0\u00a0\u00a0\u00a0\u00a0 + verm.1945<\/li>\n<li>Joseph Graf Schall-Riaucour\u00a0 *30.09.1908\u00a0\u00a0 +15.04.1944<\/li>\n<li>Karl\u00a0 ?\u00a0\u00a0\u00a0 *30.09.1908\u00a0\u00a0\u00a0 + gef.2.6.1940 D\u00fcnkirchen<\/li>\n<li>Max\u00a0 ?\u00a0\u00a0 *27.04.1904\u00a0\u00a0\u00a0\u00a0 + verm.19.07.1944 Witebsk<\/li>\n<li>Oktavio\u00a0 ?\u00a0 *27.10.1924\u00a0\u00a0 + 17.02.1944<\/li>\n<\/ul>\n<ul>\n<li><strong>Nach Kriegsende in Lager verschleppt:<\/strong><\/li>\n<li>Emil Paul Berndt\u00a0\u00a0\u00a0 *25.01.1902\u00a0\u00a0\u00a0\u00a0 abgeholt 02.06.1945<\/li>\n<li>Paul Berndt\u00a0\u00a0\u00a0\u00a0 *24.01.1898\u00a0\u00a0\u00a0\u00a0\u00a0\u00a0\u00a0 abgeholt 16.10.1945<\/li>\n<li>Alfred Georg Fritz a.Dretschen\u00a0 *23.04.1915\u00a0\u00a0\u00a0 + 1946 Bautzen<\/li>\n<li>Paul Erich Heidrich a.Arnsdorf\u00a0 *20.10.1898\u00a0\u00a0\u00a0\u00a0 + 1946<\/li>\n<li>August Hugo Liebstein a.Katschwitz\u00a0\u00a0 *16.10.1892\u00a0\u00a0\u00a0 + 31.12.1950<\/li>\n<li>August Pietsch a.Gnaschwitz\u00a0\u00a0 *22.04.1891\u00a0\u00a0\u00a0 + 1947 Buchenwald<\/li>\n<\/ul>\n<div id='gallery-3' class='gallery galleryid-7174 gallery-columns-3 gallery-size-thumbnail'><dl class='gallery-item'>\n\t\t\t<dt class='gallery-icon landscape'>\n\t\t\t\t<a href='http:\/\/www.denkfried.de\/wp\/?attachment_id=41059'><img loading=\"lazy\" decoding=\"async\" width=\"150\" height=\"150\" src=\"http:\/\/www.denkfried.de\/wp\/wp-content\/uploads\/2011\/05\/CRIM0006-1-150x150.jpg\" class=\"attachment-thumbnail size-thumbnail\" alt=\"\" \/><\/a>\n\t\t\t<\/dt><\/dl><dl class='gallery-item'>\n\t\t\t<dt class='gallery-icon landscape'>\n\t\t\t\t<a href='http:\/\/www.denkfried.de\/wp\/?attachment_id=41060'><img loading=\"lazy\" decoding=\"async\" width=\"150\" height=\"150\" src=\"http:\/\/www.denkfried.de\/wp\/wp-content\/uploads\/2011\/05\/CRIM0009-150x150.jpg\" class=\"attachment-thumbnail size-thumbnail\" alt=\"\" \/><\/a>\n\t\t\t<\/dt><\/dl>\n\t\t\t<br style='clear: both' \/>\n\t\t<\/div>\n\n<p>Fotos von Hantsch<\/p>\n","protected":false},"excerpt":{"rendered":"<p>&nbsp; 02633 Doberschau-Gau\u00dfig &#8211; Gau\u00dfig Ortsteile: Arnsdorf Gnaschwitz Kriegsgr\u00e4berst\u00e4tte\/Friedhof Doberschau-Gau\u00dfig Der Friedhof wurde 1855 angelegt, \u00fcblichweise wird ein Friedhof um die Kirche angelegt. In Gau\u00dfig war das anders. Auch eine Leichenhalle war nicht vorhanden sondern es wurde ein als Haus &hellip; <a href=\"http:\/\/www.denkfried.de\/wp\/?page_id=7174\">Weiterlesen <span class=\"meta-nav\">&rarr;<\/span><\/a><\/p>\n","protected":false},"author":2,"featured_media":0,"parent":6233,"menu_order":0,"comment_status":"closed","ping_status":"open","template":"","meta":{"footnotes":""},"class_list":["post-7174","page","type-page","status-publish","hentry"],"_links":{"self":[{"href":"http:\/\/www.denkfried.de\/wp\/index.php?rest_route=\/wp\/v2\/pages\/7174","targetHints":{"allow":["GET"]}}],"collection":[{"href":"http:\/\/www.denkfried.de\/wp\/index.php?rest_route=\/wp\/v2\/pages"}],"about":[{"href":"http:\/\/www.denkfried.de\/wp\/index.php?rest_route=\/wp\/v2\/types\/page"}],"author":[{"embeddable":true,"href":"http:\/\/www.denkfried.de\/wp\/index.php?rest_route=\/wp\/v2\/users\/2"}],"replies":[{"embeddable":true,"href":"http:\/\/www.denkfried.de\/wp\/index.php?rest_route=%2Fwp%2Fv2%2Fcomments&post=7174"}],"version-history":[{"count":11,"href":"http:\/\/www.denkfried.de\/wp\/index.php?rest_route=\/wp\/v2\/pages\/7174\/revisions"}],"predecessor-version":[{"id":41061,"href":"http:\/\/www.denkfried.de\/wp\/index.php?rest_route=\/wp\/v2\/pages\/7174\/revisions\/41061"}],"up":[{"embeddable":true,"href":"http:\/\/www.denkfried.de\/wp\/index.php?rest_route=\/wp\/v2\/pages\/6233"}],"wp:attachment":[{"href":"http:\/\/www.denkfried.de\/wp\/index.php?rest_route=%2Fwp%2Fv2%2Fmedia&parent=7174"}],"curies":[{"name":"wp","href":"https:\/\/api.w.org\/{rel}","templated":true}]}}

Doberschau-Gaußig

<p>&nbsp;</p>
<p><span style="text-decoration: underline;">02633 Doberschau-Gaußig &#8211; <strong>Gaußig</strong></span></p>
<p><strong>Ortsteile:</strong></p>
<blockquote>
<blockquote>
<ul>
<li><a title="- Arnsdorf" href="http://www.denkfried.de/wp/?page_id=35384">Arnsdorf</a></li>
<li><a title="- Gnaschwitz" href="http://www.denkfried.de/wp/?page_id=7183">Gnaschwitz</a></li>
</ul>
</blockquote>
</blockquote>
<hr />
<p><strong>Kriegsgräberstätte</strong>/Friedhof<br />
Doberschau-<strong>Gaußig</strong></p>
<p>Der Friedhof wurde 1855 angelegt, üblichweise wird ein Friedhof um die Kirche angelegt. In Gaußig war das anders. Auch eine Leichenhalle war nicht vorhanden sondern es wurde ein als Haus gebaute Gruft verwendet.Die Gaußiger Friedhofskapelle wurde im Dezember 1987 nach 2-jähriger Bauzeit eingeweiht. Nach dem Ersten Weltkrieg bekam der Gottesacker ein Kriegerdenkmal und nach gärtnerischer Umgestaltung erhielt er den Charakter einer Begräbnisstätte zurück.</p>
<p>Ein weitere Friedhof befindet sich im Park. Dieser wurde für die Grafschaft Gaußig angelegt. Von der letzten Familie Schall-Riaucour ist nur Josef, der 1944 in Dresden verstarb, beigesetzt. Andere Familienmitglieder sind in aller Welt beigesetzt.</p>
<p>&nbsp;</p>
<hr />
<p><strong>Kriegerdenkmal/Gedenkbuch<br />
</strong></p>
<p>Das Kriegerdenkmal das sich auf dem ehemaligen Friedhof befindet wurde 1921 errichtet. Auf den 4 Bronzeplatten sind 88 Namen der Gefallenen verzeichnet. Davon stammen 21 Gefallene aus Gaußig, weitere aus Günthersdorf, Golenz, Diehmen, Medewitz, Cossern, Zockau und Drauschkowitz.</p>
<div id='gallery-1' class='gallery galleryid-7174 gallery-columns-3 gallery-size-thumbnail'><dl class='gallery-item'>
			<dt class='gallery-icon landscape'>
				<a href='http://www.denkfried.de/wp/?attachment_id=41049'><img loading="lazy" decoding="async" width="150" height="150" src="http://www.denkfried.de/wp/wp-content/uploads/2011/05/CRIM0001-150x150.jpg" class="attachment-thumbnail size-thumbnail" alt="" aria-describedby="gallery-1-41049" /></a>
			</dt>
				<dd class='wp-caption-text gallery-caption' id='gallery-1-41049'>
				Kirche von Gaußig
				</dd></dl><dl class='gallery-item'>
			<dt class='gallery-icon landscape'>
				<a href='http://www.denkfried.de/wp/?attachment_id=41050'><img loading="lazy" decoding="async" width="150" height="150" src="http://www.denkfried.de/wp/wp-content/uploads/2011/05/CRIM0002-150x150.jpg" class="attachment-thumbnail size-thumbnail" alt="" aria-describedby="gallery-1-41050" /></a>
			</dt>
				<dd class='wp-caption-text gallery-caption' id='gallery-1-41050'>
				vor der Kirche in Gaußig
				</dd></dl><dl class='gallery-item'>
			<dt class='gallery-icon landscape'>
				<a href='http://www.denkfried.de/wp/?attachment_id=41051'><img loading="lazy" decoding="async" width="150" height="150" src="http://www.denkfried.de/wp/wp-content/uploads/2011/05/CRIM0003-150x150.jpg" class="attachment-thumbnail size-thumbnail" alt="" aria-describedby="gallery-1-41051" /></a>
			</dt>
				<dd class='wp-caption-text gallery-caption' id='gallery-1-41051'>
				vor der Kirche in Gaußig
				</dd></dl><br style="clear: both" /><dl class='gallery-item'>
			<dt class='gallery-icon landscape'>
				<a href='http://www.denkfried.de/wp/?attachment_id=41052'><img loading="lazy" decoding="async" width="150" height="150" src="http://www.denkfried.de/wp/wp-content/uploads/2011/05/CRIM0004-150x150.jpg" class="attachment-thumbnail size-thumbnail" alt="" aria-describedby="gallery-1-41052" /></a>
			</dt>
				<dd class='wp-caption-text gallery-caption' id='gallery-1-41052'>
				vor der Kirche in Gaußig
				</dd></dl><dl class='gallery-item'>
			<dt class='gallery-icon landscape'>
				<a href='http://www.denkfried.de/wp/?attachment_id=41053'><img loading="lazy" decoding="async" width="150" height="150" src="http://www.denkfried.de/wp/wp-content/uploads/2011/05/CRIM0005-150x150.jpg" class="attachment-thumbnail size-thumbnail" alt="" aria-describedby="gallery-1-41053" /></a>
			</dt>
				<dd class='wp-caption-text gallery-caption' id='gallery-1-41053'>
				vor der Kirche in Gaußig
				</dd></dl>
			<br style='clear: both' />
		</div>

<p>Für die Gefallenen des Zweiten Weltkrieges liegt in der Kirche ein Namensbuch aus. Es nennt 275 Namen. Darunter sind auch Personen die mit den Flüchtlingszügen aus dem Osten kamen und zeitweise hier untergebracht waren. eine Frau wurde Opfer des Luftangriffs auf Dresden vom 13.02.1945. Zwei Männer wurden bei der Feldarbeit von feindlichen Flugzeugen getötet. 4 Einwohner von Gnaschwitz wurden am 11. und 12.Mai 1945 von plündernden Rotarmisten erschossen.</p>
<div id='gallery-2' class='gallery galleryid-7174 gallery-columns-3 gallery-size-thumbnail'><dl class='gallery-item'>
			<dt class='gallery-icon landscape'>
				<a href='http://www.denkfried.de/wp/?attachment_id=41057'><img loading="lazy" decoding="async" width="150" height="150" src="http://www.denkfried.de/wp/wp-content/uploads/2011/05/P8080015-150x150.jpg" class="attachment-thumbnail size-thumbnail" alt="" aria-describedby="gallery-2-41057" /></a>
			</dt>
				<dd class='wp-caption-text gallery-caption' id='gallery-2-41057'>
				Friedhof Gaußig
				</dd></dl><dl class='gallery-item'>
			<dt class='gallery-icon landscape'>
				<a href='http://www.denkfried.de/wp/?attachment_id=41055'><img loading="lazy" decoding="async" width="150" height="150" src="http://www.denkfried.de/wp/wp-content/uploads/2011/05/CRIM0008-150x150.jpg" class="attachment-thumbnail size-thumbnail" alt="" aria-describedby="gallery-2-41055" /></a>
			</dt>
				<dd class='wp-caption-text gallery-caption' id='gallery-2-41055'>
				Friedhof Gaußig
				</dd></dl><dl class='gallery-item'>
			<dt class='gallery-icon landscape'>
				<a href='http://www.denkfried.de/wp/?attachment_id=41058'><img loading="lazy" decoding="async" width="150" height="150" src="http://www.denkfried.de/wp/wp-content/uploads/2011/05/CRIM0006-150x150.jpg" class="attachment-thumbnail size-thumbnail" alt="" /></a>
			</dt></dl><br style="clear: both" />
		</div>

<ul>
<li><strong>Namen:</strong></li>
<li>Alfred Richard Mehnert  *13.11.1922     + verm.23.04.1945/Gegend v.Poggio Rusco südl.Ufer des Po</li>
<li>Rudolf Pietsch     *13.12.1922    + verm.20.04.1945/Stolp/Schmolsin</li>
<li>Helmut Otto Schiller a.Brösang  *25.09.1919   + gef.16.06.1944 Estland</li>
<li>Richard Kießetz  a.Brösang    * 20.07.1907   + verm. 1944</li>
<li>Johannes Proske    *17.08.1927      + verm.1945</li>
<li>Joseph Graf Schall-Riaucour  *30.09.1908   +15.04.1944</li>
<li>Karl  ?    *30.09.1908    + gef.2.6.1940 Dünkirchen</li>
<li>Max  ?   *27.04.1904     + verm.19.07.1944 Witebsk</li>
<li>Oktavio  ?  *27.10.1924   + 17.02.1944</li>
</ul>
<ul>
<li><strong>Nach Kriegsende in Lager verschleppt:</strong></li>
<li>Emil Paul Berndt    *25.01.1902     abgeholt 02.06.1945</li>
<li>Paul Berndt     *24.01.1898        abgeholt 16.10.1945</li>
<li>Alfred Georg Fritz a.Dretschen  *23.04.1915    + 1946 Bautzen</li>
<li>Paul Erich Heidrich a.Arnsdorf  *20.10.1898     + 1946</li>
<li>August Hugo Liebstein a.Katschwitz   *16.10.1892    + 31.12.1950</li>
<li>August Pietsch a.Gnaschwitz   *22.04.1891    + 1947 Buchenwald</li>
</ul>
<div id='gallery-3' class='gallery galleryid-7174 gallery-columns-3 gallery-size-thumbnail'><dl class='gallery-item'>
			<dt class='gallery-icon landscape'>
				<a href='http://www.denkfried.de/wp/?attachment_id=41059'><img loading="lazy" decoding="async" width="150" height="150" src="http://www.denkfried.de/wp/wp-content/uploads/2011/05/CRIM0006-1-150x150.jpg" class="attachment-thumbnail size-thumbnail" alt="" /></a>
			</dt></dl><dl class='gallery-item'>
			<dt class='gallery-icon landscape'>
				<a href='http://www.denkfried.de/wp/?attachment_id=41060'><img loading="lazy" decoding="async" width="150" height="150" src="http://www.denkfried.de/wp/wp-content/uploads/2011/05/CRIM0009-150x150.jpg" class="attachment-thumbnail size-thumbnail" alt="" /></a>
			</dt></dl>
			<br style='clear: both' />
		</div>

<p>Fotos von Hantsch</p>

<p>&nbsp; 02633 Doberschau-Gaußig &#8211; Gaußig Ortsteile: Arnsdorf Gnaschwitz Kriegsgräberstätte/Friedhof Doberschau-Gaußig Der Friedhof wurde 1855 angelegt, üblichweise wird ein Friedhof um die Kirche angelegt. In Gaußig war das anders. Auch eine Leichenhalle war nicht vorhanden sondern es wurde ein als Haus &hellip; <a href="http://www.denkfried.de/wp/?page_id=7174">Weiterlesen <span class="meta-nav">&rarr;</span></a></p>
