{"id":7159,"date":"2011-05-08T20:36:26","date_gmt":"2011-05-08T18:36:26","guid":{"rendered":"http:\/\/www.denkfried.de\/wp\/?page_id=7159"},"modified":"2020-11-14T17:42:14","modified_gmt":"2020-11-14T16:42:14","slug":"schmolln-putzkau-ot-schmolln","status":"publish","type":"page","link":"http:\/\/www.denkfried.de\/wp\/?page_id=7159","title":{"rendered":"Schm\u00f6lln-Putzkau"},"content":{"rendered":"<p>&nbsp;<\/p>\n<p><span style=\"text-decoration: underline;\">01877 Schm\u00f6ll-Putzkau &#8211;<strong> OT\u00a0 Schm\u00f6lln<\/strong><\/span><\/p>\n<p><a href=\"http:\/\/www.schmoelln-putzkau.de\/\" target=\"_blank\" rel=\"noopener noreferrer\">www.schmoelln-putzkau.de<\/a><\/p>\n<p><strong>Ortsteile:<\/strong><br \/>\n<a href=\"http:\/\/www.denkfried.de\/wp\/?page_id=7168\">Putzkau<\/a><br \/>\n<a href=\"http:\/\/www.denkfried.de\/wp\/?page_id=7193\">Tr\u00f6bigau<\/a><\/p>\n<hr \/>\n<p>Schm\u00f6lln-Putzkau liegt etwa 14 km s\u00fcdwestlich der Gro\u00dfen Kreisstadt Bautzen und 4 km \u00f6stlich der Gro\u00dfen Kreisstadt Bischofswerda.<\/p>\n<p>Die Gemeinde wird begrenzt von Demitz-Thumitz im Norden, Doberschau-Gau\u00dfig und Neukirch im Osten, Neustadt (Landkreis S\u00e4chsische Schweiz) im S\u00fcden sowie Bischofswerda im Westen.<\/p>\n<p><strong>Kriegsgr\u00e4berst\u00e4tte<\/strong><br \/>\nauf dem Friedhof<br \/>\nAuf dem Friedhof sind die Gr\u00e4ber der hier bestatteten Soldaten des 2. Weltkrieges nicht mehr sichtbar.<br \/>\nDie Gr\u00e4ber wurden eingeebnet und die Fl\u00e4che nicht gekennzeichnet. Die urspr\u00fcngliche Lage befindet sich, von der Kapelle aus gesehen, rechts in der Ecke der Friedhofsmauer.<br \/>\nEs w\u00e4re kein Problem diese Grabfl\u00e4che wieder herzurichten.<\/p>\n<p><strong>DENKMAL<\/strong><br \/>\nDas Denkmal befindet sich vor der Kirche. Es sind darauf die Namen der in den beiden Weltkriegen ums Leben gekommenen Einwohner des ortes verezeichnet.<\/p>\n<div id='gallery-1' class='gallery galleryid-7159 gallery-columns-4 gallery-size-thumbnail'><dl class='gallery-item'>\n\t\t\t<dt class='gallery-icon landscape'>\n\t\t\t\t<a href='http:\/\/www.denkfried.de\/wp\/?attachment_id=41905'><img loading=\"lazy\" decoding=\"async\" width=\"150\" height=\"150\" src=\"http:\/\/www.denkfried.de\/wp\/wp-content\/uploads\/2020\/11\/IMG_0001-1-150x150.jpg\" class=\"attachment-thumbnail size-thumbnail\" alt=\"\" \/><\/a>\n\t\t\t<\/dt><\/dl><dl class='gallery-item'>\n\t\t\t<dt class='gallery-icon landscape'>\n\t\t\t\t<a href='http:\/\/www.denkfried.de\/wp\/?attachment_id=41904'><img loading=\"lazy\" decoding=\"async\" width=\"150\" height=\"150\" src=\"http:\/\/www.denkfried.de\/wp\/wp-content\/uploads\/2020\/11\/P4130050-150x150.jpg\" class=\"attachment-thumbnail size-thumbnail\" alt=\"\" \/><\/a>\n\t\t\t<\/dt><\/dl><dl class='gallery-item'>\n\t\t\t<dt class='gallery-icon landscape'>\n\t\t\t\t<a href='http:\/\/www.denkfried.de\/wp\/?attachment_id=41907'><img loading=\"lazy\" decoding=\"async\" width=\"150\" height=\"150\" src=\"http:\/\/www.denkfried.de\/wp\/wp-content\/uploads\/2020\/11\/IMG_0003-1-150x150.jpg\" class=\"attachment-thumbnail size-thumbnail\" alt=\"\" \/><\/a>\n\t\t\t<\/dt><\/dl><dl class='gallery-item'>\n\t\t\t<dt class='gallery-icon landscape'>\n\t\t\t\t<a href='http:\/\/www.denkfried.de\/wp\/?attachment_id=41906'><img loading=\"lazy\" decoding=\"async\" width=\"150\" height=\"150\" src=\"http:\/\/www.denkfried.de\/wp\/wp-content\/uploads\/2020\/11\/IMG_0002-1-150x150.jpg\" class=\"attachment-thumbnail size-thumbnail\" alt=\"\" \/><\/a>\n\t\t\t<\/dt><\/dl><br style=\"clear: both\" \/><dl class='gallery-item'>\n\t\t\t<dt class='gallery-icon landscape'>\n\t\t\t\t<a href='http:\/\/www.denkfried.de\/wp\/?attachment_id=41908'><img loading=\"lazy\" decoding=\"async\" width=\"150\" height=\"150\" src=\"http:\/\/www.denkfried.de\/wp\/wp-content\/uploads\/2020\/11\/P1010001-150x150.jpg\" class=\"attachment-thumbnail size-thumbnail\" alt=\"\" \/><\/a>\n\t\t\t<\/dt><\/dl><dl class='gallery-item'>\n\t\t\t<dt class='gallery-icon landscape'>\n\t\t\t\t<a href='http:\/\/www.denkfried.de\/wp\/?attachment_id=41909'><img loading=\"lazy\" decoding=\"async\" width=\"150\" height=\"150\" src=\"http:\/\/www.denkfried.de\/wp\/wp-content\/uploads\/2020\/11\/P1010002-150x150.jpg\" class=\"attachment-thumbnail size-thumbnail\" alt=\"\" \/><\/a>\n\t\t\t<\/dt><\/dl><dl class='gallery-item'>\n\t\t\t<dt class='gallery-icon landscape'>\n\t\t\t\t<a href='http:\/\/www.denkfried.de\/wp\/?attachment_id=41910'><img loading=\"lazy\" decoding=\"async\" width=\"150\" height=\"150\" src=\"http:\/\/www.denkfried.de\/wp\/wp-content\/uploads\/2020\/11\/P1010003-150x150.jpg\" class=\"attachment-thumbnail size-thumbnail\" alt=\"\" \/><\/a>\n\t\t\t<\/dt><\/dl>\n\t\t\t<br style='clear: both' \/>\n\t\t<\/div>\n\n","protected":false},"excerpt":{"rendered":"<p>&nbsp; 01877 Schm\u00f6ll-Putzkau &#8211; OT\u00a0 Schm\u00f6lln www.schmoelln-putzkau.de Ortsteile: Putzkau Tr\u00f6bigau Schm\u00f6lln-Putzkau liegt etwa 14 km s\u00fcdwestlich der Gro\u00dfen Kreisstadt Bautzen und 4 km \u00f6stlich der Gro\u00dfen Kreisstadt Bischofswerda. Die Gemeinde wird begrenzt von Demitz-Thumitz im Norden, Doberschau-Gau\u00dfig und Neukirch im &hellip; <a href=\"http:\/\/www.denkfried.de\/wp\/?page_id=7159\">Weiterlesen <span class=\"meta-nav\">&rarr;<\/span><\/a><\/p>\n","protected":false},"author":2,"featured_media":0,"parent":6233,"menu_order":0,"comment_status":"closed","ping_status":"open","template":"","meta":{"footnotes":""},"class_list":["post-7159","page","type-page","status-publish","hentry"],"_links":{"self":[{"href":"http:\/\/www.denkfried.de\/wp\/index.php?rest_route=\/wp\/v2\/pages\/7159","targetHints":{"allow":["GET"]}}],"collection":[{"href":"http:\/\/www.denkfried.de\/wp\/index.php?rest_route=\/wp\/v2\/pages"}],"about":[{"href":"http:\/\/www.denkfried.de\/wp\/index.php?rest_route=\/wp\/v2\/types\/page"}],"author":[{"embeddable":true,"href":"http:\/\/www.denkfried.de\/wp\/index.php?rest_route=\/wp\/v2\/users\/2"}],"replies":[{"embeddable":true,"href":"http:\/\/www.denkfried.de\/wp\/index.php?rest_route=%2Fwp%2Fv2%2Fcomments&post=7159"}],"version-history":[{"count":6,"href":"http:\/\/www.denkfried.de\/wp\/index.php?rest_route=\/wp\/v2\/pages\/7159\/revisions"}],"predecessor-version":[{"id":41911,"href":"http:\/\/www.denkfried.de\/wp\/index.php?rest_route=\/wp\/v2\/pages\/7159\/revisions\/41911"}],"up":[{"embeddable":true,"href":"http:\/\/www.denkfried.de\/wp\/index.php?rest_route=\/wp\/v2\/pages\/6233"}],"wp:attachment":[{"href":"http:\/\/www.denkfried.de\/wp\/index.php?rest_route=%2Fwp%2Fv2%2Fmedia&parent=7159"}],"curies":[{"name":"wp","href":"https:\/\/api.w.org\/{rel}","templated":true}]}}

Schmölln-Putzkau

<p>&nbsp;</p>
<p><span style="text-decoration: underline;">01877 Schmöll-Putzkau &#8211;<strong> OT  Schmölln</strong></span></p>
<p><a href="http://www.schmoelln-putzkau.de/" target="_blank" rel="noopener noreferrer">www.schmoelln-putzkau.de</a></p>
<p><strong>Ortsteile:</strong><br />
<a href="http://www.denkfried.de/wp/?page_id=7168">Putzkau</a><br />
<a href="http://www.denkfried.de/wp/?page_id=7193">Tröbigau</a></p>
<hr />
<p>Schmölln-Putzkau liegt etwa 14 km südwestlich der Großen Kreisstadt Bautzen und 4 km östlich der Großen Kreisstadt Bischofswerda.</p>
<p>Die Gemeinde wird begrenzt von Demitz-Thumitz im Norden, Doberschau-Gaußig und Neukirch im Osten, Neustadt (Landkreis Sächsische Schweiz) im Süden sowie Bischofswerda im Westen.</p>
<p><strong>Kriegsgräberstätte</strong><br />
auf dem Friedhof<br />
Auf dem Friedhof sind die Gräber der hier bestatteten Soldaten des 2. Weltkrieges nicht mehr sichtbar.<br />
Die Gräber wurden eingeebnet und die Fläche nicht gekennzeichnet. Die ursprüngliche Lage befindet sich, von der Kapelle aus gesehen, rechts in der Ecke der Friedhofsmauer.<br />
Es wäre kein Problem diese Grabfläche wieder herzurichten.</p>
<p><strong>DENKMAL</strong><br />
Das Denkmal befindet sich vor der Kirche. Es sind darauf die Namen der in den beiden Weltkriegen ums Leben gekommenen Einwohner des ortes verezeichnet.</p>
<div id='gallery-1' class='gallery galleryid-7159 gallery-columns-4 gallery-size-thumbnail'><dl class='gallery-item'>
			<dt class='gallery-icon landscape'>
				<a href='http://www.denkfried.de/wp/?attachment_id=41905'><img loading="lazy" decoding="async" width="150" height="150" src="http://www.denkfried.de/wp/wp-content/uploads/2020/11/IMG_0001-1-150x150.jpg" class="attachment-thumbnail size-thumbnail" alt="" /></a>
			</dt></dl><dl class='gallery-item'>
			<dt class='gallery-icon landscape'>
				<a href='http://www.denkfried.de/wp/?attachment_id=41904'><img loading="lazy" decoding="async" width="150" height="150" src="http://www.denkfried.de/wp/wp-content/uploads/2020/11/P4130050-150x150.jpg" class="attachment-thumbnail size-thumbnail" alt="" /></a>
			</dt></dl><dl class='gallery-item'>
			<dt class='gallery-icon landscape'>
				<a href='http://www.denkfried.de/wp/?attachment_id=41907'><img loading="lazy" decoding="async" width="150" height="150" src="http://www.denkfried.de/wp/wp-content/uploads/2020/11/IMG_0003-1-150x150.jpg" class="attachment-thumbnail size-thumbnail" alt="" /></a>
			</dt></dl><dl class='gallery-item'>
			<dt class='gallery-icon landscape'>
				<a href='http://www.denkfried.de/wp/?attachment_id=41906'><img loading="lazy" decoding="async" width="150" height="150" src="http://www.denkfried.de/wp/wp-content/uploads/2020/11/IMG_0002-1-150x150.jpg" class="attachment-thumbnail size-thumbnail" alt="" /></a>
			</dt></dl><br style="clear: both" /><dl class='gallery-item'>
			<dt class='gallery-icon landscape'>
				<a href='http://www.denkfried.de/wp/?attachment_id=41908'><img loading="lazy" decoding="async" width="150" height="150" src="http://www.denkfried.de/wp/wp-content/uploads/2020/11/P1010001-150x150.jpg" class="attachment-thumbnail size-thumbnail" alt="" /></a>
			</dt></dl><dl class='gallery-item'>
			<dt class='gallery-icon landscape'>
				<a href='http://www.denkfried.de/wp/?attachment_id=41909'><img loading="lazy" decoding="async" width="150" height="150" src="http://www.denkfried.de/wp/wp-content/uploads/2020/11/P1010002-150x150.jpg" class="attachment-thumbnail size-thumbnail" alt="" /></a>
			</dt></dl><dl class='gallery-item'>
			<dt class='gallery-icon landscape'>
				<a href='http://www.denkfried.de/wp/?attachment_id=41910'><img loading="lazy" decoding="async" width="150" height="150" src="http://www.denkfried.de/wp/wp-content/uploads/2020/11/P1010003-150x150.jpg" class="attachment-thumbnail size-thumbnail" alt="" /></a>
			</dt></dl>
			<br style='clear: both' />
		</div>

<p>&nbsp; 01877 Schmöll-Putzkau &#8211; OT  Schmölln www.schmoelln-putzkau.de Ortsteile: Putzkau Tröbigau Schmölln-Putzkau liegt etwa 14 km südwestlich der Großen Kreisstadt Bautzen und 4 km östlich der Großen Kreisstadt Bischofswerda. Die Gemeinde wird begrenzt von Demitz-Thumitz im Norden, Doberschau-Gaußig und Neukirch im &hellip; <a href="http://www.denkfried.de/wp/?page_id=7159">Weiterlesen <span class="meta-nav">&rarr;</span></a></p>
