{"id":7014,"date":"2011-05-07T20:57:36","date_gmt":"2011-05-07T18:57:36","guid":{"rendered":"http:\/\/www.denkfried.de\/wp\/?page_id=7014"},"modified":"2011-05-07T20:57:36","modified_gmt":"2011-05-07T18:57:36","slug":"bautzen-judischer-friedhof","status":"publish","type":"page","link":"http:\/\/www.denkfried.de\/wp\/?page_id=7014","title":{"rendered":"Bautzen &#8211; J\u00fcdischer Friedhof"},"content":{"rendered":"<p>&nbsp;<\/p>\n<p><strong>J\u00fcdischer Friedhof<\/strong><\/p>\n<p>Friedhof<\/p>\n<p>Dieser Friedhof befindet sich Muskauer Stra\u00dfe am Neubaugebiet &#8222;Gesundbrunnen&#8220;.<br \/>\nDer  Friedhof wurde erst um 1900 angelegt. In der Zeit des Ersten  Weltkrieges wurden im linken hinteren Teil vier russisch-j\u00fcdische  Kriegsgefangene und Zwangsarbeiter beigesetzt.<br \/>\nIm Zweiten Weltkrieg wurden \u00fcber 200 Zwangsarbeiter beigesetzt.<\/p>\n<p>Gedenkanlage von 1950 f\u00fcr KZ-H\u00e4ftlinge des Au\u00dfenlagers Gro\u00df-Rosen.<\/p>\n<div id='gallery-1' class='gallery galleryid-7014 gallery-columns-3 gallery-size-thumbnail'><dl class='gallery-item'>\n\t\t\t<dt class='gallery-icon landscape'>\n\t\t\t\t<a href='http:\/\/www.denkfried.de\/wp\/?attachment_id=7017'><img loading=\"lazy\" decoding=\"async\" width=\"150\" height=\"150\" src=\"http:\/\/www.denkfried.de\/wp\/wp-content\/uploads\/2011\/05\/P4050010-150x150.jpg\" class=\"attachment-thumbnail size-thumbnail\" alt=\"\" \/><\/a>\n\t\t\t<\/dt><\/dl><dl class='gallery-item'>\n\t\t\t<dt class='gallery-icon landscape'>\n\t\t\t\t<a href='http:\/\/www.denkfried.de\/wp\/?attachment_id=7018'><img loading=\"lazy\" decoding=\"async\" width=\"150\" height=\"150\" src=\"http:\/\/www.denkfried.de\/wp\/wp-content\/uploads\/2011\/05\/P4050011-150x150.jpg\" class=\"attachment-thumbnail size-thumbnail\" alt=\"\" \/><\/a>\n\t\t\t<\/dt><\/dl><dl class='gallery-item'>\n\t\t\t<dt class='gallery-icon portrait'>\n\t\t\t\t<a href='http:\/\/www.denkfried.de\/wp\/?attachment_id=7019'><img loading=\"lazy\" decoding=\"async\" width=\"150\" height=\"150\" src=\"http:\/\/www.denkfried.de\/wp\/wp-content\/uploads\/2011\/05\/P4050012-150x150.jpg\" class=\"attachment-thumbnail size-thumbnail\" alt=\"\" \/><\/a>\n\t\t\t<\/dt><\/dl><br style=\"clear: both\" \/><dl class='gallery-item'>\n\t\t\t<dt class='gallery-icon landscape'>\n\t\t\t\t<a href='http:\/\/www.denkfried.de\/wp\/?attachment_id=7016'><img loading=\"lazy\" decoding=\"async\" width=\"150\" height=\"150\" src=\"http:\/\/www.denkfried.de\/wp\/wp-content\/uploads\/2011\/05\/P4050009-150x150.jpg\" class=\"attachment-thumbnail size-thumbnail\" alt=\"\" \/><\/a>\n\t\t\t<\/dt><\/dl><dl class='gallery-item'>\n\t\t\t<dt class='gallery-icon landscape'>\n\t\t\t\t<a href='http:\/\/www.denkfried.de\/wp\/?attachment_id=7015'><img loading=\"lazy\" decoding=\"async\" width=\"150\" height=\"150\" src=\"http:\/\/www.denkfried.de\/wp\/wp-content\/uploads\/2011\/05\/P4050008-150x150.jpg\" class=\"attachment-thumbnail size-thumbnail\" alt=\"\" \/><\/a>\n\t\t\t<\/dt><\/dl><dl class='gallery-item'>\n\t\t\t<dt class='gallery-icon portrait'>\n\t\t\t\t<a href='http:\/\/www.denkfried.de\/wp\/?attachment_id=7020'><img loading=\"lazy\" decoding=\"async\" width=\"150\" height=\"150\" src=\"http:\/\/www.denkfried.de\/wp\/wp-content\/uploads\/2011\/05\/P4050007-150x150.jpg\" class=\"attachment-thumbnail size-thumbnail\" alt=\"\" \/><\/a>\n\t\t\t<\/dt><\/dl><br style=\"clear: both\" \/>\n\t\t<\/div>\n\n","protected":false},"excerpt":{"rendered":"<p>&nbsp; J\u00fcdischer Friedhof Friedhof Dieser Friedhof befindet sich Muskauer Stra\u00dfe am Neubaugebiet &#8222;Gesundbrunnen&#8220;. Der Friedhof wurde erst um 1900 angelegt. In der Zeit des Ersten Weltkrieges wurden im linken hinteren Teil vier russisch-j\u00fcdische Kriegsgefangene und Zwangsarbeiter beigesetzt. Im Zweiten Weltkrieg &hellip; <a href=\"http:\/\/www.denkfried.de\/wp\/?page_id=7014\">Weiterlesen <span class=\"meta-nav\">&rarr;<\/span><\/a><\/p>\n","protected":false},"author":2,"featured_media":0,"parent":6654,"menu_order":0,"comment_status":"closed","ping_status":"open","template":"","meta":{"footnotes":""},"class_list":["post-7014","page","type-page","status-publish","hentry"],"_links":{"self":[{"href":"http:\/\/www.denkfried.de\/wp\/index.php?rest_route=\/wp\/v2\/pages\/7014","targetHints":{"allow":["GET"]}}],"collection":[{"href":"http:\/\/www.denkfried.de\/wp\/index.php?rest_route=\/wp\/v2\/pages"}],"about":[{"href":"http:\/\/www.denkfried.de\/wp\/index.php?rest_route=\/wp\/v2\/types\/page"}],"author":[{"embeddable":true,"href":"http:\/\/www.denkfried.de\/wp\/index.php?rest_route=\/wp\/v2\/users\/2"}],"replies":[{"embeddable":true,"href":"http:\/\/www.denkfried.de\/wp\/index.php?rest_route=%2Fwp%2Fv2%2Fcomments&post=7014"}],"version-history":[{"count":2,"href":"http:\/\/www.denkfried.de\/wp\/index.php?rest_route=\/wp\/v2\/pages\/7014\/revisions"}],"predecessor-version":[{"id":7022,"href":"http:\/\/www.denkfried.de\/wp\/index.php?rest_route=\/wp\/v2\/pages\/7014\/revisions\/7022"}],"up":[{"embeddable":true,"href":"http:\/\/www.denkfried.de\/wp\/index.php?rest_route=\/wp\/v2\/pages\/6654"}],"wp:attachment":[{"href":"http:\/\/www.denkfried.de\/wp\/index.php?rest_route=%2Fwp%2Fv2%2Fmedia&parent=7014"}],"curies":[{"name":"wp","href":"https:\/\/api.w.org\/{rel}","templated":true}]}}

Bautzen &#8211; Jüdischer Friedhof

<p>&nbsp;</p>
<p><strong>Jüdischer Friedhof</strong></p>
<p>Friedhof</p>
<p>Dieser Friedhof befindet sich Muskauer Straße am Neubaugebiet &#8222;Gesundbrunnen&#8220;.<br />
Der  Friedhof wurde erst um 1900 angelegt. In der Zeit des Ersten  Weltkrieges wurden im linken hinteren Teil vier russisch-jüdische  Kriegsgefangene und Zwangsarbeiter beigesetzt.<br />
Im Zweiten Weltkrieg wurden über 200 Zwangsarbeiter beigesetzt.</p>
<p>Gedenkanlage von 1950 für KZ-Häftlinge des Außenlagers Groß-Rosen.</p>
<div id='gallery-1' class='gallery galleryid-7014 gallery-columns-3 gallery-size-thumbnail'><dl class='gallery-item'>
			<dt class='gallery-icon landscape'>
				<a href='http://www.denkfried.de/wp/?attachment_id=7017'><img loading="lazy" decoding="async" width="150" height="150" src="http://www.denkfried.de/wp/wp-content/uploads/2011/05/P4050010-150x150.jpg" class="attachment-thumbnail size-thumbnail" alt="" /></a>
			</dt></dl><dl class='gallery-item'>
			<dt class='gallery-icon landscape'>
				<a href='http://www.denkfried.de/wp/?attachment_id=7018'><img loading="lazy" decoding="async" width="150" height="150" src="http://www.denkfried.de/wp/wp-content/uploads/2011/05/P4050011-150x150.jpg" class="attachment-thumbnail size-thumbnail" alt="" /></a>
			</dt></dl><dl class='gallery-item'>
			<dt class='gallery-icon portrait'>
				<a href='http://www.denkfried.de/wp/?attachment_id=7019'><img loading="lazy" decoding="async" width="150" height="150" src="http://www.denkfried.de/wp/wp-content/uploads/2011/05/P4050012-150x150.jpg" class="attachment-thumbnail size-thumbnail" alt="" /></a>
			</dt></dl><br style="clear: both" /><dl class='gallery-item'>
			<dt class='gallery-icon landscape'>
				<a href='http://www.denkfried.de/wp/?attachment_id=7016'><img loading="lazy" decoding="async" width="150" height="150" src="http://www.denkfried.de/wp/wp-content/uploads/2011/05/P4050009-150x150.jpg" class="attachment-thumbnail size-thumbnail" alt="" /></a>
			</dt></dl><dl class='gallery-item'>
			<dt class='gallery-icon landscape'>
				<a href='http://www.denkfried.de/wp/?attachment_id=7015'><img loading="lazy" decoding="async" width="150" height="150" src="http://www.denkfried.de/wp/wp-content/uploads/2011/05/P4050008-150x150.jpg" class="attachment-thumbnail size-thumbnail" alt="" /></a>
			</dt></dl><dl class='gallery-item'>
			<dt class='gallery-icon portrait'>
				<a href='http://www.denkfried.de/wp/?attachment_id=7020'><img loading="lazy" decoding="async" width="150" height="150" src="http://www.denkfried.de/wp/wp-content/uploads/2011/05/P4050007-150x150.jpg" class="attachment-thumbnail size-thumbnail" alt="" /></a>
			</dt></dl><br style="clear: both" />
		</div>

<p>&nbsp; Jüdischer Friedhof Friedhof Dieser Friedhof befindet sich Muskauer Straße am Neubaugebiet &#8222;Gesundbrunnen&#8220;. Der Friedhof wurde erst um 1900 angelegt. In der Zeit des Ersten Weltkrieges wurden im linken hinteren Teil vier russisch-jüdische Kriegsgefangene und Zwangsarbeiter beigesetzt. Im Zweiten Weltkrieg &hellip; <a href="http://www.denkfried.de/wp/?page_id=7014">Weiterlesen <span class="meta-nav">&rarr;</span></a></p>
