{"id":675,"date":"2011-04-04T14:33:15","date_gmt":"2011-04-04T12:33:15","guid":{"rendered":"http:\/\/www.denkfried.de\/wp\/?page_id=675"},"modified":"2011-04-04T14:33:15","modified_gmt":"2011-04-04T12:33:15","slug":"baku","status":"publish","type":"page","link":"http:\/\/www.denkfried.de\/wp\/?page_id=675","title":{"rendered":"BAKU"},"content":{"rendered":"<p><a rel=\"attachment wp-att-676\" href=\"http:\/\/www.denkfried.de\/wp\/?attachment_id=676\"><img loading=\"lazy\" decoding=\"async\" class=\"alignleft size-full wp-image-676\" title=\"Wappen-Baku\" src=\"http:\/\/www.denkfried.de\/wp\/wp-content\/uploads\/2011\/04\/Wappen-Baku.png\" alt=\"\" width=\"80\" height=\"104\" \/><\/a> <span style=\"text-decoration: underline;\"><strong>AZ 1000 BAKU<\/strong><\/span><\/p>\n<p>&nbsp;<\/p>\n<p>&nbsp;<\/p>\n<p>Baku ist die Hauptstadt Aserbaidschans. Hier leben ca. 2 Millionen  Menschen. Die Stadt liegt an der westlichen K\u00fcste des Kaspischen Meeres.<\/p>\n<p>Der  Kriegsgefangenenfriedhof, hier ruhen 80 deutsche Kriegsgefangene, wurde  1995 wiederhergestellt und 1996 eingeweiht. Er liegt mitten in einer  Siedlung der Stadt. Trotz der moslemischen Bev\u00f6lkerung gab es viel  Verst\u00e4ndnis und Toleranz, und es durften Hochkreuze aufgestellt werden.  Auf den Gr\u00e4bern liegen wei\u00dfe Grabplatten.<\/p>\n<p>(Kriegsgefangenenlager 6468)<\/p>\n","protected":false},"excerpt":{"rendered":"<p>AZ 1000 BAKU &nbsp; &nbsp; Baku ist die Hauptstadt Aserbaidschans. Hier leben ca. 2 Millionen Menschen. Die Stadt liegt an der westlichen K\u00fcste des Kaspischen Meeres. Der Kriegsgefangenenfriedhof, hier ruhen 80 deutsche Kriegsgefangene, wurde 1995 wiederhergestellt und 1996 eingeweiht. Er &hellip; <a href=\"http:\/\/www.denkfried.de\/wp\/?page_id=675\">Weiterlesen <span class=\"meta-nav\">&rarr;<\/span><\/a><\/p>\n","protected":false},"author":2,"featured_media":0,"parent":239,"menu_order":0,"comment_status":"closed","ping_status":"open","template":"","meta":{"footnotes":""},"class_list":["post-675","page","type-page","status-publish","hentry"],"_links":{"self":[{"href":"http:\/\/www.denkfried.de\/wp\/index.php?rest_route=\/wp\/v2\/pages\/675","targetHints":{"allow":["GET"]}}],"collection":[{"href":"http:\/\/www.denkfried.de\/wp\/index.php?rest_route=\/wp\/v2\/pages"}],"about":[{"href":"http:\/\/www.denkfried.de\/wp\/index.php?rest_route=\/wp\/v2\/types\/page"}],"author":[{"embeddable":true,"href":"http:\/\/www.denkfried.de\/wp\/index.php?rest_route=\/wp\/v2\/users\/2"}],"replies":[{"embeddable":true,"href":"http:\/\/www.denkfried.de\/wp\/index.php?rest_route=%2Fwp%2Fv2%2Fcomments&post=675"}],"version-history":[{"count":4,"href":"http:\/\/www.denkfried.de\/wp\/index.php?rest_route=\/wp\/v2\/pages\/675\/revisions"}],"predecessor-version":[{"id":680,"href":"http:\/\/www.denkfried.de\/wp\/index.php?rest_route=\/wp\/v2\/pages\/675\/revisions\/680"}],"up":[{"embeddable":true,"href":"http:\/\/www.denkfried.de\/wp\/index.php?rest_route=\/wp\/v2\/pages\/239"}],"wp:attachment":[{"href":"http:\/\/www.denkfried.de\/wp\/index.php?rest_route=%2Fwp%2Fv2%2Fmedia&parent=675"}],"curies":[{"name":"wp","href":"https:\/\/api.w.org\/{rel}","templated":true}]}}

<p><a rel="attachment wp-att-676" href="http://www.denkfried.de/wp/?attachment_id=676"><img loading="lazy" decoding="async" class="alignleft size-full wp-image-676" title="Wappen-Baku" src="http://www.denkfried.de/wp/wp-content/uploads/2011/04/Wappen-Baku.png" alt="" width="80" height="104" /></a> <span style="text-decoration: underline;"><strong>AZ 1000 BAKU</strong></span></p>
<p>&nbsp;</p>
<p>&nbsp;</p>
<p>Baku ist die Hauptstadt Aserbaidschans. Hier leben ca. 2 Millionen  Menschen. Die Stadt liegt an der westlichen Küste des Kaspischen Meeres.</p>
<p>Der  Kriegsgefangenenfriedhof, hier ruhen 80 deutsche Kriegsgefangene, wurde  1995 wiederhergestellt und 1996 eingeweiht. Er liegt mitten in einer  Siedlung der Stadt. Trotz der moslemischen Bevölkerung gab es viel  Verständnis und Toleranz, und es durften Hochkreuze aufgestellt werden.  Auf den Gräbern liegen weiße Grabplatten.</p>
<p>(Kriegsgefangenenlager 6468)</p>

<p>AZ 1000 BAKU &nbsp; &nbsp; Baku ist die Hauptstadt Aserbaidschans. Hier leben ca. 2 Millionen Menschen. Die Stadt liegt an der westlichen Küste des Kaspischen Meeres. Der Kriegsgefangenenfriedhof, hier ruhen 80 deutsche Kriegsgefangene, wurde 1995 wiederhergestellt und 1996 eingeweiht. Er &hellip; <a href="http://www.denkfried.de/wp/?page_id=675">Weiterlesen <span class="meta-nav">&rarr;</span></a></p>
