{"id":6730,"date":"2011-05-04T23:46:10","date_gmt":"2011-05-04T21:46:10","guid":{"rendered":"http:\/\/www.denkfried.de\/wp\/?page_id=6730"},"modified":"2017-07-19T22:47:39","modified_gmt":"2017-07-19T20:47:39","slug":"bernsdorf-strasgrabchen","status":"publish","type":"page","link":"http:\/\/www.denkfried.de\/wp\/?page_id=6730","title":{"rendered":"&#8211; Stra\u00dfgr\u00e4bchen"},"content":{"rendered":"<p>&nbsp;<\/p>\n<p><span style=\"text-decoration: underline;\">01936 Bernsdorf &#8211; <strong>Stra\u00dfgr\u00e4bchen<\/strong><\/span><\/p>\n<p><strong><br \/>\n<\/strong>Seit 2007 geh\u00f6rt Stra\u00dfgr\u00e4bchen zur Stadt Bernsdorf.<\/p>\n<p>In den 60er Jahren wurden von der NVA mehrere Fla-Raketen-Regimenter errichtet. Das FRR31 sollte bei einem evtl. Angriff die Energie-Regionen der Lausitz sch\u00fctzen. Au\u00dfer dem Hauptstandort Stra\u00dfgr\u00e4bchen gab es noch Fla-Raketen-Abteilungen in Gro\u00df D\u00f6bern, Gro\u00dfr\u00e4schen, Kroppen und Gro\u00dfr\u00f6hrsdorf.<\/p>\n<p>Der Friedhof liegt au\u00dferhalb des Ortes und macht einen sehr gepflegten Eindruck.<\/p>\n<p>Auf dem Friedhof befindet sich eine Kriegsgr\u00e4berst\u00e4tte mit 4 Toten. Die Grabst\u00e4tte ist von einer dichten Koniferenhecke umgeben. Hier ruhen 4 Unbekannte, sie starben im Mai 1945. Es wird vermutet das es sich hier um 3 Russen und 1 Franzose handeln soll.<\/p>\n<p>Weiterhin finden sich einige Grabsteine, auf denen Angeh\u00f6rige an die nicht wieder heimgekehrten Kriegsteilnehmer gedenken. Die Namen werden in unsere Datenbank aufgenommen.<\/p>\n<div id='gallery-1' class='gallery galleryid-6730 gallery-columns-4 gallery-size-thumbnail'><dl class='gallery-item'>\n\t\t\t<dt class='gallery-icon landscape'>\n\t\t\t\t<a href='http:\/\/www.denkfried.de\/wp\/?attachment_id=26075'><img loading=\"lazy\" decoding=\"async\" width=\"150\" height=\"150\" src=\"http:\/\/www.denkfried.de\/wp\/wp-content\/uploads\/2011\/05\/IMG_1798-150x150.jpg\" class=\"attachment-thumbnail size-thumbnail\" alt=\"\" \/><\/a>\n\t\t\t<\/dt><\/dl><dl class='gallery-item'>\n\t\t\t<dt class='gallery-icon landscape'>\n\t\t\t\t<a href='http:\/\/www.denkfried.de\/wp\/?attachment_id=26073'><img loading=\"lazy\" decoding=\"async\" width=\"150\" height=\"150\" src=\"http:\/\/www.denkfried.de\/wp\/wp-content\/uploads\/2011\/05\/IMG_1796-150x150.jpg\" class=\"attachment-thumbnail size-thumbnail\" alt=\"\" \/><\/a>\n\t\t\t<\/dt><\/dl><dl class='gallery-item'>\n\t\t\t<dt class='gallery-icon landscape'>\n\t\t\t\t<a href='http:\/\/www.denkfried.de\/wp\/?attachment_id=26072'><img loading=\"lazy\" decoding=\"async\" width=\"150\" height=\"150\" src=\"http:\/\/www.denkfried.de\/wp\/wp-content\/uploads\/2011\/05\/IMG_1795-150x150.jpg\" class=\"attachment-thumbnail size-thumbnail\" alt=\"\" \/><\/a>\n\t\t\t<\/dt><\/dl><dl class='gallery-item'>\n\t\t\t<dt class='gallery-icon landscape'>\n\t\t\t\t<a href='http:\/\/www.denkfried.de\/wp\/?attachment_id=26074'><img loading=\"lazy\" decoding=\"async\" width=\"150\" height=\"150\" src=\"http:\/\/www.denkfried.de\/wp\/wp-content\/uploads\/2011\/05\/IMG_1797-150x150.jpg\" class=\"attachment-thumbnail size-thumbnail\" alt=\"\" \/><\/a>\n\t\t\t<\/dt><\/dl><br style=\"clear: both\" \/><dl class='gallery-item'>\n\t\t\t<dt class='gallery-icon landscape'>\n\t\t\t\t<a href='http:\/\/www.denkfried.de\/wp\/?attachment_id=26076'><img loading=\"lazy\" decoding=\"async\" width=\"150\" height=\"150\" src=\"http:\/\/www.denkfried.de\/wp\/wp-content\/uploads\/2011\/05\/IMG_1791-150x150.jpg\" class=\"attachment-thumbnail size-thumbnail\" alt=\"\" \/><\/a>\n\t\t\t<\/dt><\/dl><dl class='gallery-item'>\n\t\t\t<dt class='gallery-icon landscape'>\n\t\t\t\t<a href='http:\/\/www.denkfried.de\/wp\/?attachment_id=26071'><img loading=\"lazy\" decoding=\"async\" width=\"150\" height=\"150\" src=\"http:\/\/www.denkfried.de\/wp\/wp-content\/uploads\/2011\/05\/IMG_1794-150x150.jpg\" class=\"attachment-thumbnail size-thumbnail\" alt=\"\" \/><\/a>\n\t\t\t<\/dt><\/dl>\n\t\t\t<br style='clear: both' \/>\n\t\t<\/div>\n\n<p>&nbsp;<\/p>\n<p>&nbsp;<\/p>\n","protected":false},"excerpt":{"rendered":"<p>&nbsp; 01936 Bernsdorf &#8211; Stra\u00dfgr\u00e4bchen Seit 2007 geh\u00f6rt Stra\u00dfgr\u00e4bchen zur Stadt Bernsdorf. In den 60er Jahren wurden von der NVA mehrere Fla-Raketen-Regimenter errichtet. Das FRR31 sollte bei einem evtl. Angriff die Energie-Regionen der Lausitz sch\u00fctzen. Au\u00dfer dem Hauptstandort Stra\u00dfgr\u00e4bchen gab &hellip; <a href=\"http:\/\/www.denkfried.de\/wp\/?page_id=6730\">Weiterlesen <span class=\"meta-nav\">&rarr;<\/span><\/a><\/p>\n","protected":false},"author":2,"featured_media":0,"parent":6419,"menu_order":0,"comment_status":"closed","ping_status":"open","template":"","meta":{"footnotes":""},"class_list":["post-6730","page","type-page","status-publish","hentry"],"_links":{"self":[{"href":"http:\/\/www.denkfried.de\/wp\/index.php?rest_route=\/wp\/v2\/pages\/6730","targetHints":{"allow":["GET"]}}],"collection":[{"href":"http:\/\/www.denkfried.de\/wp\/index.php?rest_route=\/wp\/v2\/pages"}],"about":[{"href":"http:\/\/www.denkfried.de\/wp\/index.php?rest_route=\/wp\/v2\/types\/page"}],"author":[{"embeddable":true,"href":"http:\/\/www.denkfried.de\/wp\/index.php?rest_route=\/wp\/v2\/users\/2"}],"replies":[{"embeddable":true,"href":"http:\/\/www.denkfried.de\/wp\/index.php?rest_route=%2Fwp%2Fv2%2Fcomments&post=6730"}],"version-history":[{"count":9,"href":"http:\/\/www.denkfried.de\/wp\/index.php?rest_route=\/wp\/v2\/pages\/6730\/revisions"}],"predecessor-version":[{"id":41331,"href":"http:\/\/www.denkfried.de\/wp\/index.php?rest_route=\/wp\/v2\/pages\/6730\/revisions\/41331"}],"up":[{"embeddable":true,"href":"http:\/\/www.denkfried.de\/wp\/index.php?rest_route=\/wp\/v2\/pages\/6419"}],"wp:attachment":[{"href":"http:\/\/www.denkfried.de\/wp\/index.php?rest_route=%2Fwp%2Fv2%2Fmedia&parent=6730"}],"curies":[{"name":"wp","href":"https:\/\/api.w.org\/{rel}","templated":true}]}}

&#8211; Straßgräbchen

<p>&nbsp;</p>
<p><span style="text-decoration: underline;">01936 Bernsdorf &#8211; <strong>Straßgräbchen</strong></span></p>
<p><strong><br />
</strong>Seit 2007 gehört Straßgräbchen zur Stadt Bernsdorf.</p>
<p>In den 60er Jahren wurden von der NVA mehrere Fla-Raketen-Regimenter errichtet. Das FRR31 sollte bei einem evtl. Angriff die Energie-Regionen der Lausitz schützen. Außer dem Hauptstandort Straßgräbchen gab es noch Fla-Raketen-Abteilungen in Groß Döbern, Großräschen, Kroppen und Großröhrsdorf.</p>
<p>Der Friedhof liegt außerhalb des Ortes und macht einen sehr gepflegten Eindruck.</p>
<p>Auf dem Friedhof befindet sich eine Kriegsgräberstätte mit 4 Toten. Die Grabstätte ist von einer dichten Koniferenhecke umgeben. Hier ruhen 4 Unbekannte, sie starben im Mai 1945. Es wird vermutet das es sich hier um 3 Russen und 1 Franzose handeln soll.</p>
<p>Weiterhin finden sich einige Grabsteine, auf denen Angehörige an die nicht wieder heimgekehrten Kriegsteilnehmer gedenken. Die Namen werden in unsere Datenbank aufgenommen.</p>
<div id='gallery-1' class='gallery galleryid-6730 gallery-columns-4 gallery-size-thumbnail'><dl class='gallery-item'>
			<dt class='gallery-icon landscape'>
				<a href='http://www.denkfried.de/wp/?attachment_id=26075'><img loading="lazy" decoding="async" width="150" height="150" src="http://www.denkfried.de/wp/wp-content/uploads/2011/05/IMG_1798-150x150.jpg" class="attachment-thumbnail size-thumbnail" alt="" /></a>
			</dt></dl><dl class='gallery-item'>
			<dt class='gallery-icon landscape'>
				<a href='http://www.denkfried.de/wp/?attachment_id=26073'><img loading="lazy" decoding="async" width="150" height="150" src="http://www.denkfried.de/wp/wp-content/uploads/2011/05/IMG_1796-150x150.jpg" class="attachment-thumbnail size-thumbnail" alt="" /></a>
			</dt></dl><dl class='gallery-item'>
			<dt class='gallery-icon landscape'>
				<a href='http://www.denkfried.de/wp/?attachment_id=26072'><img loading="lazy" decoding="async" width="150" height="150" src="http://www.denkfried.de/wp/wp-content/uploads/2011/05/IMG_1795-150x150.jpg" class="attachment-thumbnail size-thumbnail" alt="" /></a>
			</dt></dl><dl class='gallery-item'>
			<dt class='gallery-icon landscape'>
				<a href='http://www.denkfried.de/wp/?attachment_id=26074'><img loading="lazy" decoding="async" width="150" height="150" src="http://www.denkfried.de/wp/wp-content/uploads/2011/05/IMG_1797-150x150.jpg" class="attachment-thumbnail size-thumbnail" alt="" /></a>
			</dt></dl><br style="clear: both" /><dl class='gallery-item'>
			<dt class='gallery-icon landscape'>
				<a href='http://www.denkfried.de/wp/?attachment_id=26076'><img loading="lazy" decoding="async" width="150" height="150" src="http://www.denkfried.de/wp/wp-content/uploads/2011/05/IMG_1791-150x150.jpg" class="attachment-thumbnail size-thumbnail" alt="" /></a>
			</dt></dl><dl class='gallery-item'>
			<dt class='gallery-icon landscape'>
				<a href='http://www.denkfried.de/wp/?attachment_id=26071'><img loading="lazy" decoding="async" width="150" height="150" src="http://www.denkfried.de/wp/wp-content/uploads/2011/05/IMG_1794-150x150.jpg" class="attachment-thumbnail size-thumbnail" alt="" /></a>
			</dt></dl>
			<br style='clear: both' />
		</div>

<p>&nbsp;</p>
<p>&nbsp;</p>

<p>&nbsp; 01936 Bernsdorf &#8211; Straßgräbchen Seit 2007 gehört Straßgräbchen zur Stadt Bernsdorf. In den 60er Jahren wurden von der NVA mehrere Fla-Raketen-Regimenter errichtet. Das FRR31 sollte bei einem evtl. Angriff die Energie-Regionen der Lausitz schützen. Außer dem Hauptstandort Straßgräbchen gab &hellip; <a href="http://www.denkfried.de/wp/?page_id=6730">Weiterlesen <span class="meta-nav">&rarr;</span></a></p>
