{"id":6663,"date":"2011-05-04T23:04:01","date_gmt":"2011-05-04T21:04:01","guid":{"rendered":"http:\/\/www.denkfried.de\/wp\/?page_id=6663"},"modified":"2013-10-09T14:27:49","modified_gmt":"2013-10-09T12:27:49","slug":"arnsdorf-fischbach","status":"publish","type":"page","link":"http:\/\/www.denkfried.de\/wp\/?page_id=6663","title":{"rendered":"&#8211; Fischbach"},"content":{"rendered":"<p>&nbsp;<\/p>\n<p><span style=\"text-decoration: underline;\">01477 Arnsdorf &#8211; <strong>OT Fischbach<\/strong><\/span><\/p>\n<p><strong>DENKMAL<\/strong><br \/>\nKriegerdenkmal 1.Weltkrieg<\/p>\n<p><strong>Inschrift: \u00a0 \u00a0 \u00a0 \u00a0 \u00a0 \u00a0 \u00a0 \u00a0 \u00a0 \u00a0 \u00a0 \u00a0<\/strong><\/p>\n<p style=\"padding-left: 150px;\"><strong>UNSEREN 1914 &#8211; 1918<br \/>\nGEFALLENEN HELDEN<\/strong><\/p>\n<p>36 Namen davon 2 Namen unleserlich<\/p>\n<p><span style=\"color: #0000ff;\">Die Namen vom Denkmal sind in die Datenbank eingepflegt.<\/span><\/p>\n<hr \/>\n<p><strong>Kriegsgr\u00e4berst\u00e4tte<\/strong><\/p>\n<p>Im 2. Weltkrieg zogen unendliche Milit\u00e4rkolonnen mit gepanzerten Fahrzeugen in Richtung B\u00f6hmen, Polen und Ru\u00dfland durch Fischbach.<br \/>\nAm 19. April 1945 wurden Fl\u00fcchtlingstrecks von amerikanischen Tieffliegern auf der Bautzner Landstra\u00dfe beschossen, wobei 4 Fl\u00fcchtlinge den Tod fanden.<\/p>\n<address>B\u00f6\u00df, geb.Sch\u00e4fer, Hildegard Ernestine Dora\u00a0\u00a0\u00a0\u00a0\u00a0\u00a0\u00a0\u00a0\u00a0 geb. 23.11.1900\u00a0\u00a0\u00a0\u00a0 gest.:19.04.1945<\/address>\n<address>Duschurschi, Nadeshda\u00a0\u00a0\u00a0\u00a0\u00a0\u00a0\u00a0\u00a0\u00a0\u00a0\u00a0\u00a0\u00a0\u00a0 geb.: 28.07.1921\u00a0\u00a0\u00a0\u00a0\u00a0 gest.: 19.04.1945<\/address>\n<address>Pether, Kurt\u00a0\u00a0\u00a0\u00a0\u00a0\u00a0\u00a0\u00a0\u00a0\u00a0\u00a0\u00a0\u00a0\u00a0\u00a0\u00a0\u00a0\u00a0\u00a0\u00a0\u00a0\u00a0\u00a0\u00a0\u00a0\u00a0\u00a0\u00a0\u00a0\u00a0\u00a0\u00a0\u00a0 \u00a0\u00a0 geb.: 15.06.1904\u00a0\u00a0\u00a0 \u00a0 gest.: 19.04.1945<\/address>\n<address>\u00a0<\/address>\n<p>Am 22. April 1945 wurden im Oberdorf 4 H\u00e4user und in der Waldsiedlung 1 Haus durch Panzer der Roten Armee beschossen und besch\u00e4digt. Am gleichen Tag kamen 6 KZ-H\u00e4ftlinge bei ihrem Todesmarsch von Schwarzheide nach B\u00f6hmen ums Leben. Sie sollen von ihren Bewachern erschossen wurden sein.<\/p>\n<p>Auf dem Friedhof des Ortsteiles Fischbach befindet sich das Gemeinschaftsgrab mit Gedenkstein zur Erinnerung an zwei unbekannte polnische und drei deutsche KZ-H\u00e4ftlinge, die im April 1945 bei einem Todesmarsch des Au\u00dfenlagers Niesky des KZ Gro\u00df-Rosen von SS-M\u00e4nnern ermordet wurden.<\/p>\n<p>Am Ehrenmal ist eine Tafel mit folgenden Wortlaut angebracht:<br \/>\nRuhest\u00e4tte f\u00fcr sechs H\u00e4ftlinge und einen unbekannten polnischen Soldaten.<\/p>\n<p>Die KZ-H\u00e4ftlinge wurden auf ihrem Todesmarsch nach Theresienstadt<br \/>\nam 22.April 1945in der N\u00e4he des Fischbacher Kreuzes get\u00f6tet und dort begraben.<br \/>\nAm gleichen Tag kam ein polnischer Soldat bei Kampfhandlungen ums Leben und<br \/>\nwurde auf dem Vogelberg beerdigt. Im Sp\u00e4tsommer 1945 wurden alle exhumiert und<br \/>\nan dieser Stelle mit einer Gedenkfeier w\u00fcrdig bestattet.<br \/>\nDie Gedenkrede hielt damals der Heimatforscher Martin Burkhardt, ehemals selbst<br \/>\nNS-Verfolgter und ab Mai 1945 B\u00fcrgermeister von Seeligstadt.<\/p>\n<div id='gallery-1' class='gallery galleryid-6663 gallery-columns-3 gallery-size-thumbnail'><dl class='gallery-item'>\n\t\t\t<dt class='gallery-icon portrait'>\n\t\t\t\t<a href='http:\/\/www.denkfried.de\/wp\/?attachment_id=6665'><img loading=\"lazy\" decoding=\"async\" width=\"150\" height=\"150\" src=\"http:\/\/www.denkfried.de\/wp\/wp-content\/uploads\/2011\/05\/Denkmal-Fischbach-150x150.jpg\" class=\"attachment-thumbnail size-thumbnail\" alt=\"\" \/><\/a>\n\t\t\t<\/dt><\/dl><dl class='gallery-item'>\n\t\t\t<dt class='gallery-icon landscape'>\n\t\t\t\t<a href='http:\/\/www.denkfried.de\/wp\/?attachment_id=6666'><img loading=\"lazy\" decoding=\"async\" width=\"150\" height=\"150\" src=\"http:\/\/www.denkfried.de\/wp\/wp-content\/uploads\/2011\/05\/Fischbach-150x150.jpg\" class=\"attachment-thumbnail size-thumbnail\" alt=\"\" \/><\/a>\n\t\t\t<\/dt><\/dl><dl class='gallery-item'>\n\t\t\t<dt class='gallery-icon portrait'>\n\t\t\t\t<a href='http:\/\/www.denkfried.de\/wp\/?attachment_id=6664'><img loading=\"lazy\" decoding=\"async\" width=\"150\" height=\"150\" src=\"http:\/\/www.denkfried.de\/wp\/wp-content\/uploads\/2011\/05\/P1010007-150x150.jpg\" class=\"attachment-thumbnail size-thumbnail\" alt=\"\" \/><\/a>\n\t\t\t<\/dt><\/dl><br style=\"clear: both\" \/>\n\t\t<\/div>\n\n<p><span style=\"color: #0000ff;\">Die Namen sind in die Datenbank eingetragen.<\/span><\/p>\n","protected":false},"excerpt":{"rendered":"<p>&nbsp; 01477 Arnsdorf &#8211; OT Fischbach DENKMAL Kriegerdenkmal 1.Weltkrieg Inschrift: \u00a0 \u00a0 \u00a0 \u00a0 \u00a0 \u00a0 \u00a0 \u00a0 \u00a0 \u00a0 \u00a0 \u00a0 UNSEREN 1914 &#8211; 1918 GEFALLENEN HELDEN 36 Namen davon 2 Namen unleserlich Die Namen vom Denkmal sind in &hellip; <a href=\"http:\/\/www.denkfried.de\/wp\/?page_id=6663\">Weiterlesen <span class=\"meta-nav\">&rarr;<\/span><\/a><\/p>\n","protected":false},"author":2,"featured_media":0,"parent":6395,"menu_order":0,"comment_status":"closed","ping_status":"open","template":"","meta":{"footnotes":""},"class_list":["post-6663","page","type-page","status-publish","hentry"],"_links":{"self":[{"href":"http:\/\/www.denkfried.de\/wp\/index.php?rest_route=\/wp\/v2\/pages\/6663","targetHints":{"allow":["GET"]}}],"collection":[{"href":"http:\/\/www.denkfried.de\/wp\/index.php?rest_route=\/wp\/v2\/pages"}],"about":[{"href":"http:\/\/www.denkfried.de\/wp\/index.php?rest_route=\/wp\/v2\/types\/page"}],"author":[{"embeddable":true,"href":"http:\/\/www.denkfried.de\/wp\/index.php?rest_route=\/wp\/v2\/users\/2"}],"replies":[{"embeddable":true,"href":"http:\/\/www.denkfried.de\/wp\/index.php?rest_route=%2Fwp%2Fv2%2Fcomments&post=6663"}],"version-history":[{"count":13,"href":"http:\/\/www.denkfried.de\/wp\/index.php?rest_route=\/wp\/v2\/pages\/6663\/revisions"}],"predecessor-version":[{"id":33279,"href":"http:\/\/www.denkfried.de\/wp\/index.php?rest_route=\/wp\/v2\/pages\/6663\/revisions\/33279"}],"up":[{"embeddable":true,"href":"http:\/\/www.denkfried.de\/wp\/index.php?rest_route=\/wp\/v2\/pages\/6395"}],"wp:attachment":[{"href":"http:\/\/www.denkfried.de\/wp\/index.php?rest_route=%2Fwp%2Fv2%2Fmedia&parent=6663"}],"curies":[{"name":"wp","href":"https:\/\/api.w.org\/{rel}","templated":true}]}}

<p>&nbsp;</p>
<p><span style="text-decoration: underline;">01477 Arnsdorf &#8211; <strong>OT Fischbach</strong></span></p>
<p><strong>DENKMAL</strong><br />
Kriegerdenkmal 1.Weltkrieg</p>
<p><strong>Inschrift:                        </strong></p>
<p style="padding-left: 150px;"><strong>UNSEREN 1914 &#8211; 1918<br />
GEFALLENEN HELDEN</strong></p>
<p>36 Namen davon 2 Namen unleserlich</p>
<p><span style="color: #0000ff;">Die Namen vom Denkmal sind in die Datenbank eingepflegt.</span></p>
<hr />
<p><strong>Kriegsgräberstätte</strong></p>
<p>Im 2. Weltkrieg zogen unendliche Militärkolonnen mit gepanzerten Fahrzeugen in Richtung Böhmen, Polen und Rußland durch Fischbach.<br />
Am 19. April 1945 wurden Flüchtlingstrecks von amerikanischen Tieffliegern auf der Bautzner Landstraße beschossen, wobei 4 Flüchtlinge den Tod fanden.</p>
<address>Böß, geb.Schäfer, Hildegard Ernestine Dora          geb. 23.11.1900     gest.:19.04.1945</address>
<address>Duschurschi, Nadeshda               geb.: 28.07.1921      gest.: 19.04.1945</address>
<address>Pether, Kurt                                     geb.: 15.06.1904      gest.: 19.04.1945</address>
<address> </address>
<p>Am 22. April 1945 wurden im Oberdorf 4 Häuser und in der Waldsiedlung 1 Haus durch Panzer der Roten Armee beschossen und beschädigt. Am gleichen Tag kamen 6 KZ-Häftlinge bei ihrem Todesmarsch von Schwarzheide nach Böhmen ums Leben. Sie sollen von ihren Bewachern erschossen wurden sein.</p>
<p>Auf dem Friedhof des Ortsteiles Fischbach befindet sich das Gemeinschaftsgrab mit Gedenkstein zur Erinnerung an zwei unbekannte polnische und drei deutsche KZ-Häftlinge, die im April 1945 bei einem Todesmarsch des Außenlagers Niesky des KZ Groß-Rosen von SS-Männern ermordet wurden.</p>
<p>Am Ehrenmal ist eine Tafel mit folgenden Wortlaut angebracht:<br />
Ruhestätte für sechs Häftlinge und einen unbekannten polnischen Soldaten.</p>
<p>Die KZ-Häftlinge wurden auf ihrem Todesmarsch nach Theresienstadt<br />
am 22.April 1945in der Nähe des Fischbacher Kreuzes getötet und dort begraben.<br />
Am gleichen Tag kam ein polnischer Soldat bei Kampfhandlungen ums Leben und<br />
wurde auf dem Vogelberg beerdigt. Im Spätsommer 1945 wurden alle exhumiert und<br />
an dieser Stelle mit einer Gedenkfeier würdig bestattet.<br />
Die Gedenkrede hielt damals der Heimatforscher Martin Burkhardt, ehemals selbst<br />
NS-Verfolgter und ab Mai 1945 Bürgermeister von Seeligstadt.</p>
<div id='gallery-1' class='gallery galleryid-6663 gallery-columns-3 gallery-size-thumbnail'><dl class='gallery-item'>
			<dt class='gallery-icon portrait'>
				<a href='http://www.denkfried.de/wp/?attachment_id=6665'><img loading="lazy" decoding="async" width="150" height="150" src="http://www.denkfried.de/wp/wp-content/uploads/2011/05/Denkmal-Fischbach-150x150.jpg" class="attachment-thumbnail size-thumbnail" alt="" /></a>
			</dt></dl><dl class='gallery-item'>
			<dt class='gallery-icon landscape'>
				<a href='http://www.denkfried.de/wp/?attachment_id=6666'><img loading="lazy" decoding="async" width="150" height="150" src="http://www.denkfried.de/wp/wp-content/uploads/2011/05/Fischbach-150x150.jpg" class="attachment-thumbnail size-thumbnail" alt="" /></a>
			</dt></dl><dl class='gallery-item'>
			<dt class='gallery-icon portrait'>
				<a href='http://www.denkfried.de/wp/?attachment_id=6664'><img loading="lazy" decoding="async" width="150" height="150" src="http://www.denkfried.de/wp/wp-content/uploads/2011/05/P1010007-150x150.jpg" class="attachment-thumbnail size-thumbnail" alt="" /></a>
			</dt></dl><br style="clear: both" />
		</div>

<p><span style="color: #0000ff;">Die Namen sind in die Datenbank eingetragen.</span></p>
