{"id":6627,"date":"2011-05-04T21:48:51","date_gmt":"2011-05-04T19:48:51","guid":{"rendered":"http:\/\/www.denkfried.de\/wp\/?page_id=6627"},"modified":"2017-07-19T23:44:40","modified_gmt":"2017-07-19T21:44:40","slug":"weisenberg-nostitz","status":"publish","type":"page","link":"http:\/\/www.denkfried.de\/wp\/?page_id=6627","title":{"rendered":"&#8211; Nostitz"},"content":{"rendered":"<p>&nbsp;<\/p>\n<div id=\"msg_1333\">\n<p><strong>02627 Wei\u00dfenberg-OT Nostitz<\/strong><\/p>\n<p><strong>Kriegsgr\u00e4berst\u00e4tte<\/strong><br \/>\nFriedhof \u00a0 \u00a0 \u00a0 \u00a0 \u00a0 \u00a0 \u00a0 \u00a0 \u00a0 \u00a0 \u00a0 \u00a0 \u00a0 \u00a0 \u00a0 \u00a0 \u00a0 \u00a0 \u00a0 \u00a0 \u00a0 \u00a0 \u00a0 \u00a0 \u00a0 \u00a0 \u00a0 \u00a0 \u00a0 \u00a0 \u00a0Deutschland\/Wei\u00dfenberg-Nostitz<\/p>\n<\/div>\n","protected":false},"excerpt":{"rendered":"<p>&nbsp; 02627 Wei\u00dfenberg-OT Nostitz Kriegsgr\u00e4berst\u00e4tte Friedhof \u00a0 \u00a0 \u00a0 \u00a0 \u00a0 \u00a0 \u00a0 \u00a0 \u00a0 \u00a0 \u00a0 \u00a0 \u00a0 \u00a0 \u00a0 \u00a0 \u00a0 \u00a0 \u00a0 \u00a0 \u00a0 \u00a0 \u00a0 \u00a0 \u00a0 \u00a0 \u00a0 \u00a0 \u00a0 \u00a0 \u00a0Deutschland\/Wei\u00dfenberg-Nostitz<\/p>\n","protected":false},"author":2,"featured_media":0,"parent":6302,"menu_order":0,"comment_status":"closed","ping_status":"open","template":"","meta":{"footnotes":""},"class_list":["post-6627","page","type-page","status-publish","hentry"],"_links":{"self":[{"href":"http:\/\/www.denkfried.de\/wp\/index.php?rest_route=\/wp\/v2\/pages\/6627","targetHints":{"allow":["GET"]}}],"collection":[{"href":"http:\/\/www.denkfried.de\/wp\/index.php?rest_route=\/wp\/v2\/pages"}],"about":[{"href":"http:\/\/www.denkfried.de\/wp\/index.php?rest_route=\/wp\/v2\/types\/page"}],"author":[{"embeddable":true,"href":"http:\/\/www.denkfried.de\/wp\/index.php?rest_route=\/wp\/v2\/users\/2"}],"replies":[{"embeddable":true,"href":"http:\/\/www.denkfried.de\/wp\/index.php?rest_route=%2Fwp%2Fv2%2Fcomments&post=6627"}],"version-history":[{"count":4,"href":"http:\/\/www.denkfried.de\/wp\/index.php?rest_route=\/wp\/v2\/pages\/6627\/revisions"}],"predecessor-version":[{"id":41361,"href":"http:\/\/www.denkfried.de\/wp\/index.php?rest_route=\/wp\/v2\/pages\/6627\/revisions\/41361"}],"up":[{"embeddable":true,"href":"http:\/\/www.denkfried.de\/wp\/index.php?rest_route=\/wp\/v2\/pages\/6302"}],"wp:attachment":[{"href":"http:\/\/www.denkfried.de\/wp\/index.php?rest_route=%2Fwp%2Fv2%2Fmedia&parent=6627"}],"curies":[{"name":"wp","href":"https:\/\/api.w.org\/{rel}","templated":true}]}}

<p>&nbsp;</p>
<div id="msg_1333">
<p><strong>02627 Weißenberg-OT Nostitz</strong></p>
<p><strong>Kriegsgräberstätte</strong><br />
Friedhof                                                              Deutschland/Weißenberg-Nostitz</p>
</div>

<p>&nbsp; 02627 Weißenberg-OT Nostitz Kriegsgräberstätte Friedhof                                                              Deutschland/Weißenberg-Nostitz</p>
