{"id":6565,"date":"2011-05-04T21:04:35","date_gmt":"2011-05-04T19:04:35","guid":{"rendered":"http:\/\/www.denkfried.de\/wp\/?page_id=6565"},"modified":"2015-08-08T16:08:17","modified_gmt":"2015-08-08T14:08:17","slug":"konigsbruck-gefangenenfriedhof","status":"publish","type":"page","link":"http:\/\/www.denkfried.de\/wp\/?page_id=6565","title":{"rendered":"K\u00f6nigsbr\u00fcck  (Gefangenenfriedhof)"},"content":{"rendered":"<p>&nbsp;<\/p>\n<p><strong>Gefangenenfriedhof<\/strong><\/p>\n<p>Der Friedhof liegt au\u00dferhalb des Stadtgebietes in Richtung Hoyerswerda, Lagerstra\u00dfe zwischen K\u00f6nigsbr\u00fcck und Schmorkau.<\/p>\n<p>Hier ruhen Kriegsgefangene des Ersten Weltkrieges aus verschiedenen europ\u00e4ischen L\u00e4ndern. Denkmale erinnern z.B. an franz\u00f6sische, belgische, russische und serbische Soldaten.Einzelne Grabst\u00e4tten sind nicht mehr erkennbar.\u00a0 Unterschiedliche Quellen geben an, das auch russische Kriegsgefangene aus dem 2.Weltkrieg hier bestattet wurden. Insgesamt sollen hier \u00fcber 700 Tote bestattet sein.<\/p>\n<p>1.Foto &#8211; Stele f\u00fcr russische Kriegsgefangene die im 1.Weltkrieg im Lager verstarben.<\/p>\n<div id='gallery-1' class='gallery galleryid-6565 gallery-columns-3 gallery-size-thumbnail'><dl class='gallery-item'>\n\t\t\t<dt class='gallery-icon landscape'>\n\t\t\t\t<a href='http:\/\/www.denkfried.de\/wp\/?attachment_id=6569'><img loading=\"lazy\" decoding=\"async\" width=\"150\" height=\"150\" src=\"http:\/\/www.denkfried.de\/wp\/wp-content\/uploads\/2011\/05\/K\u00f6nigsbr\u00fcck-9-150x150.jpg\" class=\"attachment-thumbnail size-thumbnail\" alt=\"\" \/><\/a>\n\t\t\t<\/dt><\/dl><dl class='gallery-item'>\n\t\t\t<dt class='gallery-icon portrait'>\n\t\t\t\t<a href='http:\/\/www.denkfried.de\/wp\/?attachment_id=6568'><img loading=\"lazy\" decoding=\"async\" width=\"150\" height=\"150\" src=\"http:\/\/www.denkfried.de\/wp\/wp-content\/uploads\/2011\/05\/K\u00f6nigsbr\u00fcck-8-150x150.jpg\" class=\"attachment-thumbnail size-thumbnail\" alt=\"\" \/><\/a>\n\t\t\t<\/dt><\/dl><dl class='gallery-item'>\n\t\t\t<dt class='gallery-icon portrait'>\n\t\t\t\t<a href='http:\/\/www.denkfried.de\/wp\/?attachment_id=6571'><img loading=\"lazy\" decoding=\"async\" width=\"150\" height=\"150\" src=\"http:\/\/www.denkfried.de\/wp\/wp-content\/uploads\/2011\/05\/K\u00f6nigsbr\u00fcck-5-150x150.jpg\" class=\"attachment-thumbnail size-thumbnail\" alt=\"\" \/><\/a>\n\t\t\t<\/dt><\/dl><br style=\"clear: both\" \/><dl class='gallery-item'>\n\t\t\t<dt class='gallery-icon landscape'>\n\t\t\t\t<a href='http:\/\/www.denkfried.de\/wp\/?attachment_id=6570'><img loading=\"lazy\" decoding=\"async\" width=\"150\" height=\"150\" src=\"http:\/\/www.denkfried.de\/wp\/wp-content\/uploads\/2011\/05\/P4120016-150x150.jpg\" class=\"attachment-thumbnail size-thumbnail\" alt=\"\" \/><\/a>\n\t\t\t<\/dt><\/dl><dl class='gallery-item'>\n\t\t\t<dt class='gallery-icon portrait'>\n\t\t\t\t<a href='http:\/\/www.denkfried.de\/wp\/?attachment_id=6567'><img loading=\"lazy\" decoding=\"async\" width=\"150\" height=\"150\" src=\"http:\/\/www.denkfried.de\/wp\/wp-content\/uploads\/2011\/05\/K\u00f6nigsbr\u00fcck-7-150x150.jpg\" class=\"attachment-thumbnail size-thumbnail\" alt=\"\" \/><\/a>\n\t\t\t<\/dt><\/dl><dl class='gallery-item'>\n\t\t\t<dt class='gallery-icon landscape'>\n\t\t\t\t<a href='http:\/\/www.denkfried.de\/wp\/?attachment_id=6566'><img loading=\"lazy\" decoding=\"async\" width=\"150\" height=\"150\" src=\"http:\/\/www.denkfried.de\/wp\/wp-content\/uploads\/2011\/05\/K\u00f6nigsbr\u00fcck-6-150x150.jpg\" class=\"attachment-thumbnail size-thumbnail\" alt=\"\" \/><\/a>\n\t\t\t<\/dt><\/dl><br style=\"clear: both\" \/>\n\t\t<\/div>\n\n","protected":false},"excerpt":{"rendered":"<p>&nbsp; Gefangenenfriedhof Der Friedhof liegt au\u00dferhalb des Stadtgebietes in Richtung Hoyerswerda, Lagerstra\u00dfe zwischen K\u00f6nigsbr\u00fcck und Schmorkau. Hier ruhen Kriegsgefangene des Ersten Weltkrieges aus verschiedenen europ\u00e4ischen L\u00e4ndern. Denkmale erinnern z.B. an franz\u00f6sische, belgische, russische und serbische Soldaten.Einzelne Grabst\u00e4tten sind nicht mehr &hellip; <a href=\"http:\/\/www.denkfried.de\/wp\/?page_id=6565\">Weiterlesen <span class=\"meta-nav\">&rarr;<\/span><\/a><\/p>\n","protected":false},"author":2,"featured_media":0,"parent":6544,"menu_order":0,"comment_status":"closed","ping_status":"open","template":"","meta":{"footnotes":""},"class_list":["post-6565","page","type-page","status-publish","hentry"],"_links":{"self":[{"href":"http:\/\/www.denkfried.de\/wp\/index.php?rest_route=\/wp\/v2\/pages\/6565","targetHints":{"allow":["GET"]}}],"collection":[{"href":"http:\/\/www.denkfried.de\/wp\/index.php?rest_route=\/wp\/v2\/pages"}],"about":[{"href":"http:\/\/www.denkfried.de\/wp\/index.php?rest_route=\/wp\/v2\/types\/page"}],"author":[{"embeddable":true,"href":"http:\/\/www.denkfried.de\/wp\/index.php?rest_route=\/wp\/v2\/users\/2"}],"replies":[{"embeddable":true,"href":"http:\/\/www.denkfried.de\/wp\/index.php?rest_route=%2Fwp%2Fv2%2Fcomments&post=6565"}],"version-history":[{"count":5,"href":"http:\/\/www.denkfried.de\/wp\/index.php?rest_route=\/wp\/v2\/pages\/6565\/revisions"}],"predecessor-version":[{"id":38867,"href":"http:\/\/www.denkfried.de\/wp\/index.php?rest_route=\/wp\/v2\/pages\/6565\/revisions\/38867"}],"up":[{"embeddable":true,"href":"http:\/\/www.denkfried.de\/wp\/index.php?rest_route=\/wp\/v2\/pages\/6544"}],"wp:attachment":[{"href":"http:\/\/www.denkfried.de\/wp\/index.php?rest_route=%2Fwp%2Fv2%2Fmedia&parent=6565"}],"curies":[{"name":"wp","href":"https:\/\/api.w.org\/{rel}","templated":true}]}}

Königsbrück  (Gefangenenfriedhof)

<p>&nbsp;</p>
<p><strong>Gefangenenfriedhof</strong></p>
<p>Der Friedhof liegt außerhalb des Stadtgebietes in Richtung Hoyerswerda, Lagerstraße zwischen Königsbrück und Schmorkau.</p>
<p>Hier ruhen Kriegsgefangene des Ersten Weltkrieges aus verschiedenen europäischen Ländern. Denkmale erinnern z.B. an französische, belgische, russische und serbische Soldaten.Einzelne Grabstätten sind nicht mehr erkennbar.  Unterschiedliche Quellen geben an, das auch russische Kriegsgefangene aus dem 2.Weltkrieg hier bestattet wurden. Insgesamt sollen hier über 700 Tote bestattet sein.</p>
<p>1.Foto &#8211; Stele für russische Kriegsgefangene die im 1.Weltkrieg im Lager verstarben.</p>
<div id='gallery-1' class='gallery galleryid-6565 gallery-columns-3 gallery-size-thumbnail'><dl class='gallery-item'>
			<dt class='gallery-icon landscape'>
				<a href='http://www.denkfried.de/wp/?attachment_id=6569'><img loading="lazy" decoding="async" width="150" height="150" src="http://www.denkfried.de/wp/wp-content/uploads/2011/05/Königsbrück-9-150x150.jpg" class="attachment-thumbnail size-thumbnail" alt="" /></a>
			</dt></dl><dl class='gallery-item'>
			<dt class='gallery-icon portrait'>
				<a href='http://www.denkfried.de/wp/?attachment_id=6568'><img loading="lazy" decoding="async" width="150" height="150" src="http://www.denkfried.de/wp/wp-content/uploads/2011/05/Königsbrück-8-150x150.jpg" class="attachment-thumbnail size-thumbnail" alt="" /></a>
			</dt></dl><dl class='gallery-item'>
			<dt class='gallery-icon portrait'>
				<a href='http://www.denkfried.de/wp/?attachment_id=6571'><img loading="lazy" decoding="async" width="150" height="150" src="http://www.denkfried.de/wp/wp-content/uploads/2011/05/Königsbrück-5-150x150.jpg" class="attachment-thumbnail size-thumbnail" alt="" /></a>
			</dt></dl><br style="clear: both" /><dl class='gallery-item'>
			<dt class='gallery-icon landscape'>
				<a href='http://www.denkfried.de/wp/?attachment_id=6570'><img loading="lazy" decoding="async" width="150" height="150" src="http://www.denkfried.de/wp/wp-content/uploads/2011/05/P4120016-150x150.jpg" class="attachment-thumbnail size-thumbnail" alt="" /></a>
			</dt></dl><dl class='gallery-item'>
			<dt class='gallery-icon portrait'>
				<a href='http://www.denkfried.de/wp/?attachment_id=6567'><img loading="lazy" decoding="async" width="150" height="150" src="http://www.denkfried.de/wp/wp-content/uploads/2011/05/Königsbrück-7-150x150.jpg" class="attachment-thumbnail size-thumbnail" alt="" /></a>
			</dt></dl><dl class='gallery-item'>
			<dt class='gallery-icon landscape'>
				<a href='http://www.denkfried.de/wp/?attachment_id=6566'><img loading="lazy" decoding="async" width="150" height="150" src="http://www.denkfried.de/wp/wp-content/uploads/2011/05/Königsbrück-6-150x150.jpg" class="attachment-thumbnail size-thumbnail" alt="" /></a>
			</dt></dl><br style="clear: both" />
		</div>

<p>&nbsp; Gefangenenfriedhof Der Friedhof liegt außerhalb des Stadtgebietes in Richtung Hoyerswerda, Lagerstraße zwischen Königsbrück und Schmorkau. Hier ruhen Kriegsgefangene des Ersten Weltkrieges aus verschiedenen europäischen Ländern. Denkmale erinnern z.B. an französische, belgische, russische und serbische Soldaten.Einzelne Grabstätten sind nicht mehr &hellip; <a href="http://www.denkfried.de/wp/?page_id=6565">Weiterlesen <span class="meta-nav">&rarr;</span></a></p>
