{"id":5665,"date":"2011-05-01T14:38:38","date_gmt":"2011-05-01T12:38:38","guid":{"rendered":"http:\/\/www.denkfried.de\/wp\/?page_id=5665"},"modified":"2016-06-21T22:02:01","modified_gmt":"2016-06-21T20:02:01","slug":"lunow-stolzenhagen","status":"publish","type":"page","link":"http:\/\/www.denkfried.de\/wp\/?page_id=5665","title":{"rendered":"Lunow-Stolzenhagen"},"content":{"rendered":"<p><a href=\"http:\/\/www.denkfried.de\/wp\/?attachment_id=40817\" rel=\"attachment wp-att-40817\"><img loading=\"lazy\" decoding=\"async\" class=\"wp-image-40817 alignleft\" src=\"http:\/\/www.denkfried.de\/wp\/wp-content\/uploads\/2011\/05\/Wappen-Stolzenhagen.png\" alt=\"Wappen-Stolzenhagen\" width=\"103\" height=\"115\" \/><\/a><\/p>\n<p><strong>16248 Lunow-Stolzenhagen\/Oder<\/strong><\/p>\n<p>Lunow-Stolzenhagen ist eine Gemeinde am nord\u00f6stlichen Rand des Landkreises.<\/p>\n<p>&nbsp;<\/p>\n<p>Kriegsgr\u00e4berst\u00e4tte in Lunow<br \/>\nBegr\u00e4bnisst\u00e4tte der Roten Armee auf dem Dorfplatz<\/p>\n<p>Kriegsgr\u00e4berst\u00e4tte in Stolzenhagen<br \/>\nBegr\u00e4bnisst\u00e4tte der Roten Armee<\/p>\n<p>Kriegsgr\u00e4berst\u00e4tte in Stolzenhagen<br \/>\nEhrenfriedhof auf der Anh\u00f6he &#8222;Im H\u00f6lzchen&#8220; f\u00fcr 10 sowj.Kriegsgefangene, die am Ende des Zweiten Weltkrieges an den Folgen der Zwangsarbeit gestorben sind.<\/p>\n","protected":false},"excerpt":{"rendered":"<p>16248 Lunow-Stolzenhagen\/Oder Lunow-Stolzenhagen ist eine Gemeinde am nord\u00f6stlichen Rand des Landkreises. &nbsp; Kriegsgr\u00e4berst\u00e4tte in Lunow Begr\u00e4bnisst\u00e4tte der Roten Armee auf dem Dorfplatz Kriegsgr\u00e4berst\u00e4tte in Stolzenhagen Begr\u00e4bnisst\u00e4tte der Roten Armee Kriegsgr\u00e4berst\u00e4tte in Stolzenhagen Ehrenfriedhof auf der Anh\u00f6he &#8222;Im H\u00f6lzchen&#8220; f\u00fcr 10 &hellip; <a href=\"http:\/\/www.denkfried.de\/wp\/?page_id=5665\">Weiterlesen <span class=\"meta-nav\">&rarr;<\/span><\/a><\/p>\n","protected":false},"author":2,"featured_media":0,"parent":4625,"menu_order":0,"comment_status":"closed","ping_status":"open","template":"","meta":{"footnotes":""},"class_list":["post-5665","page","type-page","status-publish","hentry"],"_links":{"self":[{"href":"http:\/\/www.denkfried.de\/wp\/index.php?rest_route=\/wp\/v2\/pages\/5665","targetHints":{"allow":["GET"]}}],"collection":[{"href":"http:\/\/www.denkfried.de\/wp\/index.php?rest_route=\/wp\/v2\/pages"}],"about":[{"href":"http:\/\/www.denkfried.de\/wp\/index.php?rest_route=\/wp\/v2\/types\/page"}],"author":[{"embeddable":true,"href":"http:\/\/www.denkfried.de\/wp\/index.php?rest_route=\/wp\/v2\/users\/2"}],"replies":[{"embeddable":true,"href":"http:\/\/www.denkfried.de\/wp\/index.php?rest_route=%2Fwp%2Fv2%2Fcomments&post=5665"}],"version-history":[{"count":3,"href":"http:\/\/www.denkfried.de\/wp\/index.php?rest_route=\/wp\/v2\/pages\/5665\/revisions"}],"predecessor-version":[{"id":40818,"href":"http:\/\/www.denkfried.de\/wp\/index.php?rest_route=\/wp\/v2\/pages\/5665\/revisions\/40818"}],"up":[{"embeddable":true,"href":"http:\/\/www.denkfried.de\/wp\/index.php?rest_route=\/wp\/v2\/pages\/4625"}],"wp:attachment":[{"href":"http:\/\/www.denkfried.de\/wp\/index.php?rest_route=%2Fwp%2Fv2%2Fmedia&parent=5665"}],"curies":[{"name":"wp","href":"https:\/\/api.w.org\/{rel}","templated":true}]}}

<p><a href="http://www.denkfried.de/wp/?attachment_id=40817" rel="attachment wp-att-40817"><img loading="lazy" decoding="async" class="wp-image-40817 alignleft" src="http://www.denkfried.de/wp/wp-content/uploads/2011/05/Wappen-Stolzenhagen.png" alt="Wappen-Stolzenhagen" width="103" height="115" /></a></p>
<p><strong>16248 Lunow-Stolzenhagen/Oder</strong></p>
<p>Lunow-Stolzenhagen ist eine Gemeinde am nordöstlichen Rand des Landkreises.</p>
<p>&nbsp;</p>
<p>Kriegsgräberstätte in Lunow<br />
Begräbnisstätte der Roten Armee auf dem Dorfplatz</p>
<p>Kriegsgräberstätte in Stolzenhagen<br />
Begräbnisstätte der Roten Armee</p>
<p>Kriegsgräberstätte in Stolzenhagen<br />
Ehrenfriedhof auf der Anhöhe &#8222;Im Hölzchen&#8220; für 10 sowj.Kriegsgefangene, die am Ende des Zweiten Weltkrieges an den Folgen der Zwangsarbeit gestorben sind.</p>

<p>16248 Lunow-Stolzenhagen/Oder Lunow-Stolzenhagen ist eine Gemeinde am nordöstlichen Rand des Landkreises. &nbsp; Kriegsgräberstätte in Lunow Begräbnisstätte der Roten Armee auf dem Dorfplatz Kriegsgräberstätte in Stolzenhagen Begräbnisstätte der Roten Armee Kriegsgräberstätte in Stolzenhagen Ehrenfriedhof auf der Anhöhe &#8222;Im Hölzchen&#8220; für 10 &hellip; <a href="http://www.denkfried.de/wp/?page_id=5665">Weiterlesen <span class="meta-nav">&rarr;</span></a></p>
