{"id":5508,"date":"2011-04-30T18:22:01","date_gmt":"2011-04-30T16:22:01","guid":{"rendered":"http:\/\/www.denkfried.de\/wp\/?page_id=5508"},"modified":"2011-04-30T18:22:01","modified_gmt":"2011-04-30T16:22:01","slug":"zeuthen","status":"publish","type":"page","link":"http:\/\/www.denkfried.de\/wp\/?page_id=5508","title":{"rendered":"Zeuthen"},"content":{"rendered":"<p>&nbsp;<\/p>\n<p><strong>15738 Zeuthen<\/strong><\/p>\n<p>Zeuthen liegt am s\u00fcd\u00f6stlichen Stadtrand Berlins.<\/p>\n<p>Ehrenfriedhof<br \/>\nSowjetischer  Ehrenfriedhof von 1949 an der Dorfstra\u00dfe im Ortsteil Miersdorf,  Dorfstra\u00dfe\/Am Pulverberg,\u00a0 f\u00fcr 449 sowj.Soldaten sowie Zivilpersonen zu  denen wahrscheinlich auch Kriegsgefangene und Zwangsarbeiter aus  Frankreich geh\u00f6rten.<\/p>\n<p>&nbsp;<\/p>\n","protected":false},"excerpt":{"rendered":"<p>&nbsp; 15738 Zeuthen Zeuthen liegt am s\u00fcd\u00f6stlichen Stadtrand Berlins. Ehrenfriedhof Sowjetischer Ehrenfriedhof von 1949 an der Dorfstra\u00dfe im Ortsteil Miersdorf, Dorfstra\u00dfe\/Am Pulverberg,\u00a0 f\u00fcr 449 sowj.Soldaten sowie Zivilpersonen zu denen wahrscheinlich auch Kriegsgefangene und Zwangsarbeiter aus Frankreich geh\u00f6rten. &nbsp;<\/p>\n","protected":false},"author":2,"featured_media":0,"parent":5431,"menu_order":0,"comment_status":"closed","ping_status":"open","template":"","meta":{"footnotes":""},"class_list":["post-5508","page","type-page","status-publish","hentry"],"_links":{"self":[{"href":"http:\/\/www.denkfried.de\/wp\/index.php?rest_route=\/wp\/v2\/pages\/5508","targetHints":{"allow":["GET"]}}],"collection":[{"href":"http:\/\/www.denkfried.de\/wp\/index.php?rest_route=\/wp\/v2\/pages"}],"about":[{"href":"http:\/\/www.denkfried.de\/wp\/index.php?rest_route=\/wp\/v2\/types\/page"}],"author":[{"embeddable":true,"href":"http:\/\/www.denkfried.de\/wp\/index.php?rest_route=\/wp\/v2\/users\/2"}],"replies":[{"embeddable":true,"href":"http:\/\/www.denkfried.de\/wp\/index.php?rest_route=%2Fwp%2Fv2%2Fcomments&post=5508"}],"version-history":[{"count":2,"href":"http:\/\/www.denkfried.de\/wp\/index.php?rest_route=\/wp\/v2\/pages\/5508\/revisions"}],"predecessor-version":[{"id":5510,"href":"http:\/\/www.denkfried.de\/wp\/index.php?rest_route=\/wp\/v2\/pages\/5508\/revisions\/5510"}],"up":[{"embeddable":true,"href":"http:\/\/www.denkfried.de\/wp\/index.php?rest_route=\/wp\/v2\/pages\/5431"}],"wp:attachment":[{"href":"http:\/\/www.denkfried.de\/wp\/index.php?rest_route=%2Fwp%2Fv2%2Fmedia&parent=5508"}],"curies":[{"name":"wp","href":"https:\/\/api.w.org\/{rel}","templated":true}]}}

<p>&nbsp;</p>
<p><strong>15738 Zeuthen</strong></p>
<p>Zeuthen liegt am südöstlichen Stadtrand Berlins.</p>
<p>Ehrenfriedhof<br />
Sowjetischer  Ehrenfriedhof von 1949 an der Dorfstraße im Ortsteil Miersdorf,  Dorfstraße/Am Pulverberg,  für 449 sowj.Soldaten sowie Zivilpersonen zu  denen wahrscheinlich auch Kriegsgefangene und Zwangsarbeiter aus  Frankreich gehörten.</p>
<p>&nbsp;</p>

<p>&nbsp; 15738 Zeuthen Zeuthen liegt am südöstlichen Stadtrand Berlins. Ehrenfriedhof Sowjetischer Ehrenfriedhof von 1949 an der Dorfstraße im Ortsteil Miersdorf, Dorfstraße/Am Pulverberg,  für 449 sowj.Soldaten sowie Zivilpersonen zu denen wahrscheinlich auch Kriegsgefangene und Zwangsarbeiter aus Frankreich gehörten. &nbsp;</p>
