{"id":5491,"date":"2011-04-30T18:13:51","date_gmt":"2011-04-30T16:13:51","guid":{"rendered":"http:\/\/www.denkfried.de\/wp\/?page_id=5491"},"modified":"2016-11-22T14:18:24","modified_gmt":"2016-11-22T13:18:24","slug":"konigs-wusterhausen-zernsdorf","status":"publish","type":"page","link":"http:\/\/www.denkfried.de\/wp\/?page_id=5491","title":{"rendered":"&#8211; Zernsdorf"},"content":{"rendered":"<p>&nbsp;<\/p>\n<p><strong>15712 K\u00f6nigs Wusterhausen &#8211; Zernsdorf<\/strong><\/p>\n<p><strong>DENKMAL<\/strong><br \/>\nKriegerdenkmal auf dem Friedhof<\/p>\n<hr \/>\n<p><strong>Kriegsgr\u00e4berst\u00e4tte<\/strong><br \/>\nauf dem Friedhof 8 Kriegstote<\/p>\n<p>&nbsp;<\/p>\n","protected":false},"excerpt":{"rendered":"<p>&nbsp; 15712 K\u00f6nigs Wusterhausen &#8211; Zernsdorf DENKMAL Kriegerdenkmal auf dem Friedhof Kriegsgr\u00e4berst\u00e4tte auf dem Friedhof 8 Kriegstote &nbsp;<\/p>\n","protected":false},"author":2,"featured_media":0,"parent":5482,"menu_order":0,"comment_status":"closed","ping_status":"open","template":"","meta":{"footnotes":""},"class_list":["post-5491","page","type-page","status-publish","hentry"],"_links":{"self":[{"href":"http:\/\/www.denkfried.de\/wp\/index.php?rest_route=\/wp\/v2\/pages\/5491","targetHints":{"allow":["GET"]}}],"collection":[{"href":"http:\/\/www.denkfried.de\/wp\/index.php?rest_route=\/wp\/v2\/pages"}],"about":[{"href":"http:\/\/www.denkfried.de\/wp\/index.php?rest_route=\/wp\/v2\/types\/page"}],"author":[{"embeddable":true,"href":"http:\/\/www.denkfried.de\/wp\/index.php?rest_route=\/wp\/v2\/users\/2"}],"replies":[{"embeddable":true,"href":"http:\/\/www.denkfried.de\/wp\/index.php?rest_route=%2Fwp%2Fv2%2Fcomments&post=5491"}],"version-history":[{"count":3,"href":"http:\/\/www.denkfried.de\/wp\/index.php?rest_route=\/wp\/v2\/pages\/5491\/revisions"}],"predecessor-version":[{"id":40961,"href":"http:\/\/www.denkfried.de\/wp\/index.php?rest_route=\/wp\/v2\/pages\/5491\/revisions\/40961"}],"up":[{"embeddable":true,"href":"http:\/\/www.denkfried.de\/wp\/index.php?rest_route=\/wp\/v2\/pages\/5482"}],"wp:attachment":[{"href":"http:\/\/www.denkfried.de\/wp\/index.php?rest_route=%2Fwp%2Fv2%2Fmedia&parent=5491"}],"curies":[{"name":"wp","href":"https:\/\/api.w.org\/{rel}","templated":true}]}}

<p>&nbsp;</p>
<p><strong>15712 Königs Wusterhausen &#8211; Zernsdorf</strong></p>
<p><strong>DENKMAL</strong><br />
Kriegerdenkmal auf dem Friedhof</p>
<hr />
<p><strong>Kriegsgräberstätte</strong><br />
auf dem Friedhof 8 Kriegstote</p>
<p>&nbsp;</p>

<p>&nbsp; 15712 Königs Wusterhausen &#8211; Zernsdorf DENKMAL Kriegerdenkmal auf dem Friedhof Kriegsgräberstätte auf dem Friedhof 8 Kriegstote &nbsp;</p>
