{"id":5482,"date":"2011-04-30T18:09:45","date_gmt":"2011-04-30T16:09:45","guid":{"rendered":"http:\/\/www.denkfried.de\/wp\/?page_id=5482"},"modified":"2012-08-25T15:53:17","modified_gmt":"2012-08-25T13:53:17","slug":"konigs-wusterhausen","status":"publish","type":"page","link":"http:\/\/www.denkfried.de\/wp\/?page_id=5482","title":{"rendered":"K\u00f6nigs Wusterhausen"},"content":{"rendered":"<p>&nbsp;<\/p>\n<p><strong>15711 K\u00f6nigs Wusterhausen<\/strong><\/p>\n<p><a href=\"http:\/\/www.denkfried.de\/wp\/?page_id=24515\">K\u00f6nigs Wusterhausen &#8211; Friedhof<\/a><\/p>\n<p><strong>Ortsteile:<\/strong><\/p>\n<ul>\n<li><a href=\"http:\/\/www.denkfried.de\/wp\/?page_id=5485\">Niederlehme<\/a><\/li>\n<li><a href=\"http:\/\/www.denkfried.de\/wp\/?page_id=5488\">Wernsdorf<\/a><\/li>\n<li><a href=\"http:\/\/www.denkfried.de\/wp\/?page_id=5491\">Zernsdorf<\/a><\/li>\n<\/ul>\n<hr \/>\n<p>Gedenkstein f\u00fcr Verfolgte des Naziregimes (VdN), f\u00fcr die gefallenen Antifaschisten der Stadt und die Gefangenen des KZ-Au\u00dfenlagers<\/p>\n<p>Gedenken auf dem Friedhof an der Berliner Stra\u00dfe an 15 polnische Zwangsarbeiter aus dem Lager Krebssee, die Gleisbau-und Fundamentierungsarbeiten verrichten mu\u00dften.<\/p>\n<p>\u00dcber Anzahl der Kriegsgr\u00e4ber und der Bestatteten liegen kein Informationen vor.<\/p>\n<p>&nbsp;<\/p>\n<p>&nbsp;<\/p>\n","protected":false},"excerpt":{"rendered":"<p>&nbsp; 15711 K\u00f6nigs Wusterhausen K\u00f6nigs Wusterhausen &#8211; Friedhof Ortsteile: Niederlehme Wernsdorf Zernsdorf Gedenkstein f\u00fcr Verfolgte des Naziregimes (VdN), f\u00fcr die gefallenen Antifaschisten der Stadt und die Gefangenen des KZ-Au\u00dfenlagers Gedenken auf dem Friedhof an der Berliner Stra\u00dfe an 15 polnische &hellip; <a href=\"http:\/\/www.denkfried.de\/wp\/?page_id=5482\">Weiterlesen <span class=\"meta-nav\">&rarr;<\/span><\/a><\/p>\n","protected":false},"author":2,"featured_media":0,"parent":5431,"menu_order":0,"comment_status":"closed","ping_status":"open","template":"","meta":{"footnotes":""},"class_list":["post-5482","page","type-page","status-publish","hentry"],"_links":{"self":[{"href":"http:\/\/www.denkfried.de\/wp\/index.php?rest_route=\/wp\/v2\/pages\/5482","targetHints":{"allow":["GET"]}}],"collection":[{"href":"http:\/\/www.denkfried.de\/wp\/index.php?rest_route=\/wp\/v2\/pages"}],"about":[{"href":"http:\/\/www.denkfried.de\/wp\/index.php?rest_route=\/wp\/v2\/types\/page"}],"author":[{"embeddable":true,"href":"http:\/\/www.denkfried.de\/wp\/index.php?rest_route=\/wp\/v2\/users\/2"}],"replies":[{"embeddable":true,"href":"http:\/\/www.denkfried.de\/wp\/index.php?rest_route=%2Fwp%2Fv2%2Fcomments&post=5482"}],"version-history":[{"count":6,"href":"http:\/\/www.denkfried.de\/wp\/index.php?rest_route=\/wp\/v2\/pages\/5482\/revisions"}],"predecessor-version":[{"id":24565,"href":"http:\/\/www.denkfried.de\/wp\/index.php?rest_route=\/wp\/v2\/pages\/5482\/revisions\/24565"}],"up":[{"embeddable":true,"href":"http:\/\/www.denkfried.de\/wp\/index.php?rest_route=\/wp\/v2\/pages\/5431"}],"wp:attachment":[{"href":"http:\/\/www.denkfried.de\/wp\/index.php?rest_route=%2Fwp%2Fv2%2Fmedia&parent=5482"}],"curies":[{"name":"wp","href":"https:\/\/api.w.org\/{rel}","templated":true}]}}

Königs Wusterhausen

<p>&nbsp;</p>
<p><strong>15711 Königs Wusterhausen</strong></p>
<p><a href="http://www.denkfried.de/wp/?page_id=24515">Königs Wusterhausen &#8211; Friedhof</a></p>
<p><strong>Ortsteile:</strong></p>
<ul>
<li><a href="http://www.denkfried.de/wp/?page_id=5485">Niederlehme</a></li>
<li><a href="http://www.denkfried.de/wp/?page_id=5488">Wernsdorf</a></li>
<li><a href="http://www.denkfried.de/wp/?page_id=5491">Zernsdorf</a></li>
</ul>
<hr />
<p>Gedenkstein für Verfolgte des Naziregimes (VdN), für die gefallenen Antifaschisten der Stadt und die Gefangenen des KZ-Außenlagers</p>
<p>Gedenken auf dem Friedhof an der Berliner Straße an 15 polnische Zwangsarbeiter aus dem Lager Krebssee, die Gleisbau-und Fundamentierungsarbeiten verrichten mußten.</p>
<p>Über Anzahl der Kriegsgräber und der Bestatteten liegen kein Informationen vor.</p>
<p>&nbsp;</p>
<p>&nbsp;</p>

<p>&nbsp; 15711 Königs Wusterhausen Königs Wusterhausen &#8211; Friedhof Ortsteile: Niederlehme Wernsdorf Zernsdorf Gedenkstein für Verfolgte des Naziregimes (VdN), für die gefallenen Antifaschisten der Stadt und die Gefangenen des KZ-Außenlagers Gedenken auf dem Friedhof an der Berliner Straße an 15 polnische &hellip; <a href="http://www.denkfried.de/wp/?page_id=5482">Weiterlesen <span class="meta-nav">&rarr;</span></a></p>
