{"id":5466,"date":"2011-04-30T17:31:20","date_gmt":"2011-04-30T15:31:20","guid":{"rendered":"http:\/\/www.denkfried.de\/wp\/?page_id=5466"},"modified":"2011-04-30T17:31:20","modified_gmt":"2011-04-30T15:31:20","slug":"heidesee-grabendorf","status":"publish","type":"page","link":"http:\/\/www.denkfried.de\/wp\/?page_id=5466","title":{"rendered":"Heidesee-Gr\u00e4bendorf"},"content":{"rendered":"<p>&nbsp;<\/p>\n<p><strong>15754 Heidesee &#8211; OT Gr\u00e4bendorf<\/strong><\/p>\n<p><strong>Kriegsgr\u00e4berst\u00e4tte<\/strong><br \/>\nSowjetischer Ehrenfriedhof f\u00fcr 78 gefallene sowj.Soldaten und Offiziere, \u00a0Karl-Woitschach-Stra\u00dfe<\/p>\n<hr \/>\n<p><strong>Kriegsgr\u00e4berst\u00e4tte<\/strong><br \/>\nauf dem Neuen Friedhof<br \/>\nGr\u00e4berfeld mit 9 unbekannte deutsche Soldaten<\/p>\n<hr \/>\n<p><strong>DENKMAL<\/strong><br \/>\nHelden-Denkmal f\u00fcr die Gefallenen des Ersten Weltkrieges (Einweihung 14.07.1921)<\/p>\n","protected":false},"excerpt":{"rendered":"<p>&nbsp; 15754 Heidesee &#8211; OT Gr\u00e4bendorf Kriegsgr\u00e4berst\u00e4tte Sowjetischer Ehrenfriedhof f\u00fcr 78 gefallene sowj.Soldaten und Offiziere, \u00a0Karl-Woitschach-Stra\u00dfe Kriegsgr\u00e4berst\u00e4tte auf dem Neuen Friedhof Gr\u00e4berfeld mit 9 unbekannte deutsche Soldaten DENKMAL Helden-Denkmal f\u00fcr die Gefallenen des Ersten Weltkrieges (Einweihung 14.07.1921)<\/p>\n","protected":false},"author":2,"featured_media":0,"parent":5463,"menu_order":0,"comment_status":"closed","ping_status":"open","template":"","meta":{"footnotes":""},"class_list":["post-5466","page","type-page","status-publish","hentry"],"_links":{"self":[{"href":"http:\/\/www.denkfried.de\/wp\/index.php?rest_route=\/wp\/v2\/pages\/5466","targetHints":{"allow":["GET"]}}],"collection":[{"href":"http:\/\/www.denkfried.de\/wp\/index.php?rest_route=\/wp\/v2\/pages"}],"about":[{"href":"http:\/\/www.denkfried.de\/wp\/index.php?rest_route=\/wp\/v2\/types\/page"}],"author":[{"embeddable":true,"href":"http:\/\/www.denkfried.de\/wp\/index.php?rest_route=\/wp\/v2\/users\/2"}],"replies":[{"embeddable":true,"href":"http:\/\/www.denkfried.de\/wp\/index.php?rest_route=%2Fwp%2Fv2%2Fcomments&post=5466"}],"version-history":[{"count":2,"href":"http:\/\/www.denkfried.de\/wp\/index.php?rest_route=\/wp\/v2\/pages\/5466\/revisions"}],"predecessor-version":[{"id":5468,"href":"http:\/\/www.denkfried.de\/wp\/index.php?rest_route=\/wp\/v2\/pages\/5466\/revisions\/5468"}],"up":[{"embeddable":true,"href":"http:\/\/www.denkfried.de\/wp\/index.php?rest_route=\/wp\/v2\/pages\/5463"}],"wp:attachment":[{"href":"http:\/\/www.denkfried.de\/wp\/index.php?rest_route=%2Fwp%2Fv2%2Fmedia&parent=5466"}],"curies":[{"name":"wp","href":"https:\/\/api.w.org\/{rel}","templated":true}]}}

Heidesee-Gräbendorf

<p>&nbsp;</p>
<p><strong>15754 Heidesee &#8211; OT Gräbendorf</strong></p>
<p><strong>Kriegsgräberstätte</strong><br />
Sowjetischer Ehrenfriedhof für 78 gefallene sowj.Soldaten und Offiziere,  Karl-Woitschach-Straße</p>
<hr />
<p><strong>Kriegsgräberstätte</strong><br />
auf dem Neuen Friedhof<br />
Gräberfeld mit 9 unbekannte deutsche Soldaten</p>
<hr />
<p><strong>DENKMAL</strong><br />
Helden-Denkmal für die Gefallenen des Ersten Weltkrieges (Einweihung 14.07.1921)</p>

<p>&nbsp; 15754 Heidesee &#8211; OT Gräbendorf Kriegsgräberstätte Sowjetischer Ehrenfriedhof für 78 gefallene sowj.Soldaten und Offiziere,  Karl-Woitschach-Straße Kriegsgräberstätte auf dem Neuen Friedhof Gräberfeld mit 9 unbekannte deutsche Soldaten DENKMAL Helden-Denkmal für die Gefallenen des Ersten Weltkrieges (Einweihung 14.07.1921)</p>
