{"id":5383,"date":"2011-04-30T15:20:36","date_gmt":"2011-04-30T13:20:36","guid":{"rendered":"http:\/\/www.denkfried.de\/wp\/?page_id=5383"},"modified":"2011-04-30T15:20:36","modified_gmt":"2011-04-30T13:20:36","slug":"falkenbergelster","status":"publish","type":"page","link":"http:\/\/www.denkfried.de\/wp\/?page_id=5383","title":{"rendered":"Falkenberg\/Elster"},"content":{"rendered":"<p>&nbsp;<\/p>\n<p><strong>04895 Falkenberg\/Elster<\/strong><\/p>\n<p>Falkenberg liegt ca.90 km s\u00fcdlich von Berlin.<\/p>\n<hr \/>\n<p>Kommunalfriedhof<br \/>\nBurghard, Eugen<br \/>\nNitsche, Hans-Joachim<br \/>\nR\u00f6sch, Reinhard<br \/>\nSpring, Hans-Paul<\/p>\n<hr \/>\n<p><strong>DENKMAL<\/strong><br \/>\nEhrenmal f\u00fcr die Gefallenen des Ersten Weltkrieges, vor der Jusus-Christus-Kirche, Ludwig-Jahn-Stra\u00dfe<\/p>\n<p>&nbsp;<\/p>\n","protected":false},"excerpt":{"rendered":"<p>&nbsp; 04895 Falkenberg\/Elster Falkenberg liegt ca.90 km s\u00fcdlich von Berlin. Kommunalfriedhof Burghard, Eugen Nitsche, Hans-Joachim R\u00f6sch, Reinhard Spring, Hans-Paul DENKMAL Ehrenmal f\u00fcr die Gefallenen des Ersten Weltkrieges, vor der Jusus-Christus-Kirche, Ludwig-Jahn-Stra\u00dfe &nbsp;<\/p>\n","protected":false},"author":2,"featured_media":0,"parent":5344,"menu_order":0,"comment_status":"closed","ping_status":"open","template":"","meta":{"footnotes":""},"class_list":["post-5383","page","type-page","status-publish","hentry"],"_links":{"self":[{"href":"http:\/\/www.denkfried.de\/wp\/index.php?rest_route=\/wp\/v2\/pages\/5383","targetHints":{"allow":["GET"]}}],"collection":[{"href":"http:\/\/www.denkfried.de\/wp\/index.php?rest_route=\/wp\/v2\/pages"}],"about":[{"href":"http:\/\/www.denkfried.de\/wp\/index.php?rest_route=\/wp\/v2\/types\/page"}],"author":[{"embeddable":true,"href":"http:\/\/www.denkfried.de\/wp\/index.php?rest_route=\/wp\/v2\/users\/2"}],"replies":[{"embeddable":true,"href":"http:\/\/www.denkfried.de\/wp\/index.php?rest_route=%2Fwp%2Fv2%2Fcomments&post=5383"}],"version-history":[{"count":3,"href":"http:\/\/www.denkfried.de\/wp\/index.php?rest_route=\/wp\/v2\/pages\/5383\/revisions"}],"predecessor-version":[{"id":5386,"href":"http:\/\/www.denkfried.de\/wp\/index.php?rest_route=\/wp\/v2\/pages\/5383\/revisions\/5386"}],"up":[{"embeddable":true,"href":"http:\/\/www.denkfried.de\/wp\/index.php?rest_route=\/wp\/v2\/pages\/5344"}],"wp:attachment":[{"href":"http:\/\/www.denkfried.de\/wp\/index.php?rest_route=%2Fwp%2Fv2%2Fmedia&parent=5383"}],"curies":[{"name":"wp","href":"https:\/\/api.w.org\/{rel}","templated":true}]}}

<p>&nbsp;</p>
<p><strong>04895 Falkenberg/Elster</strong></p>
<p>Falkenberg liegt ca.90 km südlich von Berlin.</p>
<hr />
<p>Kommunalfriedhof<br />
Burghard, Eugen<br />
Nitsche, Hans-Joachim<br />
Rösch, Reinhard<br />
Spring, Hans-Paul</p>
<hr />
<p><strong>DENKMAL</strong><br />
Ehrenmal für die Gefallenen des Ersten Weltkrieges, vor der Jusus-Christus-Kirche, Ludwig-Jahn-Straße</p>
<p>&nbsp;</p>

<p>&nbsp; 04895 Falkenberg/Elster Falkenberg liegt ca.90 km südlich von Berlin. Kommunalfriedhof Burghard, Eugen Nitsche, Hans-Joachim Rösch, Reinhard Spring, Hans-Paul DENKMAL Ehrenmal für die Gefallenen des Ersten Weltkrieges, vor der Jusus-Christus-Kirche, Ludwig-Jahn-Straße &nbsp;</p>
