{"id":4811,"date":"2011-04-27T10:59:37","date_gmt":"2011-04-27T08:59:37","guid":{"rendered":"http:\/\/www.denkfried.de\/wp\/?page_id=4811"},"modified":"2012-09-15T20:40:23","modified_gmt":"2012-09-15T18:40:23","slug":"forstlausitz-hauptfriedhof","status":"publish","type":"page","link":"http:\/\/www.denkfried.de\/wp\/?page_id=4811","title":{"rendered":"Forst\/Lausitz  &#8211; Hauptfriedhof"},"content":{"rendered":"<p>&nbsp;<\/p>\n<p><span style=\"text-decoration: underline;\"><strong>03141 Forst (Lausitz)<\/strong><\/span><\/p>\n<blockquote>\n<ul>\n<li>Hauptfriedhof<\/li>\n<li><a title=\"Forst \u2013 Sowj.Ehrenfriedhof\" href=\"http:\/\/www.denkfried.de\/wp\/?page_id=4824\">Sowjetischer Ehrenfriedhof<\/a><\/li>\n<\/ul>\n<\/blockquote>\n<p>&nbsp;<\/p>\n<p><strong>Ortsteile:<\/strong><\/p>\n<blockquote>\n<blockquote>\n<ul>\n<li>Mulknitz<\/li>\n<li>Naundorf<\/li>\n<li>Horno (Rogow)<\/li>\n<li>Eulo<\/li>\n<li>Keune<\/li>\n<li><a title=\"Forst \u2013 No\u00dfdorf\" href=\"http:\/\/www.denkfried.de\/wp\/?page_id=4832\"> No\u00dfdorf<\/a><\/li>\n<li>Domsdorf<\/li>\n<\/ul>\n<\/blockquote>\n<\/blockquote>\n<p>*******************************************************<\/p>\n<p><a href=\"http:\/\/www.forst-lausitz.de\/\" target=\"_blank\">www.forst-lausitz.de<\/a><\/p>\n<p>Forst ist der einzige Ort der Lausitz mit dem Namenszusatz Lausitz.<br \/>\nDie Stadt liegt \u00f6stlich von Cottbus an der Lausitzer Nei\u00dfe. Am gegen\u00fcberliegenden polnischen Ufer liegt die Ortschaft Zasieki, der Gemeinde Brody (Pf\u00f6rten), die bis 1945 ein Forster Stadtteil war.<\/p>\n<p>1922 wurde die Gro\u00dfe Nei\u00dfebr\u00fccke errichtet und 1932 begann man mit der Regulierung des Flusses. 1937 feierte die Stadt das 450-j\u00e4hrige Bestehen der K\u00f6nigskompanie der Forster Sch\u00fctzengilde.<br \/>\nDie Synagoge, die sich die J\u00fcdische Gemeinde um die Wende vom 19. zum 20. Jahrhundert in der Wasserstra\u00dfe 6 erbaut hatte, wurde in der Pogromnacht 1938 von SA-M\u00e4nnern gesch\u00e4ndet. Obwohl durch die Tat eines Feuerwehrmannes vor dem Abbrennen gerettet, wurde sie im Krieg zerst\u00f6rt, und sp\u00e4ter wurden die Tr\u00fcmmer beseitigt. Eine Gedenktafel am Haus Cottbuser Stra\u00dfe 8 erinnert seit 1988 an dieses Geschehen.<br \/>\nIn dem Dorf Weisagk wurden im April 1945 80 Deserteuere der Wehrmacht von SS-Leuten erschossen. Als der Ort dem Tagebau weichen musste, wurden die Opfer auf den Friedhof in Forst umgebettet. Am Ende des Zweiten Weltkrieges eroberten in der Zeit vom 16. bis 18. April 1945 sowjetische Truppen Forst. Nach Beendigung der K\u00e4mpfe lagen 85 Prozent der Stadt in Tr\u00fcmmern.<br \/>\nDie Gebiete rechts der Nei\u00dfe (Stadtteil Berge) wurden unter polnische Verwaltung gestellt, die Einwohner vertrieben.<\/p>\n<p>Quelle: auszugsweise von \u00a0http:\/\/de.wikipedia.org\/wiki\/Forst_(Lausitz)<\/p>\n<p>++++++++++++++++++++++++++++++++++++++++++++<\/p>\n<p><strong>Hauptfriedhof<\/strong><\/p>\n<p><strong>Kriegsgr\u00e4berst\u00e4tte<\/strong><br \/>\nAuf dem Gel\u00e4nde diese Friedhofes befinden sich eine deutsche Kriegsgr\u00e4berst\u00e4tte des 2.Weltkrieges sowie eine Anlage f\u00fcr die Gefallenen des 1.Weltkrieges (evtl. nur Gedenkst\u00e4tte?)<\/p>\n<p>Grabstein zum Gedenken:<br \/>\nWilke, Norbert \u00a0 \u00a0 \u00a0 \u00a0 \u00a0geb.: 18.07.1911 \u00a0 \u00a0 \u00a0 \u00a0 \u00a0 \u00a0 vermisst seit 01.07.1944 Krakau\/Saybusch<br \/>\n(auf dem Grabstein steht: vermisst seit 1945)<\/p>\n<p>++++++++++++++++++++++++++++++++++++++++++++<\/p>\n<p><strong>DENKMAL<\/strong><\/p>\n<p>am Sportplatz gegen\u00fcber des Rosengartens (ohne Namen)<\/p>\n<p>&nbsp;<\/p>\n<div id='gallery-1' class='gallery galleryid-4811 gallery-columns-4 gallery-size-thumbnail'><dl class='gallery-item'>\n\t\t\t<dt class='gallery-icon landscape'>\n\t\t\t\t<a href='http:\/\/www.denkfried.de\/wp\/?attachment_id=4813'><img loading=\"lazy\" decoding=\"async\" width=\"150\" height=\"150\" src=\"http:\/\/www.denkfried.de\/wp\/wp-content\/uploads\/2011\/04\/1.Wk-1-150x150.jpg\" class=\"attachment-thumbnail size-thumbnail\" alt=\"Anlage f\u00fcr die Kriegstoten des 1.WK\" aria-describedby=\"gallery-1-4813\" \/><\/a>\n\t\t\t<\/dt>\n\t\t\t\t<dd class='wp-caption-text gallery-caption' id='gallery-1-4813'>\n\t\t\t\tAnlage f\u00fcr die Kriegstoten des 1.WK\n\t\t\t\t<\/dd><\/dl><dl class='gallery-item'>\n\t\t\t<dt class='gallery-icon landscape'>\n\t\t\t\t<a href='http:\/\/www.denkfried.de\/wp\/?attachment_id=4817'><img loading=\"lazy\" decoding=\"async\" width=\"150\" height=\"150\" src=\"http:\/\/www.denkfried.de\/wp\/wp-content\/uploads\/2011\/04\/P1010013-150x150.jpg\" class=\"attachment-thumbnail size-thumbnail\" alt=\"Denkmal f\u00fcr die Opfer der Gewaltherrschaft\" \/><\/a>\n\t\t\t<\/dt><\/dl><dl class='gallery-item'>\n\t\t\t<dt class='gallery-icon landscape'>\n\t\t\t\t<a href='http:\/\/www.denkfried.de\/wp\/?attachment_id=4814'><img loading=\"lazy\" decoding=\"async\" width=\"150\" height=\"150\" src=\"http:\/\/www.denkfried.de\/wp\/wp-content\/uploads\/2011\/04\/2.WK_-150x150.jpg\" class=\"attachment-thumbnail size-thumbnail\" alt=\"Kriegsgr\u00e4berst\u00e4tte des 2.WK\" \/><\/a>\n\t\t\t<\/dt><\/dl><dl class='gallery-item'>\n\t\t\t<dt class='gallery-icon landscape'>\n\t\t\t\t<a href='http:\/\/www.denkfried.de\/wp\/?attachment_id=4816'><img loading=\"lazy\" decoding=\"async\" width=\"150\" height=\"150\" src=\"http:\/\/www.denkfried.de\/wp\/wp-content\/uploads\/2011\/04\/2.WK-3-150x150.jpg\" class=\"attachment-thumbnail size-thumbnail\" alt=\"\" \/><\/a>\n\t\t\t<\/dt><\/dl><br style=\"clear: both\" \/><dl class='gallery-item'>\n\t\t\t<dt class='gallery-icon landscape'>\n\t\t\t\t<a href='http:\/\/www.denkfried.de\/wp\/?attachment_id=4815'><img loading=\"lazy\" decoding=\"async\" width=\"150\" height=\"150\" src=\"http:\/\/www.denkfried.de\/wp\/wp-content\/uploads\/2011\/04\/2.WK-2-150x150.jpg\" class=\"attachment-thumbnail size-thumbnail\" alt=\"\" \/><\/a>\n\t\t\t<\/dt><\/dl><dl class='gallery-item'>\n\t\t\t<dt class='gallery-icon landscape'>\n\t\t\t\t<a href='http:\/\/www.denkfried.de\/wp\/?attachment_id=4812'><img loading=\"lazy\" decoding=\"async\" width=\"150\" height=\"150\" src=\"http:\/\/www.denkfried.de\/wp\/wp-content\/uploads\/2011\/04\/P1010024-150x150.jpg\" class=\"attachment-thumbnail size-thumbnail\" alt=\"Zum Gedenken\" \/><\/a>\n\t\t\t<\/dt><\/dl><dl class='gallery-item'>\n\t\t\t<dt class='gallery-icon portrait'>\n\t\t\t\t<a href='http:\/\/www.denkfried.de\/wp\/?attachment_id=4819'><img loading=\"lazy\" decoding=\"async\" width=\"150\" height=\"150\" src=\"http:\/\/www.denkfried.de\/wp\/wp-content\/uploads\/2011\/04\/Forst-am-Rosengarten-1-150x150.jpg\" class=\"attachment-thumbnail size-thumbnail\" alt=\"\" \/><\/a>\n\t\t\t<\/dt><\/dl><dl class='gallery-item'>\n\t\t\t<dt class='gallery-icon portrait'>\n\t\t\t\t<a href='http:\/\/www.denkfried.de\/wp\/?attachment_id=4818'><img loading=\"lazy\" decoding=\"async\" width=\"150\" height=\"150\" src=\"http:\/\/www.denkfried.de\/wp\/wp-content\/uploads\/2011\/04\/Forst-am-Rosengarten-2-150x150.jpg\" class=\"attachment-thumbnail size-thumbnail\" alt=\"\" \/><\/a>\n\t\t\t<\/dt><\/dl><br style=\"clear: both\" \/>\n\t\t<\/div>\n\n","protected":false},"excerpt":{"rendered":"<p>&nbsp; 03141 Forst (Lausitz) Hauptfriedhof Sowjetischer Ehrenfriedhof &nbsp; Ortsteile: Mulknitz Naundorf Horno (Rogow) Eulo Keune No\u00dfdorf Domsdorf ******************************************************* www.forst-lausitz.de Forst ist der einzige Ort der Lausitz mit dem Namenszusatz Lausitz. Die Stadt liegt \u00f6stlich von Cottbus an der Lausitzer Nei\u00dfe. &hellip; <a href=\"http:\/\/www.denkfried.de\/wp\/?page_id=4811\">Weiterlesen <span class=\"meta-nav\">&rarr;<\/span><\/a><\/p>\n","protected":false},"author":2,"featured_media":0,"parent":4798,"menu_order":0,"comment_status":"closed","ping_status":"open","template":"","meta":{"footnotes":""},"class_list":["post-4811","page","type-page","status-publish","hentry"],"_links":{"self":[{"href":"http:\/\/www.denkfried.de\/wp\/index.php?rest_route=\/wp\/v2\/pages\/4811","targetHints":{"allow":["GET"]}}],"collection":[{"href":"http:\/\/www.denkfried.de\/wp\/index.php?rest_route=\/wp\/v2\/pages"}],"about":[{"href":"http:\/\/www.denkfried.de\/wp\/index.php?rest_route=\/wp\/v2\/types\/page"}],"author":[{"embeddable":true,"href":"http:\/\/www.denkfried.de\/wp\/index.php?rest_route=\/wp\/v2\/users\/2"}],"replies":[{"embeddable":true,"href":"http:\/\/www.denkfried.de\/wp\/index.php?rest_route=%2Fwp%2Fv2%2Fcomments&post=4811"}],"version-history":[{"count":5,"href":"http:\/\/www.denkfried.de\/wp\/index.php?rest_route=\/wp\/v2\/pages\/4811\/revisions"}],"predecessor-version":[{"id":4822,"href":"http:\/\/www.denkfried.de\/wp\/index.php?rest_route=\/wp\/v2\/pages\/4811\/revisions\/4822"}],"up":[{"embeddable":true,"href":"http:\/\/www.denkfried.de\/wp\/index.php?rest_route=\/wp\/v2\/pages\/4798"}],"wp:attachment":[{"href":"http:\/\/www.denkfried.de\/wp\/index.php?rest_route=%2Fwp%2Fv2%2Fmedia&parent=4811"}],"curies":[{"name":"wp","href":"https:\/\/api.w.org\/{rel}","templated":true}]}}

<p>&nbsp;</p>
<p><span style="text-decoration: underline;"><strong>03141 Forst (Lausitz)</strong></span></p>
<blockquote>
<ul>
<li>Hauptfriedhof</li>
<li><a title="Forst – Sowj.Ehrenfriedhof" href="http://www.denkfried.de/wp/?page_id=4824">Sowjetischer Ehrenfriedhof</a></li>
</ul>
</blockquote>
<p>&nbsp;</p>
<p><strong>Ortsteile:</strong></p>
<blockquote>
<blockquote>
<ul>
<li>Mulknitz</li>
<li>Naundorf</li>
<li>Horno (Rogow)</li>
<li>Eulo</li>
<li>Keune</li>
<li><a title="Forst – Noßdorf" href="http://www.denkfried.de/wp/?page_id=4832"> Noßdorf</a></li>
<li>Domsdorf</li>
</ul>
</blockquote>
</blockquote>
<p>*******************************************************</p>
<p><a href="http://www.forst-lausitz.de/" target="_blank">www.forst-lausitz.de</a></p>
<p>Forst ist der einzige Ort der Lausitz mit dem Namenszusatz Lausitz.<br />
Die Stadt liegt östlich von Cottbus an der Lausitzer Neiße. Am gegenüberliegenden polnischen Ufer liegt die Ortschaft Zasieki, der Gemeinde Brody (Pförten), die bis 1945 ein Forster Stadtteil war.</p>
<p>1922 wurde die Große Neißebrücke errichtet und 1932 begann man mit der Regulierung des Flusses. 1937 feierte die Stadt das 450-jährige Bestehen der Königskompanie der Forster Schützengilde.<br />
Die Synagoge, die sich die Jüdische Gemeinde um die Wende vom 19. zum 20. Jahrhundert in der Wasserstraße 6 erbaut hatte, wurde in der Pogromnacht 1938 von SA-Männern geschändet. Obwohl durch die Tat eines Feuerwehrmannes vor dem Abbrennen gerettet, wurde sie im Krieg zerstört, und später wurden die Trümmer beseitigt. Eine Gedenktafel am Haus Cottbuser Straße 8 erinnert seit 1988 an dieses Geschehen.<br />
In dem Dorf Weisagk wurden im April 1945 80 Deserteuere der Wehrmacht von SS-Leuten erschossen. Als der Ort dem Tagebau weichen musste, wurden die Opfer auf den Friedhof in Forst umgebettet. Am Ende des Zweiten Weltkrieges eroberten in der Zeit vom 16. bis 18. April 1945 sowjetische Truppen Forst. Nach Beendigung der Kämpfe lagen 85 Prozent der Stadt in Trümmern.<br />
Die Gebiete rechts der Neiße (Stadtteil Berge) wurden unter polnische Verwaltung gestellt, die Einwohner vertrieben.</p>
<p>Quelle: auszugsweise von  http://de.wikipedia.org/wiki/Forst_(Lausitz)</p>
<p>++++++++++++++++++++++++++++++++++++++++++++</p>
<p><strong>Hauptfriedhof</strong></p>
<p><strong>Kriegsgräberstätte</strong><br />
Auf dem Gelände diese Friedhofes befinden sich eine deutsche Kriegsgräberstätte des 2.Weltkrieges sowie eine Anlage für die Gefallenen des 1.Weltkrieges (evtl. nur Gedenkstätte?)</p>
<p>Grabstein zum Gedenken:<br />
Wilke, Norbert          geb.: 18.07.1911             vermisst seit 01.07.1944 Krakau/Saybusch<br />
(auf dem Grabstein steht: vermisst seit 1945)</p>
<p>++++++++++++++++++++++++++++++++++++++++++++</p>
<p><strong>DENKMAL</strong></p>
<p>am Sportplatz gegenüber des Rosengartens (ohne Namen)</p>
<p>&nbsp;</p>
<div id='gallery-1' class='gallery galleryid-4811 gallery-columns-4 gallery-size-thumbnail'><dl class='gallery-item'>
			<dt class='gallery-icon landscape'>
				<a href='http://www.denkfried.de/wp/?attachment_id=4813'><img loading="lazy" decoding="async" width="150" height="150" src="http://www.denkfried.de/wp/wp-content/uploads/2011/04/1.Wk-1-150x150.jpg" class="attachment-thumbnail size-thumbnail" alt="Anlage für die Kriegstoten des 1.WK" aria-describedby="gallery-1-4813" /></a>
			</dt>
				<dd class='wp-caption-text gallery-caption' id='gallery-1-4813'>
				Anlage für die Kriegstoten des 1.WK
				</dd></dl><dl class='gallery-item'>
			<dt class='gallery-icon landscape'>
				<a href='http://www.denkfried.de/wp/?attachment_id=4817'><img loading="lazy" decoding="async" width="150" height="150" src="http://www.denkfried.de/wp/wp-content/uploads/2011/04/P1010013-150x150.jpg" class="attachment-thumbnail size-thumbnail" alt="Denkmal für die Opfer der Gewaltherrschaft" /></a>
			</dt></dl><dl class='gallery-item'>
			<dt class='gallery-icon landscape'>
				<a href='http://www.denkfried.de/wp/?attachment_id=4814'><img loading="lazy" decoding="async" width="150" height="150" src="http://www.denkfried.de/wp/wp-content/uploads/2011/04/2.WK_-150x150.jpg" class="attachment-thumbnail size-thumbnail" alt="Kriegsgräberstätte des 2.WK" /></a>
			</dt></dl><dl class='gallery-item'>
			<dt class='gallery-icon landscape'>
				<a href='http://www.denkfried.de/wp/?attachment_id=4816'><img loading="lazy" decoding="async" width="150" height="150" src="http://www.denkfried.de/wp/wp-content/uploads/2011/04/2.WK-3-150x150.jpg" class="attachment-thumbnail size-thumbnail" alt="" /></a>
			</dt></dl><br style="clear: both" /><dl class='gallery-item'>
			<dt class='gallery-icon landscape'>
				<a href='http://www.denkfried.de/wp/?attachment_id=4815'><img loading="lazy" decoding="async" width="150" height="150" src="http://www.denkfried.de/wp/wp-content/uploads/2011/04/2.WK-2-150x150.jpg" class="attachment-thumbnail size-thumbnail" alt="" /></a>
			</dt></dl><dl class='gallery-item'>
			<dt class='gallery-icon landscape'>
				<a href='http://www.denkfried.de/wp/?attachment_id=4812'><img loading="lazy" decoding="async" width="150" height="150" src="http://www.denkfried.de/wp/wp-content/uploads/2011/04/P1010024-150x150.jpg" class="attachment-thumbnail size-thumbnail" alt="Zum Gedenken" /></a>
			</dt></dl><dl class='gallery-item'>
			<dt class='gallery-icon portrait'>
				<a href='http://www.denkfried.de/wp/?attachment_id=4819'><img loading="lazy" decoding="async" width="150" height="150" src="http://www.denkfried.de/wp/wp-content/uploads/2011/04/Forst-am-Rosengarten-1-150x150.jpg" class="attachment-thumbnail size-thumbnail" alt="" /></a>
			</dt></dl><dl class='gallery-item'>
			<dt class='gallery-icon portrait'>
				<a href='http://www.denkfried.de/wp/?attachment_id=4818'><img loading="lazy" decoding="async" width="150" height="150" src="http://www.denkfried.de/wp/wp-content/uploads/2011/04/Forst-am-Rosengarten-2-150x150.jpg" class="attachment-thumbnail size-thumbnail" alt="" /></a>
			</dt></dl><br style="clear: both" />
		</div>

<p>&nbsp; 03141 Forst (Lausitz) Hauptfriedhof Sowjetischer Ehrenfriedhof &nbsp; Ortsteile: Mulknitz Naundorf Horno (Rogow) Eulo Keune Noßdorf Domsdorf ******************************************************* www.forst-lausitz.de Forst ist der einzige Ort der Lausitz mit dem Namenszusatz Lausitz. Die Stadt liegt östlich von Cottbus an der Lausitzer Neiße. &hellip; <a href="http://www.denkfried.de/wp/?page_id=4811">Weiterlesen <span class="meta-nav">&rarr;</span></a></p>
