{"id":4743,"date":"2011-04-26T21:56:02","date_gmt":"2011-04-26T19:56:02","guid":{"rendered":"http:\/\/www.denkfried.de\/wp\/?page_id=4743"},"modified":"2011-04-26T21:56:02","modified_gmt":"2011-04-26T19:56:02","slug":"templin","status":"publish","type":"page","link":"http:\/\/www.denkfried.de\/wp\/?page_id=4743","title":{"rendered":"Templin"},"content":{"rendered":"<p>&nbsp;<\/p>\n<p><strong>17268 Templin<\/strong><\/p>\n<p>Templin liegt im Norden des Landes Brandenburg.<\/p>\n<p>Die  ehemalige Synagoge der j\u00fcdischen Gemeinde, sie war damals vermietet,  wurde in der Progromnacht in Brand gesteckt. Eine 1988 angebrachte Tafel  ist nicht mehr vorhanden,<br \/>\nEbenfalls wurde 1938 der j\u00fcdische Friedhof, an der Bahnhofstra\u00dfe zerst\u00f6rt.<br \/>\nAm 6.M\u00e4rz 1944 kamen durch einen Bombenangriff \u00fcber 300 Personen ums Leben.<br \/>\nNach Kriegsende wurde die Bahnstrecke nach F\u00fcrstenwerder abgebaut und als Reparationsleistung an die Sowjetunion abgeliefert.<\/p>\n<p>Kriegsgr\u00e4berst\u00e4tte<br \/>\nGedenkanlage , R\u00f6ddeliner Stra\u00dfe, f\u00fcr die Opfer des Luftangriffs vom 6.M\u00e4rz 1944 auf dem Waldfriedhof.<\/p>\n<p>Kriegsgr\u00e4berst\u00e4tte<br \/>\nEhrenfriedhof, Prenzlauer Allee<br \/>\nIn  den Einzel-und Gemeinschaftsgr\u00e4bern dieser in den 40er Jahren  entstandenen Anlage ruhen insgesamt 224 in den Fr\u00fchjahrsk\u00e4mpfen 1945  gefallene Soldaten und Offiziere. Ende der 90er Jahre verhinderte eine  B\u00fcrgerinitiative die beabsichtigte Verlagerung der Anlage.<\/p>\n","protected":false},"excerpt":{"rendered":"<p>&nbsp; 17268 Templin Templin liegt im Norden des Landes Brandenburg. Die ehemalige Synagoge der j\u00fcdischen Gemeinde, sie war damals vermietet, wurde in der Progromnacht in Brand gesteckt. Eine 1988 angebrachte Tafel ist nicht mehr vorhanden, Ebenfalls wurde 1938 der j\u00fcdische &hellip; <a href=\"http:\/\/www.denkfried.de\/wp\/?page_id=4743\">Weiterlesen <span class=\"meta-nav\">&rarr;<\/span><\/a><\/p>\n","protected":false},"author":2,"featured_media":0,"parent":4702,"menu_order":0,"comment_status":"closed","ping_status":"open","template":"","meta":{"footnotes":""},"class_list":["post-4743","page","type-page","status-publish","hentry"],"_links":{"self":[{"href":"http:\/\/www.denkfried.de\/wp\/index.php?rest_route=\/wp\/v2\/pages\/4743","targetHints":{"allow":["GET"]}}],"collection":[{"href":"http:\/\/www.denkfried.de\/wp\/index.php?rest_route=\/wp\/v2\/pages"}],"about":[{"href":"http:\/\/www.denkfried.de\/wp\/index.php?rest_route=\/wp\/v2\/types\/page"}],"author":[{"embeddable":true,"href":"http:\/\/www.denkfried.de\/wp\/index.php?rest_route=\/wp\/v2\/users\/2"}],"replies":[{"embeddable":true,"href":"http:\/\/www.denkfried.de\/wp\/index.php?rest_route=%2Fwp%2Fv2%2Fcomments&post=4743"}],"version-history":[{"count":2,"href":"http:\/\/www.denkfried.de\/wp\/index.php?rest_route=\/wp\/v2\/pages\/4743\/revisions"}],"predecessor-version":[{"id":4745,"href":"http:\/\/www.denkfried.de\/wp\/index.php?rest_route=\/wp\/v2\/pages\/4743\/revisions\/4745"}],"up":[{"embeddable":true,"href":"http:\/\/www.denkfried.de\/wp\/index.php?rest_route=\/wp\/v2\/pages\/4702"}],"wp:attachment":[{"href":"http:\/\/www.denkfried.de\/wp\/index.php?rest_route=%2Fwp%2Fv2%2Fmedia&parent=4743"}],"curies":[{"name":"wp","href":"https:\/\/api.w.org\/{rel}","templated":true}]}}

<p>&nbsp;</p>
<p><strong>17268 Templin</strong></p>
<p>Templin liegt im Norden des Landes Brandenburg.</p>
<p>Die  ehemalige Synagoge der jüdischen Gemeinde, sie war damals vermietet,  wurde in der Progromnacht in Brand gesteckt. Eine 1988 angebrachte Tafel  ist nicht mehr vorhanden,<br />
Ebenfalls wurde 1938 der jüdische Friedhof, an der Bahnhofstraße zerstört.<br />
Am 6.März 1944 kamen durch einen Bombenangriff über 300 Personen ums Leben.<br />
Nach Kriegsende wurde die Bahnstrecke nach Fürstenwerder abgebaut und als Reparationsleistung an die Sowjetunion abgeliefert.</p>
<p>Kriegsgräberstätte<br />
Gedenkanlage , Röddeliner Straße, für die Opfer des Luftangriffs vom 6.März 1944 auf dem Waldfriedhof.</p>
<p>Kriegsgräberstätte<br />
Ehrenfriedhof, Prenzlauer Allee<br />
In  den Einzel-und Gemeinschaftsgräbern dieser in den 40er Jahren  entstandenen Anlage ruhen insgesamt 224 in den Frühjahrskämpfen 1945  gefallene Soldaten und Offiziere. Ende der 90er Jahre verhinderte eine  Bürgerinitiative die beabsichtigte Verlagerung der Anlage.</p>

<p>&nbsp; 17268 Templin Templin liegt im Norden des Landes Brandenburg. Die ehemalige Synagoge der jüdischen Gemeinde, sie war damals vermietet, wurde in der Progromnacht in Brand gesteckt. Eine 1988 angebrachte Tafel ist nicht mehr vorhanden, Ebenfalls wurde 1938 der jüdische &hellip; <a href="http://www.denkfried.de/wp/?page_id=4743">Weiterlesen <span class="meta-nav">&rarr;</span></a></p>
