{"id":4598,"date":"2011-04-26T17:18:55","date_gmt":"2011-04-26T15:18:55","guid":{"rendered":"http:\/\/www.denkfried.de\/wp\/?page_id=4598"},"modified":"2015-12-27T20:45:48","modified_gmt":"2015-12-27T19:45:48","slug":"friedhof-dahlem","status":"publish","type":"page","link":"http:\/\/www.denkfried.de\/wp\/?page_id=4598","title":{"rendered":"St. Annen Kirchhof"},"content":{"rendered":"<p>&nbsp;<\/p>\n<p><span style=\"text-decoration: underline;\"><strong>14195 Berlin-Dahlem<\/strong><\/span><\/p>\n<p>St. Annen\u00a0Kirche und Kirchhof, K\u00f6nigin-Luise-Stra\u00dfe 57<\/p>\n<p>Bericht und Bilder von Thomas\u00a0<a href=\"http:\/\/g-bb.jimdo.com\/\">Gefallenendenkm\u00e4ler Berlin\/Brandenburg<\/a><\/p>\n<div id='gallery-1' class='gallery galleryid-4598 gallery-columns-4 gallery-size-thumbnail'><dl class='gallery-item'>\n\t\t\t<dt class='gallery-icon landscape'>\n\t\t\t\t<a href='http:\/\/www.denkfried.de\/wp\/?attachment_id=36205'><img loading=\"lazy\" decoding=\"async\" width=\"150\" height=\"150\" src=\"http:\/\/www.denkfried.de\/wp\/wp-content\/uploads\/2011\/04\/Berlin-Dahlem-St.-Annen-Kirche-150x150.jpg\" class=\"attachment-thumbnail size-thumbnail\" alt=\"\" \/><\/a>\n\t\t\t<\/dt><\/dl><dl class='gallery-item'>\n\t\t\t<dt class='gallery-icon landscape'>\n\t\t\t\t<a href='http:\/\/www.denkfried.de\/wp\/?attachment_id=36202'><img loading=\"lazy\" decoding=\"async\" width=\"150\" height=\"150\" src=\"http:\/\/www.denkfried.de\/wp\/wp-content\/uploads\/2011\/04\/Berlin-Dahlem-Mahnmal-150x150.jpg\" class=\"attachment-thumbnail size-thumbnail\" alt=\"\" \/><\/a>\n\t\t\t<\/dt><\/dl><dl class='gallery-item'>\n\t\t\t<dt class='gallery-icon landscape'>\n\t\t\t\t<a href='http:\/\/www.denkfried.de\/wp\/?attachment_id=36199'><img loading=\"lazy\" decoding=\"async\" width=\"150\" height=\"150\" src=\"http:\/\/www.denkfried.de\/wp\/wp-content\/uploads\/2011\/04\/Berlin-Dahlem-Gedenktafel-150x150.jpg\" class=\"attachment-thumbnail size-thumbnail\" alt=\"\" \/><\/a>\n\t\t\t<\/dt><\/dl><dl class='gallery-item'>\n\t\t\t<dt class='gallery-icon landscape'>\n\t\t\t\t<a href='http:\/\/www.denkfried.de\/wp\/?attachment_id=36200'><img loading=\"lazy\" decoding=\"async\" width=\"150\" height=\"150\" src=\"http:\/\/www.denkfried.de\/wp\/wp-content\/uploads\/2011\/04\/Berlin-Dahlem-Gedenktafel-1-150x150.jpg\" class=\"attachment-thumbnail size-thumbnail\" alt=\"\" \/><\/a>\n\t\t\t<\/dt><\/dl><br style=\"clear: both\" \/><dl class='gallery-item'>\n\t\t\t<dt class='gallery-icon landscape'>\n\t\t\t\t<a href='http:\/\/www.denkfried.de\/wp\/?attachment_id=36201'><img loading=\"lazy\" decoding=\"async\" width=\"150\" height=\"150\" src=\"http:\/\/www.denkfried.de\/wp\/wp-content\/uploads\/2011\/04\/Berlin-Dahlem-Kriegsgr\u00e4ber-1-150x150.jpg\" class=\"attachment-thumbnail size-thumbnail\" alt=\"\" \/><\/a>\n\t\t\t<\/dt><\/dl><dl class='gallery-item'>\n\t\t\t<dt class='gallery-icon portrait'>\n\t\t\t\t<a href='http:\/\/www.denkfried.de\/wp\/?attachment_id=36203'><img loading=\"lazy\" decoding=\"async\" width=\"150\" height=\"150\" src=\"http:\/\/www.denkfried.de\/wp\/wp-content\/uploads\/2011\/04\/Berlin-Dahlem-Mahnmal-Kriegsopfer-150x150.jpg\" class=\"attachment-thumbnail size-thumbnail\" alt=\"\" \/><\/a>\n\t\t\t<\/dt><\/dl><dl class='gallery-item'>\n\t\t\t<dt class='gallery-icon landscape'>\n\t\t\t\t<a href='http:\/\/www.denkfried.de\/wp\/?attachment_id=11789'><img loading=\"lazy\" decoding=\"async\" width=\"150\" height=\"150\" src=\"http:\/\/www.denkfried.de\/wp\/wp-content\/uploads\/2011\/04\/DSCF0105-150x150.jpg\" class=\"attachment-thumbnail size-thumbnail\" alt=\"\" \/><\/a>\n\t\t\t<\/dt><\/dl><dl class='gallery-item'>\n\t\t\t<dt class='gallery-icon portrait'>\n\t\t\t\t<a href='http:\/\/www.denkfried.de\/wp\/?attachment_id=36204'><img loading=\"lazy\" decoding=\"async\" width=\"150\" height=\"150\" src=\"http:\/\/www.denkfried.de\/wp\/wp-content\/uploads\/2011\/04\/Berlin-Dahlem-privates-Grab-150x150.jpg\" class=\"attachment-thumbnail size-thumbnail\" alt=\"\" \/><\/a>\n\t\t\t<\/dt><\/dl><br style=\"clear: both\" \/>\n\t\t<\/div>\n\n<p><span style=\"text-decoration: underline;\"><strong>Mahnmal<\/strong><\/span><\/p>\n<p>Vor der Kirche wurde 1996 eine dreieckige Tafel aufgestellt. Errichtet vom K\u00fcnstler Nikolaus Koliusis, mit Bezug auf die Kennzeichnung der Gefangenen in den Konzentrationslagern.<\/p>\n<address style=\"text-align: center;\"><em><strong>Erinnern f\u00fcr die Zukunft<\/strong><\/em><\/address>\n<address style=\"text-align: center;\"><em><strong>1933 &#8211; 1945<\/strong><\/em><\/address>\n<address style=\"text-align: center;\">\u00a0<\/address>\n<address style=\"text-align: center;\"><em><strong>Rassenwahn &#8211; Krieg &#8211; Diktatur<\/strong><\/em><\/address>\n<address style=\"text-align: center;\"><em><strong>Die Verlorenen willst du Sammeln<\/strong><\/em><\/address>\n<address style=\"text-align: center;\"><em><strong>und die zerbrochen sind richtest du auf<\/strong><\/em><\/address>\n<address style=\"text-align: center;\"><em><strong>Niemand ist Vergessen bei dir<\/strong><\/em><\/address>\n<address style=\"text-align: center;\"><em><strong>Unsere Schritte aber Lenke<\/strong><\/em><\/address>\n<address style=\"text-align: center;\"><em><strong>auf den Weg des Friedens<\/strong><\/em><\/address>\n<address style=\"text-align: center;\">\u00a0<\/address>\n<address style=\"text-align: center;\"><em><strong>Kyrie Eleison<\/strong><\/em><\/address>\n<p><span style=\"text-decoration: underline;\"><strong>Gedenktafeln<\/strong><\/span><\/p>\n<p><strong>1866, 1870-71<\/strong><\/p>\n<p>F\u00fcr zwei Kriegsteilnehmer befand sich eine h\u00f6lzerne Gedenktafel in der Kirche. Die Tafel trug folgende Inschrift:<\/p>\n<address style=\"text-align: center;\"><em><strong>Aus hiesiger Gemeinde nahmen an den Feldz\u00fcgen<\/strong><\/em><\/address>\n<address style=\"text-align: center;\"><em><strong>1866 und 1870\/71 teil:<\/strong><\/em><\/address>\n<address style=\"text-align: center;\">\u00a0<\/address>\n<address style=\"text-align: center;\"><em><strong>Franz Schober, Unteroffizier<\/strong><\/em><\/address>\n<address style=\"text-align: center;\"><em><strong>geb. 26. September 1845 &#8211; gest. 12. Oktober 1888<\/strong><\/em><\/address>\n<address style=\"text-align: center;\">\u00a0<\/address>\n<address style=\"text-align: center;\"><em><strong>Ferdinand Eichelkraut, Fahnenschmied<\/strong><\/em><\/address>\n<address style=\"text-align: center;\"><em><strong>geb. 6.April 1843 &#8211; gest. 25 August 1903<\/strong><\/em><\/address>\n<address style=\"text-align: center;\">\u00a0<\/address>\n<p>Desweiteren gab es in einem Rahmen eine Gedenkm\u00fcnze, diese erinnerte an den 25. Jahrestag von Sedan. An der Decke befanden sich drei Fahnenstangen oder Lanzensch\u00e4fte, die wohl Georg Friedrich v. Willmerstorff von seinen Kriegsz\u00fcgen gegen Napoleon mitgebracht hatte.<\/p>\n<p><strong>1914-1918<\/strong><\/p>\n<p>Eine h\u00f6lzerne Gedenktafel befindet sich in der St. Annen Kirche. Die Tafel ist\u00a0f\u00fcr 110 im ersten Weltkrieg gefallenen der Gemeinde. In Verbindung wurde das Denkmal an der Kreuzung vor der Kirche geweiht. Oben an der Tafel sind die Kriegsjahre eingearbeitet, darunter die Namen der Gefallenen verzeichnet. Angegeben sind Name, Vorname, Dienstgrad, Todesdatum und Ort. Von den hier aufgef\u00fchrten ruhen 14 auf dem Kirchhof.<\/p>\n<p>Im zweiten Weltkrieg wurde die Kirche durch Bombentreffer stark besch\u00e4digt. Dabei wurde eine Glocke getroffen und konnte nicht mehr verwendet\u00a0werden. Am 6. Juli 1950 konnte eine neuer Glocke durch Spenden neu aufgezogen werden. Das ehemalige Mitglied des Gemeindekirchenrats Dr. Lerche, stiftete die Glocke\u00a0zur Erinnerung an seinen gefallenen Sohn. Rudolf August Lerche geb. am 23. Mai 1921 er fiel am 2. November 1941 vor Moskau.<\/p>\n<p><span style=\"text-decoration: underline;\"><strong>Kriegsgr\u00e4ber<\/strong><\/span><\/p>\n<p>In der Abteilung 16, hier fanden 19 Kriegstote aus beiden Weltkriegen ihre letzte Ruhe. Mittig der Anlage ist eine Statue aufgestellt. Unter den Toten blieben zwei Unbekannt.<\/p>\n<p>Es konnten Insgesamt\u00a0<strong>36 Kriegsopfer<\/strong> und 16 private\u00a0Gedenken dokumentiert werden. Bei einem Grab mit einer Soldatenstatue konnte die Grabschrift nicht \u00fcbernommen werden.<\/p>\n<p>Die Namen wurden in die Datenbanken eingepflegt.<\/p>\n","protected":false},"excerpt":{"rendered":"<p>&nbsp; 14195 Berlin-Dahlem St. Annen\u00a0Kirche und Kirchhof, K\u00f6nigin-Luise-Stra\u00dfe 57 Bericht und Bilder von Thomas\u00a0Gefallenendenkm\u00e4ler Berlin\/Brandenburg Mahnmal Vor der Kirche wurde 1996 eine dreieckige Tafel aufgestellt. Errichtet vom K\u00fcnstler Nikolaus Koliusis, mit Bezug auf die Kennzeichnung der Gefangenen in den Konzentrationslagern. &hellip; <a href=\"http:\/\/www.denkfried.de\/wp\/?page_id=4598\">Weiterlesen <span class=\"meta-nav\">&rarr;<\/span><\/a><\/p>\n","protected":false},"author":2,"featured_media":0,"parent":15556,"menu_order":0,"comment_status":"closed","ping_status":"open","template":"","meta":{"footnotes":""},"class_list":["post-4598","page","type-page","status-publish","hentry"],"_links":{"self":[{"href":"http:\/\/www.denkfried.de\/wp\/index.php?rest_route=\/wp\/v2\/pages\/4598","targetHints":{"allow":["GET"]}}],"collection":[{"href":"http:\/\/www.denkfried.de\/wp\/index.php?rest_route=\/wp\/v2\/pages"}],"about":[{"href":"http:\/\/www.denkfried.de\/wp\/index.php?rest_route=\/wp\/v2\/types\/page"}],"author":[{"embeddable":true,"href":"http:\/\/www.denkfried.de\/wp\/index.php?rest_route=\/wp\/v2\/users\/2"}],"replies":[{"embeddable":true,"href":"http:\/\/www.denkfried.de\/wp\/index.php?rest_route=%2Fwp%2Fv2%2Fcomments&post=4598"}],"version-history":[{"count":43,"href":"http:\/\/www.denkfried.de\/wp\/index.php?rest_route=\/wp\/v2\/pages\/4598\/revisions"}],"predecessor-version":[{"id":39958,"href":"http:\/\/www.denkfried.de\/wp\/index.php?rest_route=\/wp\/v2\/pages\/4598\/revisions\/39958"}],"up":[{"embeddable":true,"href":"http:\/\/www.denkfried.de\/wp\/index.php?rest_route=\/wp\/v2\/pages\/15556"}],"wp:attachment":[{"href":"http:\/\/www.denkfried.de\/wp\/index.php?rest_route=%2Fwp%2Fv2%2Fmedia&parent=4598"}],"curies":[{"name":"wp","href":"https:\/\/api.w.org\/{rel}","templated":true}]}}

<p>&nbsp;</p>
<p><span style="text-decoration: underline;"><strong>14195 Berlin-Dahlem</strong></span></p>
<p>St. Annen Kirche und Kirchhof, Königin-Luise-Straße 57</p>
<p>Bericht und Bilder von Thomas <a href="http://g-bb.jimdo.com/">Gefallenendenkmäler Berlin/Brandenburg</a></p>
<div id='gallery-1' class='gallery galleryid-4598 gallery-columns-4 gallery-size-thumbnail'><dl class='gallery-item'>
			<dt class='gallery-icon landscape'>
				<a href='http://www.denkfried.de/wp/?attachment_id=36205'><img loading="lazy" decoding="async" width="150" height="150" src="http://www.denkfried.de/wp/wp-content/uploads/2011/04/Berlin-Dahlem-St.-Annen-Kirche-150x150.jpg" class="attachment-thumbnail size-thumbnail" alt="" /></a>
			</dt></dl><dl class='gallery-item'>
			<dt class='gallery-icon landscape'>
				<a href='http://www.denkfried.de/wp/?attachment_id=36202'><img loading="lazy" decoding="async" width="150" height="150" src="http://www.denkfried.de/wp/wp-content/uploads/2011/04/Berlin-Dahlem-Mahnmal-150x150.jpg" class="attachment-thumbnail size-thumbnail" alt="" /></a>
			</dt></dl><dl class='gallery-item'>
			<dt class='gallery-icon landscape'>
				<a href='http://www.denkfried.de/wp/?attachment_id=36199'><img loading="lazy" decoding="async" width="150" height="150" src="http://www.denkfried.de/wp/wp-content/uploads/2011/04/Berlin-Dahlem-Gedenktafel-150x150.jpg" class="attachment-thumbnail size-thumbnail" alt="" /></a>
			</dt></dl><dl class='gallery-item'>
			<dt class='gallery-icon landscape'>
				<a href='http://www.denkfried.de/wp/?attachment_id=36200'><img loading="lazy" decoding="async" width="150" height="150" src="http://www.denkfried.de/wp/wp-content/uploads/2011/04/Berlin-Dahlem-Gedenktafel-1-150x150.jpg" class="attachment-thumbnail size-thumbnail" alt="" /></a>
			</dt></dl><br style="clear: both" /><dl class='gallery-item'>
			<dt class='gallery-icon landscape'>
				<a href='http://www.denkfried.de/wp/?attachment_id=36201'><img loading="lazy" decoding="async" width="150" height="150" src="http://www.denkfried.de/wp/wp-content/uploads/2011/04/Berlin-Dahlem-Kriegsgräber-1-150x150.jpg" class="attachment-thumbnail size-thumbnail" alt="" /></a>
			</dt></dl><dl class='gallery-item'>
			<dt class='gallery-icon portrait'>
				<a href='http://www.denkfried.de/wp/?attachment_id=36203'><img loading="lazy" decoding="async" width="150" height="150" src="http://www.denkfried.de/wp/wp-content/uploads/2011/04/Berlin-Dahlem-Mahnmal-Kriegsopfer-150x150.jpg" class="attachment-thumbnail size-thumbnail" alt="" /></a>
			</dt></dl><dl class='gallery-item'>
			<dt class='gallery-icon landscape'>
				<a href='http://www.denkfried.de/wp/?attachment_id=11789'><img loading="lazy" decoding="async" width="150" height="150" src="http://www.denkfried.de/wp/wp-content/uploads/2011/04/DSCF0105-150x150.jpg" class="attachment-thumbnail size-thumbnail" alt="" /></a>
			</dt></dl><dl class='gallery-item'>
			<dt class='gallery-icon portrait'>
				<a href='http://www.denkfried.de/wp/?attachment_id=36204'><img loading="lazy" decoding="async" width="150" height="150" src="http://www.denkfried.de/wp/wp-content/uploads/2011/04/Berlin-Dahlem-privates-Grab-150x150.jpg" class="attachment-thumbnail size-thumbnail" alt="" /></a>
			</dt></dl><br style="clear: both" />
		</div>

<p><span style="text-decoration: underline;"><strong>Mahnmal</strong></span></p>
<p>Vor der Kirche wurde 1996 eine dreieckige Tafel aufgestellt. Errichtet vom Künstler Nikolaus Koliusis, mit Bezug auf die Kennzeichnung der Gefangenen in den Konzentrationslagern.</p>
<address style="text-align: center;"><em><strong>Erinnern für die Zukunft</strong></em></address>
<address style="text-align: center;"><em><strong>1933 &#8211; 1945</strong></em></address>
<address style="text-align: center;"> </address>
<address style="text-align: center;"><em><strong>Rassenwahn &#8211; Krieg &#8211; Diktatur</strong></em></address>
<address style="text-align: center;"><em><strong>Die Verlorenen willst du Sammeln</strong></em></address>
<address style="text-align: center;"><em><strong>und die zerbrochen sind richtest du auf</strong></em></address>
<address style="text-align: center;"><em><strong>Niemand ist Vergessen bei dir</strong></em></address>
<address style="text-align: center;"><em><strong>Unsere Schritte aber Lenke</strong></em></address>
<address style="text-align: center;"><em><strong>auf den Weg des Friedens</strong></em></address>
<address style="text-align: center;"> </address>
<address style="text-align: center;"><em><strong>Kyrie Eleison</strong></em></address>
<p><span style="text-decoration: underline;"><strong>Gedenktafeln</strong></span></p>
<p><strong>1866, 1870-71</strong></p>
<p>Für zwei Kriegsteilnehmer befand sich eine hölzerne Gedenktafel in der Kirche. Die Tafel trug folgende Inschrift:</p>
<address style="text-align: center;"><em><strong>Aus hiesiger Gemeinde nahmen an den Feldzügen</strong></em></address>
<address style="text-align: center;"><em><strong>1866 und 1870/71 teil:</strong></em></address>
<address style="text-align: center;"> </address>
<address style="text-align: center;"><em><strong>Franz Schober, Unteroffizier</strong></em></address>
<address style="text-align: center;"><em><strong>geb. 26. September 1845 &#8211; gest. 12. Oktober 1888</strong></em></address>
<address style="text-align: center;"> </address>
<address style="text-align: center;"><em><strong>Ferdinand Eichelkraut, Fahnenschmied</strong></em></address>
<address style="text-align: center;"><em><strong>geb. 6.April 1843 &#8211; gest. 25 August 1903</strong></em></address>
<address style="text-align: center;"> </address>
<p>Desweiteren gab es in einem Rahmen eine Gedenkmünze, diese erinnerte an den 25. Jahrestag von Sedan. An der Decke befanden sich drei Fahnenstangen oder Lanzenschäfte, die wohl Georg Friedrich v. Willmerstorff von seinen Kriegszügen gegen Napoleon mitgebracht hatte.</p>
<p><strong>1914-1918</strong></p>
<p>Eine hölzerne Gedenktafel befindet sich in der St. Annen Kirche. Die Tafel ist für 110 im ersten Weltkrieg gefallenen der Gemeinde. In Verbindung wurde das Denkmal an der Kreuzung vor der Kirche geweiht. Oben an der Tafel sind die Kriegsjahre eingearbeitet, darunter die Namen der Gefallenen verzeichnet. Angegeben sind Name, Vorname, Dienstgrad, Todesdatum und Ort. Von den hier aufgeführten ruhen 14 auf dem Kirchhof.</p>
<p>Im zweiten Weltkrieg wurde die Kirche durch Bombentreffer stark beschädigt. Dabei wurde eine Glocke getroffen und konnte nicht mehr verwendet werden. Am 6. Juli 1950 konnte eine neuer Glocke durch Spenden neu aufgezogen werden. Das ehemalige Mitglied des Gemeindekirchenrats Dr. Lerche, stiftete die Glocke zur Erinnerung an seinen gefallenen Sohn. Rudolf August Lerche geb. am 23. Mai 1921 er fiel am 2. November 1941 vor Moskau.</p>
<p><span style="text-decoration: underline;"><strong>Kriegsgräber</strong></span></p>
<p>In der Abteilung 16, hier fanden 19 Kriegstote aus beiden Weltkriegen ihre letzte Ruhe. Mittig der Anlage ist eine Statue aufgestellt. Unter den Toten blieben zwei Unbekannt.</p>
<p>Es konnten Insgesamt <strong>36 Kriegsopfer</strong> und 16 private Gedenken dokumentiert werden. Bei einem Grab mit einer Soldatenstatue konnte die Grabschrift nicht übernommen werden.</p>
<p>Die Namen wurden in die Datenbanken eingepflegt.</p>

<p>&nbsp; 14195 Berlin-Dahlem St. Annen Kirche und Kirchhof, Königin-Luise-Straße 57 Bericht und Bilder von Thomas Gefallenendenkmäler Berlin/Brandenburg Mahnmal Vor der Kirche wurde 1996 eine dreieckige Tafel aufgestellt. Errichtet vom Künstler Nikolaus Koliusis, mit Bezug auf die Kennzeichnung der Gefangenen in den Konzentrationslagern. &hellip; <a href="http://www.denkfried.de/wp/?page_id=4598">Weiterlesen <span class="meta-nav">&rarr;</span></a></p>
