{"id":4523,"date":"2011-04-25T22:05:01","date_gmt":"2011-04-25T20:05:01","guid":{"rendered":"http:\/\/www.denkfried.de\/wp\/?page_id=4523"},"modified":"2011-04-25T22:05:01","modified_gmt":"2011-04-25T20:05:01","slug":"guterfelde","status":"publish","type":"page","link":"http:\/\/www.denkfried.de\/wp\/?page_id=4523","title":{"rendered":"G\u00fcterfelde"},"content":{"rendered":"<p>&nbsp;<\/p>\n<p><span style=\"text-decoration: underline; color: #ff0000;\"><strong>14532 G\u00fcterfelde<\/strong><\/span><\/p>\n<p>Wilmersdorfer Waldfriedhof G\u00fcterfelde, 14532 G\u00fcterfelde, Potsdamer Damm 11 a-c<\/p>\n<hr \/>\n<p><strong>Ehrenfriedhof <\/strong>mit  Grabst\u00e4tte und Ehrenmal f\u00fcr 1.389 meist sowjetische Kriegsgefangenen  und Zwangsarbeiter, die w\u00e4hrend des Krieges infolge Entbehrungen und  Mi\u00dfhandlungen in einem Lager in Mahlow verstarben.<\/p>\n<p><strong>Gedenkst\u00e4tte<\/strong> f\u00fcr ermorderte H\u00e4ftlinge des KZs Sachsenhausen.<\/p>\n<p>&nbsp;<\/p>\n","protected":false},"excerpt":{"rendered":"<p>&nbsp; 14532 G\u00fcterfelde Wilmersdorfer Waldfriedhof G\u00fcterfelde, 14532 G\u00fcterfelde, Potsdamer Damm 11 a-c Ehrenfriedhof mit Grabst\u00e4tte und Ehrenmal f\u00fcr 1.389 meist sowjetische Kriegsgefangenen und Zwangsarbeiter, die w\u00e4hrend des Krieges infolge Entbehrungen und Mi\u00dfhandlungen in einem Lager in Mahlow verstarben. Gedenkst\u00e4tte f\u00fcr &hellip; <a href=\"http:\/\/www.denkfried.de\/wp\/?page_id=4523\">Weiterlesen <span class=\"meta-nav\">&rarr;<\/span><\/a><\/p>\n","protected":false},"author":2,"featured_media":0,"parent":4515,"menu_order":0,"comment_status":"closed","ping_status":"open","template":"","meta":{"footnotes":""},"class_list":["post-4523","page","type-page","status-publish","hentry"],"_links":{"self":[{"href":"http:\/\/www.denkfried.de\/wp\/index.php?rest_route=\/wp\/v2\/pages\/4523","targetHints":{"allow":["GET"]}}],"collection":[{"href":"http:\/\/www.denkfried.de\/wp\/index.php?rest_route=\/wp\/v2\/pages"}],"about":[{"href":"http:\/\/www.denkfried.de\/wp\/index.php?rest_route=\/wp\/v2\/types\/page"}],"author":[{"embeddable":true,"href":"http:\/\/www.denkfried.de\/wp\/index.php?rest_route=\/wp\/v2\/users\/2"}],"replies":[{"embeddable":true,"href":"http:\/\/www.denkfried.de\/wp\/index.php?rest_route=%2Fwp%2Fv2%2Fcomments&post=4523"}],"version-history":[{"count":2,"href":"http:\/\/www.denkfried.de\/wp\/index.php?rest_route=\/wp\/v2\/pages\/4523\/revisions"}],"predecessor-version":[{"id":4525,"href":"http:\/\/www.denkfried.de\/wp\/index.php?rest_route=\/wp\/v2\/pages\/4523\/revisions\/4525"}],"up":[{"embeddable":true,"href":"http:\/\/www.denkfried.de\/wp\/index.php?rest_route=\/wp\/v2\/pages\/4515"}],"wp:attachment":[{"href":"http:\/\/www.denkfried.de\/wp\/index.php?rest_route=%2Fwp%2Fv2%2Fmedia&parent=4523"}],"curies":[{"name":"wp","href":"https:\/\/api.w.org\/{rel}","templated":true}]}}

Güterfelde

<p>&nbsp;</p>
<p><span style="text-decoration: underline; color: #ff0000;"><strong>14532 Güterfelde</strong></span></p>
<p>Wilmersdorfer Waldfriedhof Güterfelde, 14532 Güterfelde, Potsdamer Damm 11 a-c</p>
<hr />
<p><strong>Ehrenfriedhof </strong>mit  Grabstätte und Ehrenmal für 1.389 meist sowjetische Kriegsgefangenen  und Zwangsarbeiter, die während des Krieges infolge Entbehrungen und  Mißhandlungen in einem Lager in Mahlow verstarben.</p>
<p><strong>Gedenkstätte</strong> für ermorderte Häftlinge des KZs Sachsenhausen.</p>
<p>&nbsp;</p>

<p>&nbsp; 14532 Güterfelde Wilmersdorfer Waldfriedhof Güterfelde, 14532 Güterfelde, Potsdamer Damm 11 a-c Ehrenfriedhof mit Grabstätte und Ehrenmal für 1.389 meist sowjetische Kriegsgefangenen und Zwangsarbeiter, die während des Krieges infolge Entbehrungen und Mißhandlungen in einem Lager in Mahlow verstarben. Gedenkstätte für &hellip; <a href="http://www.denkfried.de/wp/?page_id=4523">Weiterlesen <span class="meta-nav">&rarr;</span></a></p>
