{"id":40966,"date":"2016-11-26T21:52:33","date_gmt":"2016-11-26T20:52:33","guid":{"rendered":"http:\/\/www.denkfried.de\/wp\/?page_id=40966"},"modified":"2016-11-27T01:16:23","modified_gmt":"2016-11-27T00:16:23","slug":"06118-landrain-nord-halle","status":"publish","type":"page","link":"http:\/\/www.denkfried.de\/wp\/?page_id=40966","title":{"rendered":"&#8211; Landrain (2)"},"content":{"rendered":"<p><span style=\"text-decoration: underline;\">06114 Landrain (Halle)<br \/>\n<\/span><\/p>\n<p>Auf dem Gertraudenfriedhof in Halle OT-Landrain-Nord an der Landrainerstr.-Dessauerstrasse finden sich zwei Gr\u00e4berfelder f\u00fcr die gefallenen beider Weltkriege, Natursteinplatten mit aufgesetzten Buchstaben aus Metall, kennzeichnen die Einzelgr\u00e4ber der hier beigesetzten gefallenen Soldaten des Ersten Weltkriegs. Zum Ende hin wurden Einzelgr\u00e4ber mit Kreutzen gekennzeichnet.782 Gefallene wurden hier zur letzten Ruhe gebettet. Dank der Witterung weisen einige Grabsteine &#8222;Frost&#8220; auf das sich sehr gut macht.<\/p>\n<p>Koordinaten N 51\u00b030.22\u00a0 O 11\u00b059.10<\/p>\n<p>&nbsp;<\/p>\n<p>Bilder vom 01.02.2014<\/p>\n<p>&nbsp;<\/p>\n<p>Gr\u00fc\u00dfe Hubert<\/p>\n<p><a href=\"http:\/\/www.denkfried.de\/wp\/?attachment_id=40967\"><img loading=\"lazy\" decoding=\"async\" class=\"alignleft wp-image-40967 size-thumbnail\" src=\"http:\/\/www.denkfried.de\/wp\/wp-content\/uploads\/2016\/11\/KGSt.Landrain-Nord1.W.K.-Getrauden-F.H.Halle-01.02-2-150x150.jpg\" alt=\"kgst-landrain-nord1-w-k-getrauden-f-h-halle-01-02-2\" width=\"150\" height=\"150\" \/><\/a> <a href=\"http:\/\/www.denkfried.de\/wp\/?attachment_id=40968\"><img loading=\"lazy\" decoding=\"async\" class=\"alignleft wp-image-40968 size-thumbnail\" src=\"http:\/\/www.denkfried.de\/wp\/wp-content\/uploads\/2016\/11\/KGSt.Landrain-Nord1.W.K.-Getrauden-F.H.Halle-01.02-3-150x150.jpg\" alt=\"kgst-landrain-nord1-w-k-getrauden-f-h-halle-01-02-3\" width=\"150\" height=\"150\" \/><\/a> <a href=\"http:\/\/www.denkfried.de\/wp\/?attachment_id=40969\"><img loading=\"lazy\" decoding=\"async\" class=\"alignleft wp-image-40969 size-thumbnail\" src=\"http:\/\/www.denkfried.de\/wp\/wp-content\/uploads\/2016\/11\/KGSt.Landrain-Nord1.W.K.-Getrauden-F.H.Halle-01.02-4-150x150.jpg\" alt=\"kgst-landrain-nord1-w-k-getrauden-f-h-halle-01-02-4\" width=\"150\" height=\"150\" \/><\/a> <a href=\"http:\/\/www.denkfried.de\/wp\/?attachment_id=40970\"><img loading=\"lazy\" decoding=\"async\" class=\"alignleft wp-image-40970 size-thumbnail\" src=\"http:\/\/www.denkfried.de\/wp\/wp-content\/uploads\/2016\/11\/KGSt.Landrain-Nord1.W.K.-Getrauden-F.H.Halle-01.02-5-150x150.jpg\" alt=\"kgst-landrain-nord1-w-k-getrauden-f-h-halle-01-02-5\" width=\"150\" height=\"150\" \/><\/a> <a href=\"http:\/\/www.denkfried.de\/wp\/?attachment_id=40971\"><img loading=\"lazy\" decoding=\"async\" class=\"alignleft wp-image-40971 size-thumbnail\" src=\"http:\/\/www.denkfried.de\/wp\/wp-content\/uploads\/2016\/11\/KGSt.Landrain-Nord1.W.K.-Getrauden-F.H.Halle-01.02-8-150x150.jpg\" alt=\"kgst-landrain-nord1-w-k-getrauden-f-h-halle-01-02-8\" width=\"150\" height=\"150\" \/><\/a> <a href=\"http:\/\/www.denkfried.de\/wp\/?attachment_id=40972\"><img loading=\"lazy\" decoding=\"async\" class=\"alignleft wp-image-40972 size-thumbnail\" src=\"http:\/\/www.denkfried.de\/wp\/wp-content\/uploads\/2016\/11\/KGSt.Landrain-Nord1.W.K.-Getrauden-F.H.Halle-01.02-11-150x150.jpg\" alt=\"kgst-landrain-nord1-w-k-getrauden-f-h-halle-01-02-11\" width=\"150\" height=\"150\" \/><\/a> <a href=\"http:\/\/www.denkfried.de\/wp\/?attachment_id=40973\"><img loading=\"lazy\" decoding=\"async\" class=\"alignleft wp-image-40973 size-thumbnail\" src=\"http:\/\/www.denkfried.de\/wp\/wp-content\/uploads\/2016\/11\/KGSt.Landrain-Nord1.W.K.-Getrauden-F.H.Halle-01.02-14-150x150.jpg\" alt=\"kgst-landrain-nord1-w-k-getrauden-f-h-halle-01-02-14\" width=\"150\" height=\"150\" \/><\/a> <a href=\"http:\/\/www.denkfried.de\/wp\/?attachment_id=40974\"><img loading=\"lazy\" decoding=\"async\" class=\"alignleft wp-image-40974 size-thumbnail\" src=\"http:\/\/www.denkfried.de\/wp\/wp-content\/uploads\/2016\/11\/KGSt.Landrain-Nord1.W.K.-Getrauden-F.H.Halle-01.02-17-150x150.jpg\" alt=\"kgst-landrain-nord1-w-k-getrauden-f-h-halle-01-02-17\" width=\"150\" height=\"150\" \/><\/a> <a href=\"http:\/\/www.denkfried.de\/wp\/?attachment_id=40975\"><img loading=\"lazy\" decoding=\"async\" class=\"alignleft wp-image-40975 size-thumbnail\" src=\"http:\/\/www.denkfried.de\/wp\/wp-content\/uploads\/2016\/11\/KGSt.Landrain-Nord1.W.K.-Getrauden-F.H.Halle-01.02-19-150x150.jpg\" alt=\"kgst-landrain-nord1-w-k-getrauden-f-h-halle-01-02-19\" width=\"150\" height=\"150\" \/><\/a> <a href=\"http:\/\/www.denkfried.de\/wp\/?attachment_id=40976\"><img loading=\"lazy\" decoding=\"async\" class=\"alignleft wp-image-40976 size-thumbnail\" src=\"http:\/\/www.denkfried.de\/wp\/wp-content\/uploads\/2016\/11\/KGSt.Landrain-Nord1.W.K.-Getrauden-F.H.Halle-01.02-21-150x150.jpg\" alt=\"kgst-landrain-nord1-w-k-getrauden-f-h-halle-01-02-21\" width=\"150\" height=\"150\" \/><\/a><\/p>\n<p>&nbsp;<\/p>\n","protected":false},"excerpt":{"rendered":"<p>06114 Landrain (Halle) Auf dem Gertraudenfriedhof in Halle OT-Landrain-Nord an der Landrainerstr.-Dessauerstrasse finden sich zwei Gr\u00e4berfelder f\u00fcr die gefallenen beider Weltkriege, Natursteinplatten mit aufgesetzten Buchstaben aus Metall, kennzeichnen die Einzelgr\u00e4ber der hier beigesetzten gefallenen Soldaten des Ersten Weltkriegs. Zum Ende &hellip; <a href=\"http:\/\/www.denkfried.de\/wp\/?page_id=40966\">Weiterlesen <span class=\"meta-nav\">&rarr;<\/span><\/a><\/p>\n","protected":false},"author":7,"featured_media":0,"parent":6136,"menu_order":0,"comment_status":"closed","ping_status":"closed","template":"","meta":{"footnotes":""},"class_list":["post-40966","page","type-page","status-publish","hentry"],"_links":{"self":[{"href":"http:\/\/www.denkfried.de\/wp\/index.php?rest_route=\/wp\/v2\/pages\/40966","targetHints":{"allow":["GET"]}}],"collection":[{"href":"http:\/\/www.denkfried.de\/wp\/index.php?rest_route=\/wp\/v2\/pages"}],"about":[{"href":"http:\/\/www.denkfried.de\/wp\/index.php?rest_route=\/wp\/v2\/types\/page"}],"author":[{"embeddable":true,"href":"http:\/\/www.denkfried.de\/wp\/index.php?rest_route=\/wp\/v2\/users\/7"}],"replies":[{"embeddable":true,"href":"http:\/\/www.denkfried.de\/wp\/index.php?rest_route=%2Fwp%2Fv2%2Fcomments&post=40966"}],"version-history":[{"count":5,"href":"http:\/\/www.denkfried.de\/wp\/index.php?rest_route=\/wp\/v2\/pages\/40966\/revisions"}],"predecessor-version":[{"id":41018,"href":"http:\/\/www.denkfried.de\/wp\/index.php?rest_route=\/wp\/v2\/pages\/40966\/revisions\/41018"}],"up":[{"embeddable":true,"href":"http:\/\/www.denkfried.de\/wp\/index.php?rest_route=\/wp\/v2\/pages\/6136"}],"wp:attachment":[{"href":"http:\/\/www.denkfried.de\/wp\/index.php?rest_route=%2Fwp%2Fv2%2Fmedia&parent=40966"}],"curies":[{"name":"wp","href":"https:\/\/api.w.org\/{rel}","templated":true}]}}

<p><span style="text-decoration: underline;">06114 Landrain (Halle)<br />
</span></p>
<p>Auf dem Gertraudenfriedhof in Halle OT-Landrain-Nord an der Landrainerstr.-Dessauerstrasse finden sich zwei Gräberfelder für die gefallenen beider Weltkriege, Natursteinplatten mit aufgesetzten Buchstaben aus Metall, kennzeichnen die Einzelgräber der hier beigesetzten gefallenen Soldaten des Ersten Weltkriegs. Zum Ende hin wurden Einzelgräber mit Kreutzen gekennzeichnet.782 Gefallene wurden hier zur letzten Ruhe gebettet. Dank der Witterung weisen einige Grabsteine &#8222;Frost&#8220; auf das sich sehr gut macht.</p>
<p>Koordinaten N 51°30.22  O 11°59.10</p>
<p>&nbsp;</p>
<p>Bilder vom 01.02.2014</p>
<p>&nbsp;</p>
<p>Grüße Hubert</p>
<p><a href="http://www.denkfried.de/wp/?attachment_id=40967"><img loading="lazy" decoding="async" class="alignleft wp-image-40967 size-thumbnail" src="http://www.denkfried.de/wp/wp-content/uploads/2016/11/KGSt.Landrain-Nord1.W.K.-Getrauden-F.H.Halle-01.02-2-150x150.jpg" alt="kgst-landrain-nord1-w-k-getrauden-f-h-halle-01-02-2" width="150" height="150" /></a> <a href="http://www.denkfried.de/wp/?attachment_id=40968"><img loading="lazy" decoding="async" class="alignleft wp-image-40968 size-thumbnail" src="http://www.denkfried.de/wp/wp-content/uploads/2016/11/KGSt.Landrain-Nord1.W.K.-Getrauden-F.H.Halle-01.02-3-150x150.jpg" alt="kgst-landrain-nord1-w-k-getrauden-f-h-halle-01-02-3" width="150" height="150" /></a> <a href="http://www.denkfried.de/wp/?attachment_id=40969"><img loading="lazy" decoding="async" class="alignleft wp-image-40969 size-thumbnail" src="http://www.denkfried.de/wp/wp-content/uploads/2016/11/KGSt.Landrain-Nord1.W.K.-Getrauden-F.H.Halle-01.02-4-150x150.jpg" alt="kgst-landrain-nord1-w-k-getrauden-f-h-halle-01-02-4" width="150" height="150" /></a> <a href="http://www.denkfried.de/wp/?attachment_id=40970"><img loading="lazy" decoding="async" class="alignleft wp-image-40970 size-thumbnail" src="http://www.denkfried.de/wp/wp-content/uploads/2016/11/KGSt.Landrain-Nord1.W.K.-Getrauden-F.H.Halle-01.02-5-150x150.jpg" alt="kgst-landrain-nord1-w-k-getrauden-f-h-halle-01-02-5" width="150" height="150" /></a> <a href="http://www.denkfried.de/wp/?attachment_id=40971"><img loading="lazy" decoding="async" class="alignleft wp-image-40971 size-thumbnail" src="http://www.denkfried.de/wp/wp-content/uploads/2016/11/KGSt.Landrain-Nord1.W.K.-Getrauden-F.H.Halle-01.02-8-150x150.jpg" alt="kgst-landrain-nord1-w-k-getrauden-f-h-halle-01-02-8" width="150" height="150" /></a> <a href="http://www.denkfried.de/wp/?attachment_id=40972"><img loading="lazy" decoding="async" class="alignleft wp-image-40972 size-thumbnail" src="http://www.denkfried.de/wp/wp-content/uploads/2016/11/KGSt.Landrain-Nord1.W.K.-Getrauden-F.H.Halle-01.02-11-150x150.jpg" alt="kgst-landrain-nord1-w-k-getrauden-f-h-halle-01-02-11" width="150" height="150" /></a> <a href="http://www.denkfried.de/wp/?attachment_id=40973"><img loading="lazy" decoding="async" class="alignleft wp-image-40973 size-thumbnail" src="http://www.denkfried.de/wp/wp-content/uploads/2016/11/KGSt.Landrain-Nord1.W.K.-Getrauden-F.H.Halle-01.02-14-150x150.jpg" alt="kgst-landrain-nord1-w-k-getrauden-f-h-halle-01-02-14" width="150" height="150" /></a> <a href="http://www.denkfried.de/wp/?attachment_id=40974"><img loading="lazy" decoding="async" class="alignleft wp-image-40974 size-thumbnail" src="http://www.denkfried.de/wp/wp-content/uploads/2016/11/KGSt.Landrain-Nord1.W.K.-Getrauden-F.H.Halle-01.02-17-150x150.jpg" alt="kgst-landrain-nord1-w-k-getrauden-f-h-halle-01-02-17" width="150" height="150" /></a> <a href="http://www.denkfried.de/wp/?attachment_id=40975"><img loading="lazy" decoding="async" class="alignleft wp-image-40975 size-thumbnail" src="http://www.denkfried.de/wp/wp-content/uploads/2016/11/KGSt.Landrain-Nord1.W.K.-Getrauden-F.H.Halle-01.02-19-150x150.jpg" alt="kgst-landrain-nord1-w-k-getrauden-f-h-halle-01-02-19" width="150" height="150" /></a> <a href="http://www.denkfried.de/wp/?attachment_id=40976"><img loading="lazy" decoding="async" class="alignleft wp-image-40976 size-thumbnail" src="http://www.denkfried.de/wp/wp-content/uploads/2016/11/KGSt.Landrain-Nord1.W.K.-Getrauden-F.H.Halle-01.02-21-150x150.jpg" alt="kgst-landrain-nord1-w-k-getrauden-f-h-halle-01-02-21" width="150" height="150" /></a></p>
<p>&nbsp;</p>

<p>06114 Landrain (Halle) Auf dem Gertraudenfriedhof in Halle OT-Landrain-Nord an der Landrainerstr.-Dessauerstrasse finden sich zwei Gräberfelder für die gefallenen beider Weltkriege, Natursteinplatten mit aufgesetzten Buchstaben aus Metall, kennzeichnen die Einzelgräber der hier beigesetzten gefallenen Soldaten des Ersten Weltkriegs. Zum Ende &hellip; <a href="http://www.denkfried.de/wp/?page_id=40966">Weiterlesen <span class="meta-nav">&rarr;</span></a></p>
