{"id":40890,"date":"2016-11-20T16:37:54","date_gmt":"2016-11-20T15:37:54","guid":{"rendered":"http:\/\/www.denkfried.de\/wp\/?page_id=40890"},"modified":"2016-11-20T17:27:39","modified_gmt":"2016-11-20T16:27:39","slug":"kabelsketal-ot-grosskugel","status":"publish","type":"page","link":"http:\/\/www.denkfried.de\/wp\/?page_id=40890","title":{"rendered":"&#8211; Gro\u00dfkugel"},"content":{"rendered":"<p>&nbsp;<\/p>\n<p><span style=\"text-decoration: underline;\">06184 Kabelsketal, <strong>OT-Gro\u00dfkugel<\/strong><\/span><\/p>\n<p>&nbsp;<\/p>\n<p>Auf dem Ortsfriedhof in Kabelsketal,OT-Gro\u00dfkugel an der Dorfstrasse finden sich die Einzelgr\u00e4ber von 12 Kriegstoten , alle gefallen zwischen dem 2.-bis 5.11. 1944. Soldaten, Zivilpersonen und Kinder sind unter den Bestatteten zu finden. Eine Polin , Zofia Buczynska geb.1921-verst.1944, bestattet in einem Einzelgrab\u00a0 finden wir in der N\u00e4he des Friedhofseingangs. Ihre schwarze Marmortafel hat sich schon von dem Pultstein gel\u00f6st und wurde an diesem angelehnt.<\/p>\n<p>Koordinaten : N 51\u00b0 24.04\u00a0 O 12\u00b0 08.72<\/p>\n<p>Bilder vom 01.02.2014<\/p>\n<p><a href=\"http:\/\/www.denkfried.de\/wp\/wp-content\/uploads\/2016\/11\/KGSt.KabelsketalOT-Gro\u00dfkugel2.W.K.12-Deutsche1.Polin01.02-1.jpg\"><img loading=\"lazy\" decoding=\"async\" class=\"alignleft size-thumbnail wp-image-40891\" src=\"http:\/\/www.denkfried.de\/wp\/wp-content\/uploads\/2016\/11\/KGSt.KabelsketalOT-Gro\u00dfkugel2.W.K.12-Deutsche1.Polin01.02-1-150x150.jpg\" alt=\"kgst-kabelsketalot-grosskugel2-w-k-12-deutsche1-polin01-02-1\" width=\"150\" height=\"150\" \/><\/a> <a href=\"http:\/\/www.denkfried.de\/wp\/wp-content\/uploads\/2016\/11\/KGSt.KabelsketalOT-Gro\u00dfkugel2.W.K.12-Deutsche1.Polin01.02-2.jpg\"><img loading=\"lazy\" decoding=\"async\" class=\"alignleft size-thumbnail wp-image-40892\" src=\"http:\/\/www.denkfried.de\/wp\/wp-content\/uploads\/2016\/11\/KGSt.KabelsketalOT-Gro\u00dfkugel2.W.K.12-Deutsche1.Polin01.02-2-150x150.jpg\" alt=\"kgst-kabelsketalot-grosskugel2-w-k-12-deutsche1-polin01-02-2\" width=\"150\" height=\"150\" \/><\/a> <a href=\"http:\/\/www.denkfried.de\/wp\/wp-content\/uploads\/2016\/11\/KGSt.KabelsketalOT-Gro\u00dfkugel2.W.K.12-Deutsche1.Polin01.02-3.jpg\"><img loading=\"lazy\" decoding=\"async\" class=\"alignleft size-thumbnail wp-image-40893\" src=\"http:\/\/www.denkfried.de\/wp\/wp-content\/uploads\/2016\/11\/KGSt.KabelsketalOT-Gro\u00dfkugel2.W.K.12-Deutsche1.Polin01.02-3-150x150.jpg\" alt=\"kgst-kabelsketalot-grosskugel2-w-k-12-deutsche1-polin01-02-3\" width=\"150\" height=\"150\" \/><\/a> <a href=\"http:\/\/www.denkfried.de\/wp\/wp-content\/uploads\/2016\/11\/KGSt.KabelsketalOT-Gro\u00dfkugel2.W.K.12-Deutsche1.Polin01.02-4.jpg\"><img loading=\"lazy\" decoding=\"async\" class=\"alignleft size-thumbnail wp-image-40894\" src=\"http:\/\/www.denkfried.de\/wp\/wp-content\/uploads\/2016\/11\/KGSt.KabelsketalOT-Gro\u00dfkugel2.W.K.12-Deutsche1.Polin01.02-4-150x150.jpg\" alt=\"kgst-kabelsketalot-grosskugel2-w-k-12-deutsche1-polin01-02-4\" width=\"150\" height=\"150\" \/><\/a> <a href=\"http:\/\/www.denkfried.de\/wp\/wp-content\/uploads\/2016\/11\/KGSt.KabelsketalOT-Gro\u00dfkugel2.W.K.12-Deutsche1.Polin01.02-5.jpg\"><img loading=\"lazy\" decoding=\"async\" class=\"alignleft size-thumbnail wp-image-40895\" src=\"http:\/\/www.denkfried.de\/wp\/wp-content\/uploads\/2016\/11\/KGSt.KabelsketalOT-Gro\u00dfkugel2.W.K.12-Deutsche1.Polin01.02-5-150x150.jpg\" alt=\"kgst-kabelsketalot-grosskugel2-w-k-12-deutsche1-polin01-02-5\" width=\"150\" height=\"150\" \/><\/a> <a href=\"http:\/\/www.denkfried.de\/wp\/wp-content\/uploads\/2016\/11\/KGSt.KabelsketalOT-Gro\u00dfkugel2.W.K.12-Deutsche1.Polin01.02-6.jpg\"><img loading=\"lazy\" decoding=\"async\" class=\"alignleft size-thumbnail wp-image-40896\" src=\"http:\/\/www.denkfried.de\/wp\/wp-content\/uploads\/2016\/11\/KGSt.KabelsketalOT-Gro\u00dfkugel2.W.K.12-Deutsche1.Polin01.02-6-150x150.jpg\" alt=\"kgst-kabelsketalot-grosskugel2-w-k-12-deutsche1-polin01-02-6\" width=\"150\" height=\"150\" \/><\/a> <a href=\"http:\/\/www.denkfried.de\/wp\/wp-content\/uploads\/2016\/11\/KGSt.KabelsketalOT-Gro\u00dfkugel2.W.K.12-Deutsche1.Polin01.02-7.jpg\"><img loading=\"lazy\" decoding=\"async\" class=\"alignleft size-thumbnail wp-image-40897\" src=\"http:\/\/www.denkfried.de\/wp\/wp-content\/uploads\/2016\/11\/KGSt.KabelsketalOT-Gro\u00dfkugel2.W.K.12-Deutsche1.Polin01.02-7-150x150.jpg\" alt=\"kgst-kabelsketalot-grosskugel2-w-k-12-deutsche1-polin01-02-7\" width=\"150\" height=\"150\" \/><\/a> <a href=\"http:\/\/www.denkfried.de\/wp\/wp-content\/uploads\/2016\/11\/KGSt.KabelsketalOT-Gro\u00dfkugel2.W.K.12-Deutsche1.Polin01.02-8.jpg\"><img loading=\"lazy\" decoding=\"async\" class=\"alignleft size-thumbnail wp-image-40898\" src=\"http:\/\/www.denkfried.de\/wp\/wp-content\/uploads\/2016\/11\/KGSt.KabelsketalOT-Gro\u00dfkugel2.W.K.12-Deutsche1.Polin01.02-8-150x150.jpg\" alt=\"kgst-kabelsketalot-grosskugel2-w-k-12-deutsche1-polin01-02-8\" width=\"150\" height=\"150\" \/><\/a><\/p>\n<p>Gr\u00fc\u00dfe Hubert<\/p>\n<p>&nbsp;<\/p>\n<p>&nbsp;<\/p>\n<p>&nbsp;<\/p>\n<p>&nbsp;<\/p>\n","protected":false},"excerpt":{"rendered":"<p>&nbsp; 06184 Kabelsketal, OT-Gro\u00dfkugel &nbsp; Auf dem Ortsfriedhof in Kabelsketal,OT-Gro\u00dfkugel an der Dorfstrasse finden sich die Einzelgr\u00e4ber von 12 Kriegstoten , alle gefallen zwischen dem 2.-bis 5.11. 1944. Soldaten, Zivilpersonen und Kinder sind unter den Bestatteten zu finden. Eine Polin &hellip; <a href=\"http:\/\/www.denkfried.de\/wp\/?page_id=40890\">Weiterlesen <span class=\"meta-nav\">&rarr;<\/span><\/a><\/p>\n","protected":false},"author":7,"featured_media":0,"parent":40918,"menu_order":0,"comment_status":"closed","ping_status":"closed","template":"","meta":{"footnotes":""},"class_list":["post-40890","page","type-page","status-publish","hentry"],"_links":{"self":[{"href":"http:\/\/www.denkfried.de\/wp\/index.php?rest_route=\/wp\/v2\/pages\/40890","targetHints":{"allow":["GET"]}}],"collection":[{"href":"http:\/\/www.denkfried.de\/wp\/index.php?rest_route=\/wp\/v2\/pages"}],"about":[{"href":"http:\/\/www.denkfried.de\/wp\/index.php?rest_route=\/wp\/v2\/types\/page"}],"author":[{"embeddable":true,"href":"http:\/\/www.denkfried.de\/wp\/index.php?rest_route=\/wp\/v2\/users\/7"}],"replies":[{"embeddable":true,"href":"http:\/\/www.denkfried.de\/wp\/index.php?rest_route=%2Fwp%2Fv2%2Fcomments&post=40890"}],"version-history":[{"count":5,"href":"http:\/\/www.denkfried.de\/wp\/index.php?rest_route=\/wp\/v2\/pages\/40890\/revisions"}],"predecessor-version":[{"id":40923,"href":"http:\/\/www.denkfried.de\/wp\/index.php?rest_route=\/wp\/v2\/pages\/40890\/revisions\/40923"}],"up":[{"embeddable":true,"href":"http:\/\/www.denkfried.de\/wp\/index.php?rest_route=\/wp\/v2\/pages\/40918"}],"wp:attachment":[{"href":"http:\/\/www.denkfried.de\/wp\/index.php?rest_route=%2Fwp%2Fv2%2Fmedia&parent=40890"}],"curies":[{"name":"wp","href":"https:\/\/api.w.org\/{rel}","templated":true}]}}

&#8211; Großkugel

<p>&nbsp;</p>
<p><span style="text-decoration: underline;">06184 Kabelsketal, <strong>OT-Großkugel</strong></span></p>
<p>&nbsp;</p>
<p>Auf dem Ortsfriedhof in Kabelsketal,OT-Großkugel an der Dorfstrasse finden sich die Einzelgräber von 12 Kriegstoten , alle gefallen zwischen dem 2.-bis 5.11. 1944. Soldaten, Zivilpersonen und Kinder sind unter den Bestatteten zu finden. Eine Polin , Zofia Buczynska geb.1921-verst.1944, bestattet in einem Einzelgrab  finden wir in der Nähe des Friedhofseingangs. Ihre schwarze Marmortafel hat sich schon von dem Pultstein gelöst und wurde an diesem angelehnt.</p>
<p>Koordinaten : N 51° 24.04  O 12° 08.72</p>
<p>Bilder vom 01.02.2014</p>
<p><a href="http://www.denkfried.de/wp/wp-content/uploads/2016/11/KGSt.KabelsketalOT-Großkugel2.W.K.12-Deutsche1.Polin01.02-1.jpg"><img loading="lazy" decoding="async" class="alignleft size-thumbnail wp-image-40891" src="http://www.denkfried.de/wp/wp-content/uploads/2016/11/KGSt.KabelsketalOT-Großkugel2.W.K.12-Deutsche1.Polin01.02-1-150x150.jpg" alt="kgst-kabelsketalot-grosskugel2-w-k-12-deutsche1-polin01-02-1" width="150" height="150" /></a> <a href="http://www.denkfried.de/wp/wp-content/uploads/2016/11/KGSt.KabelsketalOT-Großkugel2.W.K.12-Deutsche1.Polin01.02-2.jpg"><img loading="lazy" decoding="async" class="alignleft size-thumbnail wp-image-40892" src="http://www.denkfried.de/wp/wp-content/uploads/2016/11/KGSt.KabelsketalOT-Großkugel2.W.K.12-Deutsche1.Polin01.02-2-150x150.jpg" alt="kgst-kabelsketalot-grosskugel2-w-k-12-deutsche1-polin01-02-2" width="150" height="150" /></a> <a href="http://www.denkfried.de/wp/wp-content/uploads/2016/11/KGSt.KabelsketalOT-Großkugel2.W.K.12-Deutsche1.Polin01.02-3.jpg"><img loading="lazy" decoding="async" class="alignleft size-thumbnail wp-image-40893" src="http://www.denkfried.de/wp/wp-content/uploads/2016/11/KGSt.KabelsketalOT-Großkugel2.W.K.12-Deutsche1.Polin01.02-3-150x150.jpg" alt="kgst-kabelsketalot-grosskugel2-w-k-12-deutsche1-polin01-02-3" width="150" height="150" /></a> <a href="http://www.denkfried.de/wp/wp-content/uploads/2016/11/KGSt.KabelsketalOT-Großkugel2.W.K.12-Deutsche1.Polin01.02-4.jpg"><img loading="lazy" decoding="async" class="alignleft size-thumbnail wp-image-40894" src="http://www.denkfried.de/wp/wp-content/uploads/2016/11/KGSt.KabelsketalOT-Großkugel2.W.K.12-Deutsche1.Polin01.02-4-150x150.jpg" alt="kgst-kabelsketalot-grosskugel2-w-k-12-deutsche1-polin01-02-4" width="150" height="150" /></a> <a href="http://www.denkfried.de/wp/wp-content/uploads/2016/11/KGSt.KabelsketalOT-Großkugel2.W.K.12-Deutsche1.Polin01.02-5.jpg"><img loading="lazy" decoding="async" class="alignleft size-thumbnail wp-image-40895" src="http://www.denkfried.de/wp/wp-content/uploads/2016/11/KGSt.KabelsketalOT-Großkugel2.W.K.12-Deutsche1.Polin01.02-5-150x150.jpg" alt="kgst-kabelsketalot-grosskugel2-w-k-12-deutsche1-polin01-02-5" width="150" height="150" /></a> <a href="http://www.denkfried.de/wp/wp-content/uploads/2016/11/KGSt.KabelsketalOT-Großkugel2.W.K.12-Deutsche1.Polin01.02-6.jpg"><img loading="lazy" decoding="async" class="alignleft size-thumbnail wp-image-40896" src="http://www.denkfried.de/wp/wp-content/uploads/2016/11/KGSt.KabelsketalOT-Großkugel2.W.K.12-Deutsche1.Polin01.02-6-150x150.jpg" alt="kgst-kabelsketalot-grosskugel2-w-k-12-deutsche1-polin01-02-6" width="150" height="150" /></a> <a href="http://www.denkfried.de/wp/wp-content/uploads/2016/11/KGSt.KabelsketalOT-Großkugel2.W.K.12-Deutsche1.Polin01.02-7.jpg"><img loading="lazy" decoding="async" class="alignleft size-thumbnail wp-image-40897" src="http://www.denkfried.de/wp/wp-content/uploads/2016/11/KGSt.KabelsketalOT-Großkugel2.W.K.12-Deutsche1.Polin01.02-7-150x150.jpg" alt="kgst-kabelsketalot-grosskugel2-w-k-12-deutsche1-polin01-02-7" width="150" height="150" /></a> <a href="http://www.denkfried.de/wp/wp-content/uploads/2016/11/KGSt.KabelsketalOT-Großkugel2.W.K.12-Deutsche1.Polin01.02-8.jpg"><img loading="lazy" decoding="async" class="alignleft size-thumbnail wp-image-40898" src="http://www.denkfried.de/wp/wp-content/uploads/2016/11/KGSt.KabelsketalOT-Großkugel2.W.K.12-Deutsche1.Polin01.02-8-150x150.jpg" alt="kgst-kabelsketalot-grosskugel2-w-k-12-deutsche1-polin01-02-8" width="150" height="150" /></a></p>
<p>Grüße Hubert</p>
<p>&nbsp;</p>
<p>&nbsp;</p>
<p>&nbsp;</p>
<p>&nbsp;</p>

<p>&nbsp; 06184 Kabelsketal, OT-Großkugel &nbsp; Auf dem Ortsfriedhof in Kabelsketal,OT-Großkugel an der Dorfstrasse finden sich die Einzelgräber von 12 Kriegstoten , alle gefallen zwischen dem 2.-bis 5.11. 1944. Soldaten, Zivilpersonen und Kinder sind unter den Bestatteten zu finden. Eine Polin &hellip; <a href="http://www.denkfried.de/wp/?page_id=40890">Weiterlesen <span class="meta-nav">&rarr;</span></a></p>
