{"id":38435,"date":"2015-04-09T19:59:29","date_gmt":"2015-04-09T17:59:29","guid":{"rendered":"http:\/\/www.denkfried.de\/wp\/?page_id=38435"},"modified":"2015-04-09T20:00:36","modified_gmt":"2015-04-09T18:00:36","slug":"meppen-ot-versen","status":"publish","type":"page","link":"http:\/\/www.denkfried.de\/wp\/?page_id=38435","title":{"rendered":"Meppen OT-Versen"},"content":{"rendered":"<p>&nbsp;<\/p>\n<p><span style=\"text-decoration: underline;\"><strong>49716 Meppen OT-Versen<\/strong><\/span><\/p>\n<p>In Meppen Ortsteil Versen findet sich hinter der JVA eine Gedenkst\u00e4tte f\u00fcr verstorbene des KZ Aussenlagers Neuengamme. Hier ruhen 297 Verstorbene des Aussenlagers deren Namen bekannt sind und 71 unbekannte. Urspr\u00fcnglich fanden hier 566 durch unterern\u00e4hrung und Epidemien verstorbene ihre letzte Ruhe . Im Jahr 1953 wurden von den Namentlich bekannten exhumierungen zur Identifizierung durchgef\u00fchrt und jene wurden anschliesend in ihre Heimat umgebettet. Das begr\u00fcnte Gr\u00e4berfeld wird nur durch niedriege Natursteins\u00e4ulen als solches kenntlich gemacht. Am Ende des Gr\u00e4berfeldes wurde eine Natursteins\u00e4ule mit Inschrift zum Gedenken an die Opfer der Nationalsozialistischen Gewaltherrschaft aufgestellt.<\/p>\n<p>&nbsp;<\/p>\n<p>Bilder vom 21.04.2013<\/p>\n<p>&nbsp;<\/p>\n<p>Gr\u00fc\u00dfe Hubert<\/p>\n<p><a href=\"http:\/\/www.denkfried.de\/wp\/wp-content\/uploads\/2015\/04\/KGStMeppenOT-VersenHinter-der-JVAKZ-AussenlagerNeuengamme.21.04.2013-1.jpg\"><img loading=\"lazy\" decoding=\"async\" class=\"aligncenter size-thumbnail wp-image-38436\" src=\"http:\/\/www.denkfried.de\/wp\/wp-content\/uploads\/2015\/04\/KGStMeppenOT-VersenHinter-der-JVAKZ-AussenlagerNeuengamme.21.04.2013-1-150x150.jpg\" alt=\"KGStMeppen,OT-Versen,Hinter der JVA,KZ-Aussenlager,Neuengamme.21.04.2013 (1)\" width=\"150\" height=\"150\" \/><\/a> <a href=\"http:\/\/www.denkfried.de\/wp\/wp-content\/uploads\/2015\/04\/KGStMeppenOT-VersenHinter-der-JVAKZ-AussenlagerNeuengamme.21.04.2013-2.jpg\"><img loading=\"lazy\" decoding=\"async\" class=\"aligncenter size-thumbnail wp-image-38437\" src=\"http:\/\/www.denkfried.de\/wp\/wp-content\/uploads\/2015\/04\/KGStMeppenOT-VersenHinter-der-JVAKZ-AussenlagerNeuengamme.21.04.2013-2-150x150.jpg\" alt=\"KGStMeppen,OT-Versen,Hinter der JVA,KZ-Aussenlager,Neuengamme.21.04.2013 (2)\" width=\"150\" height=\"150\" \/><\/a> <a href=\"http:\/\/www.denkfried.de\/wp\/wp-content\/uploads\/2015\/04\/KGStMeppenOT-VersenHinter-der-JVAKZ-AussenlagerNeuengamme.21.04.2013-3.jpg\"><img loading=\"lazy\" decoding=\"async\" class=\"aligncenter size-thumbnail wp-image-38438\" src=\"http:\/\/www.denkfried.de\/wp\/wp-content\/uploads\/2015\/04\/KGStMeppenOT-VersenHinter-der-JVAKZ-AussenlagerNeuengamme.21.04.2013-3-150x150.jpg\" alt=\"KGStMeppen,OT-Versen,Hinter der JVA,KZ-Aussenlager,Neuengamme.21.04.2013 (3)\" width=\"150\" height=\"150\" \/><\/a> <a href=\"http:\/\/www.denkfried.de\/wp\/wp-content\/uploads\/2015\/04\/KGStMeppenOT-VersenHinter-der-JVAKZ-AussenlagerNeuengamme.21.04.2013-4.jpg\"><img loading=\"lazy\" decoding=\"async\" class=\"aligncenter size-thumbnail wp-image-38439\" src=\"http:\/\/www.denkfried.de\/wp\/wp-content\/uploads\/2015\/04\/KGStMeppenOT-VersenHinter-der-JVAKZ-AussenlagerNeuengamme.21.04.2013-4-150x150.jpg\" alt=\"KGStMeppen,OT-Versen,Hinter der JVA,KZ-Aussenlager,Neuengamme.21.04.2013 (4)\" width=\"150\" height=\"150\" \/><\/a> <a href=\"http:\/\/www.denkfried.de\/wp\/wp-content\/uploads\/2015\/04\/KGStMeppenOT-VersenHinter-der-JVAKZ-AussenlagerNeuengamme.21.04.2013-5.jpg\"><img loading=\"lazy\" decoding=\"async\" class=\"aligncenter size-thumbnail wp-image-38440\" src=\"http:\/\/www.denkfried.de\/wp\/wp-content\/uploads\/2015\/04\/KGStMeppenOT-VersenHinter-der-JVAKZ-AussenlagerNeuengamme.21.04.2013-5-150x150.jpg\" alt=\"KGStMeppen,OT-Versen,Hinter der JVA,KZ-Aussenlager,Neuengamme.21.04.2013 (5)\" width=\"150\" height=\"150\" \/><\/a> <a href=\"http:\/\/www.denkfried.de\/wp\/wp-content\/uploads\/2015\/04\/KGStMeppenOT-VersenHinter-der-JVAKZ-AussenlagerNeuengamme.21.04.2013-6.jpg\"><img loading=\"lazy\" decoding=\"async\" class=\"aligncenter size-thumbnail wp-image-38441\" src=\"http:\/\/www.denkfried.de\/wp\/wp-content\/uploads\/2015\/04\/KGStMeppenOT-VersenHinter-der-JVAKZ-AussenlagerNeuengamme.21.04.2013-6-150x150.jpg\" alt=\"KGStMeppen,OT-Versen,Hinter der JVA,KZ-Aussenlager,Neuengamme.21.04.2013 (6)\" width=\"150\" height=\"150\" \/><\/a> <a href=\"http:\/\/www.denkfried.de\/wp\/wp-content\/uploads\/2015\/04\/KGStMeppenOT-VersenHinter-der-JVAKZ-AussenlagerNeuengamme.21.04.2013-7.jpg\"><img loading=\"lazy\" decoding=\"async\" class=\"aligncenter size-thumbnail wp-image-38442\" src=\"http:\/\/www.denkfried.de\/wp\/wp-content\/uploads\/2015\/04\/KGStMeppenOT-VersenHinter-der-JVAKZ-AussenlagerNeuengamme.21.04.2013-7-150x150.jpg\" alt=\"KGStMeppen,OT-Versen,Hinter der JVA,KZ-Aussenlager,Neuengamme.21.04.2013 (7)\" width=\"150\" height=\"150\" \/><\/a> <a href=\"http:\/\/www.denkfried.de\/wp\/wp-content\/uploads\/2015\/04\/KGStMeppenOT-VersenHinter-der-JVAKZ-AussenlagerNeuengamme.21.04.2013-8.jpg\"><img loading=\"lazy\" decoding=\"async\" class=\"aligncenter size-thumbnail wp-image-38443\" src=\"http:\/\/www.denkfried.de\/wp\/wp-content\/uploads\/2015\/04\/KGStMeppenOT-VersenHinter-der-JVAKZ-AussenlagerNeuengamme.21.04.2013-8-150x150.jpg\" alt=\"KGStMeppen,OT-Versen,Hinter der JVA,KZ-Aussenlager,Neuengamme.21.04.2013 (8)\" width=\"150\" height=\"150\" \/><\/a><\/p>\n","protected":false},"excerpt":{"rendered":"<p>&nbsp; 49716 Meppen OT-Versen In Meppen Ortsteil Versen findet sich hinter der JVA eine Gedenkst\u00e4tte f\u00fcr verstorbene des KZ Aussenlagers Neuengamme. Hier ruhen 297 Verstorbene des Aussenlagers deren Namen bekannt sind und 71 unbekannte. Urspr\u00fcnglich fanden hier 566 durch unterern\u00e4hrung &hellip; <a href=\"http:\/\/www.denkfried.de\/wp\/?page_id=38435\">Weiterlesen <span class=\"meta-nav\">&rarr;<\/span><\/a><\/p>\n","protected":false},"author":7,"featured_media":0,"parent":4486,"menu_order":0,"comment_status":"closed","ping_status":"open","template":"","meta":{"footnotes":""},"class_list":["post-38435","page","type-page","status-publish","hentry"],"_links":{"self":[{"href":"http:\/\/www.denkfried.de\/wp\/index.php?rest_route=\/wp\/v2\/pages\/38435","targetHints":{"allow":["GET"]}}],"collection":[{"href":"http:\/\/www.denkfried.de\/wp\/index.php?rest_route=\/wp\/v2\/pages"}],"about":[{"href":"http:\/\/www.denkfried.de\/wp\/index.php?rest_route=\/wp\/v2\/types\/page"}],"author":[{"embeddable":true,"href":"http:\/\/www.denkfried.de\/wp\/index.php?rest_route=\/wp\/v2\/users\/7"}],"replies":[{"embeddable":true,"href":"http:\/\/www.denkfried.de\/wp\/index.php?rest_route=%2Fwp%2Fv2%2Fcomments&post=38435"}],"version-history":[{"count":2,"href":"http:\/\/www.denkfried.de\/wp\/index.php?rest_route=\/wp\/v2\/pages\/38435\/revisions"}],"predecessor-version":[{"id":38445,"href":"http:\/\/www.denkfried.de\/wp\/index.php?rest_route=\/wp\/v2\/pages\/38435\/revisions\/38445"}],"up":[{"embeddable":true,"href":"http:\/\/www.denkfried.de\/wp\/index.php?rest_route=\/wp\/v2\/pages\/4486"}],"wp:attachment":[{"href":"http:\/\/www.denkfried.de\/wp\/index.php?rest_route=%2Fwp%2Fv2%2Fmedia&parent=38435"}],"curies":[{"name":"wp","href":"https:\/\/api.w.org\/{rel}","templated":true}]}}

<p>&nbsp;</p>
<p><span style="text-decoration: underline;"><strong>49716 Meppen OT-Versen</strong></span></p>
<p>In Meppen Ortsteil Versen findet sich hinter der JVA eine Gedenkstätte für verstorbene des KZ Aussenlagers Neuengamme. Hier ruhen 297 Verstorbene des Aussenlagers deren Namen bekannt sind und 71 unbekannte. Ursprünglich fanden hier 566 durch unterernährung und Epidemien verstorbene ihre letzte Ruhe . Im Jahr 1953 wurden von den Namentlich bekannten exhumierungen zur Identifizierung durchgeführt und jene wurden anschliesend in ihre Heimat umgebettet. Das begrünte Gräberfeld wird nur durch niedriege Natursteinsäulen als solches kenntlich gemacht. Am Ende des Gräberfeldes wurde eine Natursteinsäule mit Inschrift zum Gedenken an die Opfer der Nationalsozialistischen Gewaltherrschaft aufgestellt.</p>
<p>&nbsp;</p>
<p>Bilder vom 21.04.2013</p>
<p>&nbsp;</p>
<p>Grüße Hubert</p>
<p><a href="http://www.denkfried.de/wp/wp-content/uploads/2015/04/KGStMeppenOT-VersenHinter-der-JVAKZ-AussenlagerNeuengamme.21.04.2013-1.jpg"><img loading="lazy" decoding="async" class="aligncenter size-thumbnail wp-image-38436" src="http://www.denkfried.de/wp/wp-content/uploads/2015/04/KGStMeppenOT-VersenHinter-der-JVAKZ-AussenlagerNeuengamme.21.04.2013-1-150x150.jpg" alt="KGStMeppen,OT-Versen,Hinter der JVA,KZ-Aussenlager,Neuengamme.21.04.2013 (1)" width="150" height="150" /></a> <a href="http://www.denkfried.de/wp/wp-content/uploads/2015/04/KGStMeppenOT-VersenHinter-der-JVAKZ-AussenlagerNeuengamme.21.04.2013-2.jpg"><img loading="lazy" decoding="async" class="aligncenter size-thumbnail wp-image-38437" src="http://www.denkfried.de/wp/wp-content/uploads/2015/04/KGStMeppenOT-VersenHinter-der-JVAKZ-AussenlagerNeuengamme.21.04.2013-2-150x150.jpg" alt="KGStMeppen,OT-Versen,Hinter der JVA,KZ-Aussenlager,Neuengamme.21.04.2013 (2)" width="150" height="150" /></a> <a href="http://www.denkfried.de/wp/wp-content/uploads/2015/04/KGStMeppenOT-VersenHinter-der-JVAKZ-AussenlagerNeuengamme.21.04.2013-3.jpg"><img loading="lazy" decoding="async" class="aligncenter size-thumbnail wp-image-38438" src="http://www.denkfried.de/wp/wp-content/uploads/2015/04/KGStMeppenOT-VersenHinter-der-JVAKZ-AussenlagerNeuengamme.21.04.2013-3-150x150.jpg" alt="KGStMeppen,OT-Versen,Hinter der JVA,KZ-Aussenlager,Neuengamme.21.04.2013 (3)" width="150" height="150" /></a> <a href="http://www.denkfried.de/wp/wp-content/uploads/2015/04/KGStMeppenOT-VersenHinter-der-JVAKZ-AussenlagerNeuengamme.21.04.2013-4.jpg"><img loading="lazy" decoding="async" class="aligncenter size-thumbnail wp-image-38439" src="http://www.denkfried.de/wp/wp-content/uploads/2015/04/KGStMeppenOT-VersenHinter-der-JVAKZ-AussenlagerNeuengamme.21.04.2013-4-150x150.jpg" alt="KGStMeppen,OT-Versen,Hinter der JVA,KZ-Aussenlager,Neuengamme.21.04.2013 (4)" width="150" height="150" /></a> <a href="http://www.denkfried.de/wp/wp-content/uploads/2015/04/KGStMeppenOT-VersenHinter-der-JVAKZ-AussenlagerNeuengamme.21.04.2013-5.jpg"><img loading="lazy" decoding="async" class="aligncenter size-thumbnail wp-image-38440" src="http://www.denkfried.de/wp/wp-content/uploads/2015/04/KGStMeppenOT-VersenHinter-der-JVAKZ-AussenlagerNeuengamme.21.04.2013-5-150x150.jpg" alt="KGStMeppen,OT-Versen,Hinter der JVA,KZ-Aussenlager,Neuengamme.21.04.2013 (5)" width="150" height="150" /></a> <a href="http://www.denkfried.de/wp/wp-content/uploads/2015/04/KGStMeppenOT-VersenHinter-der-JVAKZ-AussenlagerNeuengamme.21.04.2013-6.jpg"><img loading="lazy" decoding="async" class="aligncenter size-thumbnail wp-image-38441" src="http://www.denkfried.de/wp/wp-content/uploads/2015/04/KGStMeppenOT-VersenHinter-der-JVAKZ-AussenlagerNeuengamme.21.04.2013-6-150x150.jpg" alt="KGStMeppen,OT-Versen,Hinter der JVA,KZ-Aussenlager,Neuengamme.21.04.2013 (6)" width="150" height="150" /></a> <a href="http://www.denkfried.de/wp/wp-content/uploads/2015/04/KGStMeppenOT-VersenHinter-der-JVAKZ-AussenlagerNeuengamme.21.04.2013-7.jpg"><img loading="lazy" decoding="async" class="aligncenter size-thumbnail wp-image-38442" src="http://www.denkfried.de/wp/wp-content/uploads/2015/04/KGStMeppenOT-VersenHinter-der-JVAKZ-AussenlagerNeuengamme.21.04.2013-7-150x150.jpg" alt="KGStMeppen,OT-Versen,Hinter der JVA,KZ-Aussenlager,Neuengamme.21.04.2013 (7)" width="150" height="150" /></a> <a href="http://www.denkfried.de/wp/wp-content/uploads/2015/04/KGStMeppenOT-VersenHinter-der-JVAKZ-AussenlagerNeuengamme.21.04.2013-8.jpg"><img loading="lazy" decoding="async" class="aligncenter size-thumbnail wp-image-38443" src="http://www.denkfried.de/wp/wp-content/uploads/2015/04/KGStMeppenOT-VersenHinter-der-JVAKZ-AussenlagerNeuengamme.21.04.2013-8-150x150.jpg" alt="KGStMeppen,OT-Versen,Hinter der JVA,KZ-Aussenlager,Neuengamme.21.04.2013 (8)" width="150" height="150" /></a></p>

<p>&nbsp; 49716 Meppen OT-Versen In Meppen Ortsteil Versen findet sich hinter der JVA eine Gedenkstätte für verstorbene des KZ Aussenlagers Neuengamme. Hier ruhen 297 Verstorbene des Aussenlagers deren Namen bekannt sind und 71 unbekannte. Ursprünglich fanden hier 566 durch unterernährung &hellip; <a href="http://www.denkfried.de/wp/?page_id=38435">Weiterlesen <span class="meta-nav">&rarr;</span></a></p>
