{"id":38400,"date":"2015-04-06T15:28:42","date_gmt":"2015-04-06T13:28:42","guid":{"rendered":"http:\/\/www.denkfried.de\/wp\/?page_id=38400"},"modified":"2015-04-06T17:16:57","modified_gmt":"2015-04-06T15:16:57","slug":"gedenkbuecher-kriege","status":"publish","type":"page","link":"http:\/\/www.denkfried.de\/wp\/?page_id=38400","title":{"rendered":"Ka Schicksalstage"},"content":{"rendered":"<p>&nbsp;<\/p>\n<p>Gedenkbuch Karlsruhe <strong>Schicksalstage einer Stadt<\/strong><\/p>\n<p>Beitrag von Thomas <a href=\"http:\/\/potsdamer-ehrenmale.de.tl\/Hauptseite.htm\">Potsdamer-Ehrenmale.de<\/a><\/p>\n<div id='gallery-1' class='gallery galleryid-38400 gallery-columns-3 gallery-size-thumbnail'><dl class='gallery-item'>\n\t\t\t<dt class='gallery-icon portrait'>\n\t\t\t\t<a href='http:\/\/www.denkfried.de\/wp\/?attachment_id=38404'><img loading=\"lazy\" decoding=\"async\" width=\"150\" height=\"150\" src=\"http:\/\/www.denkfried.de\/wp\/wp-content\/uploads\/2015\/04\/Karlsruhe-Buch-Schicksalstage-der-Stadt-150x150.jpg\" class=\"attachment-thumbnail size-thumbnail\" alt=\"\" \/><\/a>\n\t\t\t<\/dt><\/dl><dl class='gallery-item'>\n\t\t\t<dt class='gallery-icon landscape'>\n\t\t\t\t<a href='http:\/\/www.denkfried.de\/wp\/?attachment_id=38408'><img loading=\"lazy\" decoding=\"async\" width=\"150\" height=\"150\" src=\"http:\/\/www.denkfried.de\/wp\/wp-content\/uploads\/2015\/04\/Karlsruhe-Buch-Schicksalstage-der-Stadt-4-150x150.jpg\" class=\"attachment-thumbnail size-thumbnail\" alt=\"\" \/><\/a>\n\t\t\t<\/dt><\/dl><dl class='gallery-item'>\n\t\t\t<dt class='gallery-icon landscape'>\n\t\t\t\t<a href='http:\/\/www.denkfried.de\/wp\/?attachment_id=38405'><img loading=\"lazy\" decoding=\"async\" width=\"150\" height=\"150\" src=\"http:\/\/www.denkfried.de\/wp\/wp-content\/uploads\/2015\/04\/Karlsruhe-Buch-Schicksalstage-der-Stadt-1-150x150.jpg\" class=\"attachment-thumbnail size-thumbnail\" alt=\"\" \/><\/a>\n\t\t\t<\/dt><\/dl><br style=\"clear: both\" \/><dl class='gallery-item'>\n\t\t\t<dt class='gallery-icon landscape'>\n\t\t\t\t<a href='http:\/\/www.denkfried.de\/wp\/?attachment_id=38406'><img loading=\"lazy\" decoding=\"async\" width=\"150\" height=\"150\" src=\"http:\/\/www.denkfried.de\/wp\/wp-content\/uploads\/2015\/04\/Karlsruhe-Buch-Schicksalstage-der-Stadt-2-150x150.jpg\" class=\"attachment-thumbnail size-thumbnail\" alt=\"\" \/><\/a>\n\t\t\t<\/dt><\/dl><dl class='gallery-item'>\n\t\t\t<dt class='gallery-icon portrait'>\n\t\t\t\t<a href='http:\/\/www.denkfried.de\/wp\/?attachment_id=38410'><img loading=\"lazy\" decoding=\"async\" width=\"150\" height=\"150\" src=\"http:\/\/www.denkfried.de\/wp\/wp-content\/uploads\/2015\/04\/Karlsruhe-Buch-Schicksalstage-der-Stadt-31-150x150.jpg\" class=\"attachment-thumbnail size-thumbnail\" alt=\"\" \/><\/a>\n\t\t\t<\/dt><\/dl>\n\t\t\t<br style='clear: both' \/>\n\t\t<\/div>\n\n<p>Buch von Kurt Krainich 1973. Einf\u00fchrung zum Buch:<\/p>\n<p>Das ist die Stadtgeschichte, wie sie bisher noch nie geschrieben worden ist; n\u00e4mlich von Augenzeugen. Von Karlsruher B\u00fcrgern, die die gro\u00dfen &#8222;heroischen&#8220; und die schweren leidvollen Stunden der Kriege, Revolutionen, Umst\u00fcrze, Machtergreifungen, Verfolgungen und W\u00e4hrungsumstellungen bewu\u00dft miterlebt haben. Die Vorarbeiten dazu begannen im August 1964, als sich der Aufbruch des Ersten Weltkrieges zum 50. Mal j\u00e4hrte. Von der Zeit her war Eile geboten. Denn dir \u00dcberlebenden jener Schicksalstage &#8211; als in Europa die Lichter \u00a0ausgingen und die jenen politischen, gesellschaftlichen und sozialen Bergrutsch ausl\u00f6sten, der bis heute noch nicht zum Stillstand gekommen ist &#8211; sind selten geworden. Inzwischen , leider noch seltener. Was sie erlebten, empfanden und erlitten, ist in dieser Chronik gesammelt; und &#8222;eine Chronik soll die Ereignisse m\u00f6glichst selbst zu Wort kommen lassen&#8220;, schrieb ein Zeitgenosse, der Knielinger Dekan Fritz Kobe. Bilder , von denen jedes bekanntlich mehr als tausend Worte zu sagen vermag, erg\u00e4nzen die Texte auf kongenialer Weise. Zumal es sich um historisch einmalige Fotos handelt, die noch nirgendwo ver\u00f6ffentlicht worden sind, und die &#8211; wie beispielsweise das w\u00e4hrend des Bombenangriffs vom 15. Juni 1915 gezeigte Bild eines Treffers auf den G\u00fcterbahnhof oder, wie die Bilder der Rheinhafenbesetzung &#8211; unter Lebensgefahr bzw. Verhaftungsgefahr aufgenommen wurden. Ganz zu schweigen von den Unzul\u00e4nglichkeiten der damaligen Fototechnik. Daran gemessen ist jedes einzelne dieser Bilder ein Kunstwerk. Wo sie technische M\u00e4ngel oder Sch\u00e4den aufweisen, wiegt ihr dokumentarischer Wert jeder Kritik auf. Die Inserate aus jenen Tagen illustrieren, was man die &#8222;Innenansicht einer Epoche&#8220; nennt. Manche geben Anla\u00df zum Schmunzeln; andere, wie die Sammelanzeige f\u00fcr gefallene Offiziere, regen zum Nachdenken an, und zwar dahin, da\u00df Unteroffiziere und Mannschaften einer solchen Ehre nicht teilhaftig waren. Ob Texte, Bilder oder Anzeigen, sie alle zusammen runden die Chronik der vergangenen 34 Jahre &#8211; von 1914 bis 1948 -, in denen der &#8222;Hauch der Geschichte&#8220; unserer Stadt ber\u00fchrte. Es waren die tragischen und dramatischen Schicksalsjahre unsrer Stadt, wie sie sich in \u00e4hnlicher Massierung niemals zuvor in der Karlsruher Geschichte zugetragen haben. Wenn es ein Motte gibt, wert, dieser Dokumentation vorangestellt zu werden, dann die Worte von Johann Peter Hebel: &#8222;Der geneigte Leser wird seine Heimat mit anderen Augen ansehen, wenn er daran erinnert, was sich hier schon zugetragen hat, und er wird manchmal denken: Gottlob, es sind jetzt doch bessere Zeiten!&#8220;<\/p>\n<p>Badische Revolution 1849 hier starben in Karlsruhe der Rittmeister von La Roche-Starkenfels, die Dragoner Kaufmann aus Bahlingen und Schweitzer aus Kehl. Ring um der Stadt fielen bei den Gefechten um Durlach und Weingarten 137 preu\u00dfische Soldaten.<\/p>\n","protected":false},"excerpt":{"rendered":"<p>&nbsp; Gedenkbuch Karlsruhe Schicksalstage einer Stadt Beitrag von Thomas Potsdamer-Ehrenmale.de Buch von Kurt Krainich 1973. Einf\u00fchrung zum Buch: Das ist die Stadtgeschichte, wie sie bisher noch nie geschrieben worden ist; n\u00e4mlich von Augenzeugen. Von Karlsruher B\u00fcrgern, die die gro\u00dfen &#8222;heroischen&#8220; &hellip; <a href=\"http:\/\/www.denkfried.de\/wp\/?page_id=38400\">Weiterlesen <span class=\"meta-nav\">&rarr;<\/span><\/a><\/p>\n","protected":false},"author":9,"featured_media":0,"parent":27289,"menu_order":0,"comment_status":"closed","ping_status":"open","template":"","meta":{"footnotes":""},"class_list":["post-38400","page","type-page","status-publish","hentry"],"_links":{"self":[{"href":"http:\/\/www.denkfried.de\/wp\/index.php?rest_route=\/wp\/v2\/pages\/38400","targetHints":{"allow":["GET"]}}],"collection":[{"href":"http:\/\/www.denkfried.de\/wp\/index.php?rest_route=\/wp\/v2\/pages"}],"about":[{"href":"http:\/\/www.denkfried.de\/wp\/index.php?rest_route=\/wp\/v2\/types\/page"}],"author":[{"embeddable":true,"href":"http:\/\/www.denkfried.de\/wp\/index.php?rest_route=\/wp\/v2\/users\/9"}],"replies":[{"embeddable":true,"href":"http:\/\/www.denkfried.de\/wp\/index.php?rest_route=%2Fwp%2Fv2%2Fcomments&post=38400"}],"version-history":[{"count":16,"href":"http:\/\/www.denkfried.de\/wp\/index.php?rest_route=\/wp\/v2\/pages\/38400\/revisions"}],"predecessor-version":[{"id":38423,"href":"http:\/\/www.denkfried.de\/wp\/index.php?rest_route=\/wp\/v2\/pages\/38400\/revisions\/38423"}],"up":[{"embeddable":true,"href":"http:\/\/www.denkfried.de\/wp\/index.php?rest_route=\/wp\/v2\/pages\/27289"}],"wp:attachment":[{"href":"http:\/\/www.denkfried.de\/wp\/index.php?rest_route=%2Fwp%2Fv2%2Fmedia&parent=38400"}],"curies":[{"name":"wp","href":"https:\/\/api.w.org\/{rel}","templated":true}]}}

<p>&nbsp;</p>
<p>Gedenkbuch Karlsruhe <strong>Schicksalstage einer Stadt</strong></p>
<p>Beitrag von Thomas <a href="http://potsdamer-ehrenmale.de.tl/Hauptseite.htm">Potsdamer-Ehrenmale.de</a></p>
<div id='gallery-1' class='gallery galleryid-38400 gallery-columns-3 gallery-size-thumbnail'><dl class='gallery-item'>
			<dt class='gallery-icon portrait'>
				<a href='http://www.denkfried.de/wp/?attachment_id=38404'><img loading="lazy" decoding="async" width="150" height="150" src="http://www.denkfried.de/wp/wp-content/uploads/2015/04/Karlsruhe-Buch-Schicksalstage-der-Stadt-150x150.jpg" class="attachment-thumbnail size-thumbnail" alt="" /></a>
			</dt></dl><dl class='gallery-item'>
			<dt class='gallery-icon landscape'>
				<a href='http://www.denkfried.de/wp/?attachment_id=38408'><img loading="lazy" decoding="async" width="150" height="150" src="http://www.denkfried.de/wp/wp-content/uploads/2015/04/Karlsruhe-Buch-Schicksalstage-der-Stadt-4-150x150.jpg" class="attachment-thumbnail size-thumbnail" alt="" /></a>
			</dt></dl><dl class='gallery-item'>
			<dt class='gallery-icon landscape'>
				<a href='http://www.denkfried.de/wp/?attachment_id=38405'><img loading="lazy" decoding="async" width="150" height="150" src="http://www.denkfried.de/wp/wp-content/uploads/2015/04/Karlsruhe-Buch-Schicksalstage-der-Stadt-1-150x150.jpg" class="attachment-thumbnail size-thumbnail" alt="" /></a>
			</dt></dl><br style="clear: both" /><dl class='gallery-item'>
			<dt class='gallery-icon landscape'>
				<a href='http://www.denkfried.de/wp/?attachment_id=38406'><img loading="lazy" decoding="async" width="150" height="150" src="http://www.denkfried.de/wp/wp-content/uploads/2015/04/Karlsruhe-Buch-Schicksalstage-der-Stadt-2-150x150.jpg" class="attachment-thumbnail size-thumbnail" alt="" /></a>
			</dt></dl><dl class='gallery-item'>
			<dt class='gallery-icon portrait'>
				<a href='http://www.denkfried.de/wp/?attachment_id=38410'><img loading="lazy" decoding="async" width="150" height="150" src="http://www.denkfried.de/wp/wp-content/uploads/2015/04/Karlsruhe-Buch-Schicksalstage-der-Stadt-31-150x150.jpg" class="attachment-thumbnail size-thumbnail" alt="" /></a>
			</dt></dl>
			<br style='clear: both' />
		</div>

<p>Buch von Kurt Krainich 1973. Einführung zum Buch:</p>
<p>Das ist die Stadtgeschichte, wie sie bisher noch nie geschrieben worden ist; nämlich von Augenzeugen. Von Karlsruher Bürgern, die die großen &#8222;heroischen&#8220; und die schweren leidvollen Stunden der Kriege, Revolutionen, Umstürze, Machtergreifungen, Verfolgungen und Währungsumstellungen bewußt miterlebt haben. Die Vorarbeiten dazu begannen im August 1964, als sich der Aufbruch des Ersten Weltkrieges zum 50. Mal jährte. Von der Zeit her war Eile geboten. Denn dir Überlebenden jener Schicksalstage &#8211; als in Europa die Lichter  ausgingen und die jenen politischen, gesellschaftlichen und sozialen Bergrutsch auslösten, der bis heute noch nicht zum Stillstand gekommen ist &#8211; sind selten geworden. Inzwischen , leider noch seltener. Was sie erlebten, empfanden und erlitten, ist in dieser Chronik gesammelt; und &#8222;eine Chronik soll die Ereignisse möglichst selbst zu Wort kommen lassen&#8220;, schrieb ein Zeitgenosse, der Knielinger Dekan Fritz Kobe. Bilder , von denen jedes bekanntlich mehr als tausend Worte zu sagen vermag, ergänzen die Texte auf kongenialer Weise. Zumal es sich um historisch einmalige Fotos handelt, die noch nirgendwo veröffentlicht worden sind, und die &#8211; wie beispielsweise das während des Bombenangriffs vom 15. Juni 1915 gezeigte Bild eines Treffers auf den Güterbahnhof oder, wie die Bilder der Rheinhafenbesetzung &#8211; unter Lebensgefahr bzw. Verhaftungsgefahr aufgenommen wurden. Ganz zu schweigen von den Unzulänglichkeiten der damaligen Fototechnik. Daran gemessen ist jedes einzelne dieser Bilder ein Kunstwerk. Wo sie technische Mängel oder Schäden aufweisen, wiegt ihr dokumentarischer Wert jeder Kritik auf. Die Inserate aus jenen Tagen illustrieren, was man die &#8222;Innenansicht einer Epoche&#8220; nennt. Manche geben Anlaß zum Schmunzeln; andere, wie die Sammelanzeige für gefallene Offiziere, regen zum Nachdenken an, und zwar dahin, daß Unteroffiziere und Mannschaften einer solchen Ehre nicht teilhaftig waren. Ob Texte, Bilder oder Anzeigen, sie alle zusammen runden die Chronik der vergangenen 34 Jahre &#8211; von 1914 bis 1948 -, in denen der &#8222;Hauch der Geschichte&#8220; unserer Stadt berührte. Es waren die tragischen und dramatischen Schicksalsjahre unsrer Stadt, wie sie sich in ähnlicher Massierung niemals zuvor in der Karlsruher Geschichte zugetragen haben. Wenn es ein Motte gibt, wert, dieser Dokumentation vorangestellt zu werden, dann die Worte von Johann Peter Hebel: &#8222;Der geneigte Leser wird seine Heimat mit anderen Augen ansehen, wenn er daran erinnert, was sich hier schon zugetragen hat, und er wird manchmal denken: Gottlob, es sind jetzt doch bessere Zeiten!&#8220;</p>
<p>Badische Revolution 1849 hier starben in Karlsruhe der Rittmeister von La Roche-Starkenfels, die Dragoner Kaufmann aus Bahlingen und Schweitzer aus Kehl. Ring um der Stadt fielen bei den Gefechten um Durlach und Weingarten 137 preußische Soldaten.</p>

<p>&nbsp; Gedenkbuch Karlsruhe Schicksalstage einer Stadt Beitrag von Thomas Potsdamer-Ehrenmale.de Buch von Kurt Krainich 1973. Einführung zum Buch: Das ist die Stadtgeschichte, wie sie bisher noch nie geschrieben worden ist; nämlich von Augenzeugen. Von Karlsruher Bürgern, die die großen &#8222;heroischen&#8220; &hellip; <a href="http://www.denkfried.de/wp/?page_id=38400">Weiterlesen <span class="meta-nav">&rarr;</span></a></p>
