{"id":3830,"date":"2011-04-18T20:16:52","date_gmt":"2011-04-18T18:16:52","guid":{"rendered":"http:\/\/www.denkfried.de\/wp\/?page_id=3830"},"modified":"2014-05-05T07:14:22","modified_gmt":"2014-05-05T05:14:22","slug":"schluchtern","status":"publish","type":"page","link":"http:\/\/www.denkfried.de\/wp\/?page_id=3830","title":{"rendered":"Schl\u00fcchtern"},"content":{"rendered":"<p>&nbsp;<\/p>\n<p><span style=\"text-decoration: underline; color: #ff0000;\"><strong>36381 Schl\u00fcchtern<\/strong><\/span><\/p>\n<p><strong>Kriegsgr\u00e4berst\u00e4tte<\/strong> Deutschland\/Schl\u00fcchtern &#8211; Ehrenfriedhof<\/p>\n<p>Mitten in der Stadt, unweit der evangelischen Stadtkirche, befindet sich die Kriegsgr\u00e4berst\u00e4tte Schl\u00fcchtern.<\/p>\n<p>Infotafel Kriegsgr\u00e4berst\u00e4tte<br \/>\nHier haben 338 Opfer des Ersten und des Zweiten Weltkrieges &#8211; 293 deutsche und 38 ausl\u00e4ndische Kriegstote sowie 7 v\u00f6llig Unbekannte &#8211; ihre letzte Ruhe gefunden. In der Gr\u00e4beranlage wurden sowjetische Kriegsgefangene und polnische Zwangsarbeiter, erschossene KZ-H\u00e4ftlinge, von Bomben get\u00f6tete Zivilpersonen ebenso wie deutsche Wehrmachtssoldaten und Angeh\u00f6rige der Waffen-SS beigesetzt.<\/p>\n<p>Unter den Bestatteten sind auch Opfer der nationalsozialistischen Milit\u00e4rjustiz, die in den letzten Kriegstagen noch standrechtlich hingerichtet wurden.<\/p>\n<p>Entstehung des Friedhofs<br \/>\nDer Volksbund Deutsche Kriegsgr\u00e4berf\u00fcrsorge e.V. hat diese Gr\u00e4berfeld Anfang des sechziger Jahre auf dem Gel\u00e4nde eines mittelalterlichen Friedhofes angelegt.<\/p>\n<p>In Zusammenarbeit mit Bund und Land, dem Landkreis sowie der Stadt und der Kirchengemeine Schl\u00fcchtern gelang es, Kriegstote aus den Kreisen Gelnhausen, Schl\u00fcchtern und Hanau hier zusammen zu betten.<\/p>\n<p>Mit der feierlichen Einweihung durch den damaligen hessischen Innenminister H. Schneider wurde die Kriegsgr\u00e4berst\u00e4tte am 26. Mai 1963 in die Obhut der Stadt Schl\u00fcchtern gegeben.<\/p>\n<p>W\u00e4hrend andere noch k\u00e4mpften &#8230;<br \/>\nZahlreiche, zumeist sehr junge Angeh\u00f6rige der 6. SS-Gebirgsdivision Nord, starben nach dem Ende der Kampfhandlungen in der Wetterau und im Vogelsberg. Anfang April 1945 versuchte die zur Kampfgruppe geschrumpfte SS-Einheit, die bereits seit Tagen, von der amerikanischen Armee besetzten Orte Leisenwald und Waldensberg zu erobern. Ergebnis der erbitterten K\u00e4mpfe war die weitgehende Zerst\u00f6rung der beiden Ortschaften, 14 Tote unter der Zivilbev\u00f6lkerung, mehr als 100 gefallene SS-M\u00e4nner und eine unbekannte, wahrscheinlich dreistellige Zahl gefallener amerikanische Soldaten.<\/p>\n<p>&#8230; verurteilten Standgerichte willk\u00fcrlich wegen &#8222;Fahnenflucht&#8220;<br \/>\nEnde M\u00e4rz 1945 wurden der 29-j\u00e4hrige Gottfried Ellinger (Gr\u00e4berfeld A. Nr. 21) und ein unbekannter Soldat (Gr\u00e4berfeld A. Nr. 20) von einem fliegenden Standgericht zum Tod verurteilt. Von Ellinger wird berichtet, dass er sich lediglich die ihm zustehende Verpflegung besorgen wollte. Diese Vorgehen wurde ihm als Fahnenflucht ausgelegt.<br \/>\nDer junge Mann wurde am 30. M\u00e4rz 1945 am Stra\u00dfenrand erh\u00e4ngt. Bei den Umbettungsma\u00dfnahmen in den sechziger Jahren wurde in den Gr\u00e4bern der Hingerichteten je ein St\u00fcck Draht gefunden. Jener Draht, mit dem ihnen zur Abschreckung Schilder umgebunden worden waren, die sie als &#8222;fahnenfl\u00fcchtige Feiglinge&#8220; brandmarkten<\/p>\n<p>&#8230; starben KZ-H\u00e4ftlinge auf dem Todesmarsch<br \/>\nAuch H\u00e4ftlinge des KZ-Au\u00dfenkommandos &#8222;Katzbach&#8220; der Adlerwerke Frankfurt am Main haben in Schl\u00fcchtern ihre letzte Ruhe gefunden. Nach der Lageraufl\u00f6sung am 25. M\u00e4rz 1945 waren die Gefangenen in Richtung Buchenwald getrieben worden. Viele der ausgehungerten und ersch\u00f6pften M\u00e4nner starben; sie wurden von SS-Wachleuten erschossen oder brachen tot zusammen. Noch Wochen sp\u00e4ter wurden ihre Leichen aus zugesch\u00fctteten Gr\u00e4ben entlang des Weges oder aus dem Main geborgen. Einige dieser Toten hatte der Friedhofsw\u00e4rter von D\u00f6rnigheim auf dem dortigen Friedhof begraben.<\/p>\n<p>Bei den \u00dcberf\u00fchrungen sind nachweislich sechs unbekannte KZ-H\u00e4ftlinge zur Kriegsgr\u00e4berst\u00e4tte Schl\u00fcchtern umgebettet worden. Als &#8222;unbekannte polnische Kriegstote&#8220; wurden sie im Gr\u00e4berfeld C Nr. 328-333 beigesetzt.<\/p>\n<p>Quelle: Der gesamte Text entstammt dem Faltblatt des Volksbundes Deutsche Kriegsgr\u00e4berf\u00fcrsorge e.V. &#8222;Kriegsgr\u00e4berst\u00e4tte Schl\u00fcchtern&#8220;.<\/p>\n<p>Namensliste wurde in die DB eingepflegt.<\/p>\n<div id='gallery-1' class='gallery galleryid-3830 gallery-columns-4 gallery-size-thumbnail'><dl class='gallery-item'>\n\t\t\t<dt class='gallery-icon landscape'>\n\t\t\t\t<a href='http:\/\/www.denkfried.de\/wp\/?attachment_id=3832'><img loading=\"lazy\" decoding=\"async\" width=\"150\" height=\"131\" src=\"http:\/\/www.denkfried.de\/wp\/wp-content\/uploads\/2011\/04\/Ehrenfriedhof-150x131.jpg\" class=\"attachment-thumbnail size-thumbnail\" alt=\"\" \/><\/a>\n\t\t\t<\/dt><\/dl><dl class='gallery-item'>\n\t\t\t<dt class='gallery-icon landscape'>\n\t\t\t\t<a href='http:\/\/www.denkfried.de\/wp\/?attachment_id=3833'><img loading=\"lazy\" decoding=\"async\" width=\"150\" height=\"131\" src=\"http:\/\/www.denkfried.de\/wp\/wp-content\/uploads\/2011\/04\/Schl\u00fcchtern-150x131.jpg\" class=\"attachment-thumbnail size-thumbnail\" alt=\"\" \/><\/a>\n\t\t\t<\/dt><\/dl><dl class='gallery-item'>\n\t\t\t<dt class='gallery-icon landscape'>\n\t\t\t\t<a href='http:\/\/www.denkfried.de\/wp\/?attachment_id=3834'><img loading=\"lazy\" decoding=\"async\" width=\"150\" height=\"150\" src=\"http:\/\/www.denkfried.de\/wp\/wp-content\/uploads\/2011\/04\/Schl\u00fcchtern029-150x150.jpg\" class=\"attachment-thumbnail size-thumbnail\" alt=\"\" \/><\/a>\n\t\t\t<\/dt><\/dl><dl class='gallery-item'>\n\t\t\t<dt class='gallery-icon landscape'>\n\t\t\t\t<a href='http:\/\/www.denkfried.de\/wp\/?attachment_id=3831'><img loading=\"lazy\" decoding=\"async\" width=\"150\" height=\"150\" src=\"http:\/\/www.denkfried.de\/wp\/wp-content\/uploads\/2011\/04\/Schl\u00fcchtern-1030-150x150.jpg\" class=\"attachment-thumbnail size-thumbnail\" alt=\"\" \/><\/a>\n\t\t\t<\/dt><\/dl><br style=\"clear: both\" \/>\n\t\t<\/div>\n\n","protected":false},"excerpt":{"rendered":"<p>&nbsp; 36381 Schl\u00fcchtern Kriegsgr\u00e4berst\u00e4tte Deutschland\/Schl\u00fcchtern &#8211; Ehrenfriedhof Mitten in der Stadt, unweit der evangelischen Stadtkirche, befindet sich die Kriegsgr\u00e4berst\u00e4tte Schl\u00fcchtern. Infotafel Kriegsgr\u00e4berst\u00e4tte Hier haben 338 Opfer des Ersten und des Zweiten Weltkrieges &#8211; 293 deutsche und 38 ausl\u00e4ndische Kriegstote sowie &hellip; <a href=\"http:\/\/www.denkfried.de\/wp\/?page_id=3830\">Weiterlesen <span class=\"meta-nav\">&rarr;<\/span><\/a><\/p>\n","protected":false},"author":2,"featured_media":0,"parent":3827,"menu_order":0,"comment_status":"closed","ping_status":"open","template":"","meta":{"footnotes":""},"class_list":["post-3830","page","type-page","status-publish","hentry"],"_links":{"self":[{"href":"http:\/\/www.denkfried.de\/wp\/index.php?rest_route=\/wp\/v2\/pages\/3830","targetHints":{"allow":["GET"]}}],"collection":[{"href":"http:\/\/www.denkfried.de\/wp\/index.php?rest_route=\/wp\/v2\/pages"}],"about":[{"href":"http:\/\/www.denkfried.de\/wp\/index.php?rest_route=\/wp\/v2\/types\/page"}],"author":[{"embeddable":true,"href":"http:\/\/www.denkfried.de\/wp\/index.php?rest_route=\/wp\/v2\/users\/2"}],"replies":[{"embeddable":true,"href":"http:\/\/www.denkfried.de\/wp\/index.php?rest_route=%2Fwp%2Fv2%2Fcomments&post=3830"}],"version-history":[{"count":5,"href":"http:\/\/www.denkfried.de\/wp\/index.php?rest_route=\/wp\/v2\/pages\/3830\/revisions"}],"predecessor-version":[{"id":35370,"href":"http:\/\/www.denkfried.de\/wp\/index.php?rest_route=\/wp\/v2\/pages\/3830\/revisions\/35370"}],"up":[{"embeddable":true,"href":"http:\/\/www.denkfried.de\/wp\/index.php?rest_route=\/wp\/v2\/pages\/3827"}],"wp:attachment":[{"href":"http:\/\/www.denkfried.de\/wp\/index.php?rest_route=%2Fwp%2Fv2%2Fmedia&parent=3830"}],"curies":[{"name":"wp","href":"https:\/\/api.w.org\/{rel}","templated":true}]}}

Schlüchtern

<p>&nbsp;</p>
<p><span style="text-decoration: underline; color: #ff0000;"><strong>36381 Schlüchtern</strong></span></p>
<p><strong>Kriegsgräberstätte</strong> Deutschland/Schlüchtern &#8211; Ehrenfriedhof</p>
<p>Mitten in der Stadt, unweit der evangelischen Stadtkirche, befindet sich die Kriegsgräberstätte Schlüchtern.</p>
<p>Infotafel Kriegsgräberstätte<br />
Hier haben 338 Opfer des Ersten und des Zweiten Weltkrieges &#8211; 293 deutsche und 38 ausländische Kriegstote sowie 7 völlig Unbekannte &#8211; ihre letzte Ruhe gefunden. In der Gräberanlage wurden sowjetische Kriegsgefangene und polnische Zwangsarbeiter, erschossene KZ-Häftlinge, von Bomben getötete Zivilpersonen ebenso wie deutsche Wehrmachtssoldaten und Angehörige der Waffen-SS beigesetzt.</p>
<p>Unter den Bestatteten sind auch Opfer der nationalsozialistischen Militärjustiz, die in den letzten Kriegstagen noch standrechtlich hingerichtet wurden.</p>
<p>Entstehung des Friedhofs<br />
Der Volksbund Deutsche Kriegsgräberfürsorge e.V. hat diese Gräberfeld Anfang des sechziger Jahre auf dem Gelände eines mittelalterlichen Friedhofes angelegt.</p>
<p>In Zusammenarbeit mit Bund und Land, dem Landkreis sowie der Stadt und der Kirchengemeine Schlüchtern gelang es, Kriegstote aus den Kreisen Gelnhausen, Schlüchtern und Hanau hier zusammen zu betten.</p>
<p>Mit der feierlichen Einweihung durch den damaligen hessischen Innenminister H. Schneider wurde die Kriegsgräberstätte am 26. Mai 1963 in die Obhut der Stadt Schlüchtern gegeben.</p>
<p>Während andere noch kämpften &#8230;<br />
Zahlreiche, zumeist sehr junge Angehörige der 6. SS-Gebirgsdivision Nord, starben nach dem Ende der Kampfhandlungen in der Wetterau und im Vogelsberg. Anfang April 1945 versuchte die zur Kampfgruppe geschrumpfte SS-Einheit, die bereits seit Tagen, von der amerikanischen Armee besetzten Orte Leisenwald und Waldensberg zu erobern. Ergebnis der erbitterten Kämpfe war die weitgehende Zerstörung der beiden Ortschaften, 14 Tote unter der Zivilbevölkerung, mehr als 100 gefallene SS-Männer und eine unbekannte, wahrscheinlich dreistellige Zahl gefallener amerikanische Soldaten.</p>
<p>&#8230; verurteilten Standgerichte willkürlich wegen &#8222;Fahnenflucht&#8220;<br />
Ende März 1945 wurden der 29-jährige Gottfried Ellinger (Gräberfeld A. Nr. 21) und ein unbekannter Soldat (Gräberfeld A. Nr. 20) von einem fliegenden Standgericht zum Tod verurteilt. Von Ellinger wird berichtet, dass er sich lediglich die ihm zustehende Verpflegung besorgen wollte. Diese Vorgehen wurde ihm als Fahnenflucht ausgelegt.<br />
Der junge Mann wurde am 30. März 1945 am Straßenrand erhängt. Bei den Umbettungsmaßnahmen in den sechziger Jahren wurde in den Gräbern der Hingerichteten je ein Stück Draht gefunden. Jener Draht, mit dem ihnen zur Abschreckung Schilder umgebunden worden waren, die sie als &#8222;fahnenflüchtige Feiglinge&#8220; brandmarkten</p>
<p>&#8230; starben KZ-Häftlinge auf dem Todesmarsch<br />
Auch Häftlinge des KZ-Außenkommandos &#8222;Katzbach&#8220; der Adlerwerke Frankfurt am Main haben in Schlüchtern ihre letzte Ruhe gefunden. Nach der Lagerauflösung am 25. März 1945 waren die Gefangenen in Richtung Buchenwald getrieben worden. Viele der ausgehungerten und erschöpften Männer starben; sie wurden von SS-Wachleuten erschossen oder brachen tot zusammen. Noch Wochen später wurden ihre Leichen aus zugeschütteten Gräben entlang des Weges oder aus dem Main geborgen. Einige dieser Toten hatte der Friedhofswärter von Dörnigheim auf dem dortigen Friedhof begraben.</p>
<p>Bei den Überführungen sind nachweislich sechs unbekannte KZ-Häftlinge zur Kriegsgräberstätte Schlüchtern umgebettet worden. Als &#8222;unbekannte polnische Kriegstote&#8220; wurden sie im Gräberfeld C Nr. 328-333 beigesetzt.</p>
<p>Quelle: Der gesamte Text entstammt dem Faltblatt des Volksbundes Deutsche Kriegsgräberfürsorge e.V. &#8222;Kriegsgräberstätte Schlüchtern&#8220;.</p>
<p>Namensliste wurde in die DB eingepflegt.</p>
<div id='gallery-1' class='gallery galleryid-3830 gallery-columns-4 gallery-size-thumbnail'><dl class='gallery-item'>
			<dt class='gallery-icon landscape'>
				<a href='http://www.denkfried.de/wp/?attachment_id=3832'><img loading="lazy" decoding="async" width="150" height="131" src="http://www.denkfried.de/wp/wp-content/uploads/2011/04/Ehrenfriedhof-150x131.jpg" class="attachment-thumbnail size-thumbnail" alt="" /></a>
			</dt></dl><dl class='gallery-item'>
			<dt class='gallery-icon landscape'>
				<a href='http://www.denkfried.de/wp/?attachment_id=3833'><img loading="lazy" decoding="async" width="150" height="131" src="http://www.denkfried.de/wp/wp-content/uploads/2011/04/Schlüchtern-150x131.jpg" class="attachment-thumbnail size-thumbnail" alt="" /></a>
			</dt></dl><dl class='gallery-item'>
			<dt class='gallery-icon landscape'>
				<a href='http://www.denkfried.de/wp/?attachment_id=3834'><img loading="lazy" decoding="async" width="150" height="150" src="http://www.denkfried.de/wp/wp-content/uploads/2011/04/Schlüchtern029-150x150.jpg" class="attachment-thumbnail size-thumbnail" alt="" /></a>
			</dt></dl><dl class='gallery-item'>
			<dt class='gallery-icon landscape'>
				<a href='http://www.denkfried.de/wp/?attachment_id=3831'><img loading="lazy" decoding="async" width="150" height="150" src="http://www.denkfried.de/wp/wp-content/uploads/2011/04/Schlüchtern-1030-150x150.jpg" class="attachment-thumbnail size-thumbnail" alt="" /></a>
			</dt></dl><br style="clear: both" />
		</div>

<p>&nbsp; 36381 Schlüchtern Kriegsgräberstätte Deutschland/Schlüchtern &#8211; Ehrenfriedhof Mitten in der Stadt, unweit der evangelischen Stadtkirche, befindet sich die Kriegsgräberstätte Schlüchtern. Infotafel Kriegsgräberstätte Hier haben 338 Opfer des Ersten und des Zweiten Weltkrieges &#8211; 293 deutsche und 38 ausländische Kriegstote sowie &hellip; <a href="http://www.denkfried.de/wp/?page_id=3830">Weiterlesen <span class="meta-nav">&rarr;</span></a></p>
