{"id":38111,"date":"2015-03-13T22:05:49","date_gmt":"2015-03-13T21:05:49","guid":{"rendered":"http:\/\/www.denkfried.de\/wp\/?page_id=38111"},"modified":"2017-02-28T20:43:39","modified_gmt":"2017-02-28T19:43:39","slug":"ka-alter-friedhof","status":"publish","type":"page","link":"http:\/\/www.denkfried.de\/wp\/?page_id=38111","title":{"rendered":"&#8211; Alter Friedhof"},"content":{"rendered":"<p>&nbsp;<\/p>\n<p><strong>Stadt Karlsruhe<\/strong> Alter Friedhof,\u00a0s\u00fcd\u00f6stlich der Kapellenstra\u00dfe und wird durch die Ostendstra\u00dfe in einen westlichen und \u00f6stlichen Teil getrennt.<\/p>\n<p>Beitrag von Thomas <a href=\"http:\/\/potsdamer-ehrenmale.de.tl\/Hauptseite.htm\">Potsdamer-Ehrenmale.de<\/a><\/p>\n<p><span style=\"text-decoration: underline;\"><strong>1848-49 Badischer Aufstand<\/strong><\/span><\/p>\n<p>Das <b>Preu\u00dfen-Denkmal<\/b> ist ein Denkmal f\u00fcr 1849 in Baden gefallene preu\u00dfische Soldaten und wurde in den 1850er Jahren von Friedrich Eisenlohr und August Ki\u00df errichtet. Das Denkmal wurde am 23. Juli 1852 mit einem Gottesdienst eingeweiht. An der Feier nahmen der Prinz von Preu\u00dfen Prinz Wilhelm (1797\u20131888) sowie Prinzregent Friedrich (1826\u20131907) teil. Das Denkmal wurde bereits 1859 erstmals renoviert. In den 1870er Jahren wurde ein Einfriedungsgitter hinzugef\u00fcgt, das im 20. Jahrhundert wieder entfernt wurde. 1953 wurde die das Denkmal bekr\u00f6nende Statue des Erzengels Michael abmontiert. Verschiedene Reparatur- und Restaurierungsarbeiten am Denkmal wurden durch den BischweiererSteinmetz Binder ausgef\u00fchrt.<\/p>\n<p><span style=\"text-decoration: underline;\"><strong>1870-71<\/strong><\/span><\/p>\n<p>Das Denkmal\u00a0wurde vom Karlsruher Bildhauer Hermann Volz (1847\u20131941) gestaltet.\u00a0Das Denkmal wurde 1963 von seinem urspr\u00fcnglichen Standort am Ettlinger-Tor-Platz auf den Alten Friedhof versetzt. Inschrift vorne am Denkmal: <em>Dem Andenken der hier auf dem Friedhofe ruhenden, im Kriege der Jahre 1870 und 1871 gefallenen Deutschen, die Stadt Karlsruhe.<\/em> An den anderen drei Seiten sind die Namen verzeichnet.<\/p>\n<p>Ein Grab\u00a0im Ostteil, <strong>Hier ruhen Gemeinsam Deutsche und Franz\u00f6sische Soldaten des Krieges 1870-1871.<\/strong><\/p>\n<p>Das Denkmal f\u00fcr die 1870\/71 an Kriegsfolgen gestorbenen franz\u00f6sischen Soldaten wurde um 1872 geschaffen und seine \u00dcberreste stehen seit 1983 an der s\u00fcdlichen Friedhofsmauer bei der Ostendstra\u00dfe. Inschrift:<\/p>\n<p>A la m\u00e9moire des soldats fran\u00e7ais d\u00e9c\u00e9d\u00e9s en 1870\u201371. R.I.P. Et nunc meliorem patriam appetunt. Heb. XI. Erig\u00e9 par leurs compatriotes.<\/p>\n<p>Zum Gedenken an die franz\u00f6sischen Soldaten gefallen 1870-71. M\u00f6gen sie in Frieden ruhen (lat: Requiescat in pace) Und jetzt streben sie dem besseren Vaterland zu. (Heb. XI.: Bibel, Brief an die Hebr\u00e4er, Kapitel 11, Verse 14 bis 16) Errichtet durch ihre Landsleute.<\/p>\n","protected":false},"excerpt":{"rendered":"<p>&nbsp; Stadt Karlsruhe Alter Friedhof,\u00a0s\u00fcd\u00f6stlich der Kapellenstra\u00dfe und wird durch die Ostendstra\u00dfe in einen westlichen und \u00f6stlichen Teil getrennt. Beitrag von Thomas Potsdamer-Ehrenmale.de 1848-49 Badischer Aufstand Das Preu\u00dfen-Denkmal ist ein Denkmal f\u00fcr 1849 in Baden gefallene preu\u00dfische Soldaten und wurde &hellip; <a href=\"http:\/\/www.denkfried.de\/wp\/?page_id=38111\">Weiterlesen <span class=\"meta-nav\">&rarr;<\/span><\/a><\/p>\n","protected":false},"author":9,"featured_media":0,"parent":2835,"menu_order":0,"comment_status":"closed","ping_status":"open","template":"","meta":{"footnotes":""},"class_list":["post-38111","page","type-page","status-publish","hentry"],"_links":{"self":[{"href":"http:\/\/www.denkfried.de\/wp\/index.php?rest_route=\/wp\/v2\/pages\/38111","targetHints":{"allow":["GET"]}}],"collection":[{"href":"http:\/\/www.denkfried.de\/wp\/index.php?rest_route=\/wp\/v2\/pages"}],"about":[{"href":"http:\/\/www.denkfried.de\/wp\/index.php?rest_route=\/wp\/v2\/types\/page"}],"author":[{"embeddable":true,"href":"http:\/\/www.denkfried.de\/wp\/index.php?rest_route=\/wp\/v2\/users\/9"}],"replies":[{"embeddable":true,"href":"http:\/\/www.denkfried.de\/wp\/index.php?rest_route=%2Fwp%2Fv2%2Fcomments&post=38111"}],"version-history":[{"count":14,"href":"http:\/\/www.denkfried.de\/wp\/index.php?rest_route=\/wp\/v2\/pages\/38111\/revisions"}],"predecessor-version":[{"id":41161,"href":"http:\/\/www.denkfried.de\/wp\/index.php?rest_route=\/wp\/v2\/pages\/38111\/revisions\/41161"}],"up":[{"embeddable":true,"href":"http:\/\/www.denkfried.de\/wp\/index.php?rest_route=\/wp\/v2\/pages\/2835"}],"wp:attachment":[{"href":"http:\/\/www.denkfried.de\/wp\/index.php?rest_route=%2Fwp%2Fv2%2Fmedia&parent=38111"}],"curies":[{"name":"wp","href":"https:\/\/api.w.org\/{rel}","templated":true}]}}

<p>&nbsp;</p>
<p><strong>Stadt Karlsruhe</strong> Alter Friedhof, südöstlich der Kapellenstraße und wird durch die Ostendstraße in einen westlichen und östlichen Teil getrennt.</p>
<p>Beitrag von Thomas <a href="http://potsdamer-ehrenmale.de.tl/Hauptseite.htm">Potsdamer-Ehrenmale.de</a></p>
<p><span style="text-decoration: underline;"><strong>1848-49 Badischer Aufstand</strong></span></p>
<p>Das <b>Preußen-Denkmal</b> ist ein Denkmal für 1849 in Baden gefallene preußische Soldaten und wurde in den 1850er Jahren von Friedrich Eisenlohr und August Kiß errichtet. Das Denkmal wurde am 23. Juli 1852 mit einem Gottesdienst eingeweiht. An der Feier nahmen der Prinz von Preußen Prinz Wilhelm (1797–1888) sowie Prinzregent Friedrich (1826–1907) teil. Das Denkmal wurde bereits 1859 erstmals renoviert. In den 1870er Jahren wurde ein Einfriedungsgitter hinzugefügt, das im 20. Jahrhundert wieder entfernt wurde. 1953 wurde die das Denkmal bekrönende Statue des Erzengels Michael abmontiert. Verschiedene Reparatur- und Restaurierungsarbeiten am Denkmal wurden durch den BischweiererSteinmetz Binder ausgeführt.</p>
<p><span style="text-decoration: underline;"><strong>1870-71</strong></span></p>
<p>Das Denkmal wurde vom Karlsruher Bildhauer Hermann Volz (1847–1941) gestaltet. Das Denkmal wurde 1963 von seinem ursprünglichen Standort am Ettlinger-Tor-Platz auf den Alten Friedhof versetzt. Inschrift vorne am Denkmal: <em>Dem Andenken der hier auf dem Friedhofe ruhenden, im Kriege der Jahre 1870 und 1871 gefallenen Deutschen, die Stadt Karlsruhe.</em> An den anderen drei Seiten sind die Namen verzeichnet.</p>
<p>Ein Grab im Ostteil, <strong>Hier ruhen Gemeinsam Deutsche und Französische Soldaten des Krieges 1870-1871.</strong></p>
<p>Das Denkmal für die 1870/71 an Kriegsfolgen gestorbenen französischen Soldaten wurde um 1872 geschaffen und seine Überreste stehen seit 1983 an der südlichen Friedhofsmauer bei der Ostendstraße. Inschrift:</p>
<p>A la mémoire des soldats français décédés en 1870–71. R.I.P. Et nunc meliorem patriam appetunt. Heb. XI. Erigé par leurs compatriotes.</p>
<p>Zum Gedenken an die französischen Soldaten gefallen 1870-71. Mögen sie in Frieden ruhen (lat: Requiescat in pace) Und jetzt streben sie dem besseren Vaterland zu. (Heb. XI.: Bibel, Brief an die Hebräer, Kapitel 11, Verse 14 bis 16) Errichtet durch ihre Landsleute.</p>

<p>&nbsp; Stadt Karlsruhe Alter Friedhof, südöstlich der Kapellenstraße und wird durch die Ostendstraße in einen westlichen und östlichen Teil getrennt. Beitrag von Thomas Potsdamer-Ehrenmale.de 1848-49 Badischer Aufstand Das Preußen-Denkmal ist ein Denkmal für 1849 in Baden gefallene preußische Soldaten und wurde &hellip; <a href="http://www.denkfried.de/wp/?page_id=38111">Weiterlesen <span class="meta-nav">&rarr;</span></a></p>
