{"id":37454,"date":"2015-02-05T13:54:13","date_gmt":"2015-02-05T12:54:13","guid":{"rendered":"http:\/\/www.denkfried.de\/wp\/?page_id=37454"},"modified":"2015-02-05T14:03:20","modified_gmt":"2015-02-05T13:03:20","slug":"waldfriedhof-auslaendische-kgst","status":"publish","type":"page","link":"http:\/\/www.denkfried.de\/wp\/?page_id=37454","title":{"rendered":"Waldfriedhof ausl\u00e4ndische KGST"},"content":{"rendered":"<p>&nbsp;<\/p>\n<p><strong>Luckenwalde<\/strong> \u2013 Waldfriedhof ausl\u00e4ndische Kriegsgr\u00e4ber<\/p>\n<p>Beitrag von Thomas <a href=\"http:\/\/potsdamer-ehrenmale.de.tl\/Hauptseite.htm\">Potsdamer-Ehrenmale.de<\/a><\/p>\n<p><strong>Italienischer Teil<\/strong><br \/>\n1992 wurden 215 italienische Kriegstote exhumiert und nach Italien \u00fcberf\u00fchrt. Auf den ehemaligen\u00a0Grabfeldern befinden sich jetzt Rasenfl\u00e4chen. Dieser Teil des Friedhofes wurde auch nach Kriegsende\u00a0von Umsiedlern, die im Lager unterbracht wurden, weiterbelegt. Einige dieser Grabstellen sind mit\u00a0Grabsteinen noch vorhanden.<\/p>\n<p><strong>Franz\u00f6sischer Teil<\/strong><br \/>\nDie auf dem Lagerfriedhof beerdigten Franzosen wurden unmittelbar nach Kriegsende durch eine\u00a0franz\u00f6sische Milit\u00e4rkommission umgebettet. Es wird vermutet, dass auf diesem Teil des Friedhofes\u00a0auch die Toten der \u00fcbrigen Westalliierten bestattet waren. Eine Milit\u00e4rkommission Gro\u00dfbritanniens<br \/>\nhat britische Verstorbene ebenfalls umgebettet.<\/p>\n<p><strong>Jugoslawischer Teil<\/strong><br \/>\nIm Randbereich befinden sich beidseitig des Weges drei Grabreihen, die mit liegenden Kunststeintafeln,\u00a0auf denen die Namen der Kriegsopfer aus dem ehem. Jugoslawien eingearbeitet wurden, gekennzeichnet\u00a0sind. In diesem Teil des Friedhofes sind auch polnische und tschechische Tote sowie Muslime beigesetzt.<\/p>\n<p><strong>Sowjetischer Teil<\/strong><br \/>\nIm ehem. sowjetischen Teil des Friedhofes sind heute 38 Grabfelder durch Kantensteineinfassung\u00a0gekennzeichnet. Der Vergr\u00f6\u00dferung eines Luftbildes vom 9. April 1945 ist zu entnehmen, dass die damalige\u00a0Struktur des sowjetischen Teils des Friedhofes eine andere war als die, die heute erkennbar ist. Das Luftbild\u00a0zeigt auf dem sowjetischen Teil des Friedhofes auf der gleichen Fl\u00e4che 71 Massengr\u00e4ber in vier Reihen.<\/p>\n<p>Quelle: <a href=\"https:\/\/luckenwalde.de\/index.htm?rathaus\/friedhoefe\/geschichte.htm\">Luckenwalde.de<\/a><\/p>\n","protected":false},"excerpt":{"rendered":"<p>&nbsp; Luckenwalde \u2013 Waldfriedhof ausl\u00e4ndische Kriegsgr\u00e4ber Beitrag von Thomas Potsdamer-Ehrenmale.de Italienischer Teil 1992 wurden 215 italienische Kriegstote exhumiert und nach Italien \u00fcberf\u00fchrt. Auf den ehemaligen\u00a0Grabfeldern befinden sich jetzt Rasenfl\u00e4chen. Dieser Teil des Friedhofes wurde auch nach Kriegsende\u00a0von Umsiedlern, die im &hellip; <a href=\"http:\/\/www.denkfried.de\/wp\/?page_id=37454\">Weiterlesen <span class=\"meta-nav\">&rarr;<\/span><\/a><\/p>\n","protected":false},"author":9,"featured_media":0,"parent":15721,"menu_order":0,"comment_status":"closed","ping_status":"open","template":"","meta":{"footnotes":""},"class_list":["post-37454","page","type-page","status-publish","hentry"],"_links":{"self":[{"href":"http:\/\/www.denkfried.de\/wp\/index.php?rest_route=\/wp\/v2\/pages\/37454","targetHints":{"allow":["GET"]}}],"collection":[{"href":"http:\/\/www.denkfried.de\/wp\/index.php?rest_route=\/wp\/v2\/pages"}],"about":[{"href":"http:\/\/www.denkfried.de\/wp\/index.php?rest_route=\/wp\/v2\/types\/page"}],"author":[{"embeddable":true,"href":"http:\/\/www.denkfried.de\/wp\/index.php?rest_route=\/wp\/v2\/users\/9"}],"replies":[{"embeddable":true,"href":"http:\/\/www.denkfried.de\/wp\/index.php?rest_route=%2Fwp%2Fv2%2Fcomments&post=37454"}],"version-history":[{"count":6,"href":"http:\/\/www.denkfried.de\/wp\/index.php?rest_route=\/wp\/v2\/pages\/37454\/revisions"}],"predecessor-version":[{"id":37460,"href":"http:\/\/www.denkfried.de\/wp\/index.php?rest_route=\/wp\/v2\/pages\/37454\/revisions\/37460"}],"up":[{"embeddable":true,"href":"http:\/\/www.denkfried.de\/wp\/index.php?rest_route=\/wp\/v2\/pages\/15721"}],"wp:attachment":[{"href":"http:\/\/www.denkfried.de\/wp\/index.php?rest_route=%2Fwp%2Fv2%2Fmedia&parent=37454"}],"curies":[{"name":"wp","href":"https:\/\/api.w.org\/{rel}","templated":true}]}}

Waldfriedhof ausländische KGST

<p>&nbsp;</p>
<p><strong>Luckenwalde</strong> – Waldfriedhof ausländische Kriegsgräber</p>
<p>Beitrag von Thomas <a href="http://potsdamer-ehrenmale.de.tl/Hauptseite.htm">Potsdamer-Ehrenmale.de</a></p>
<p><strong>Italienischer Teil</strong><br />
1992 wurden 215 italienische Kriegstote exhumiert und nach Italien überführt. Auf den ehemaligen Grabfeldern befinden sich jetzt Rasenflächen. Dieser Teil des Friedhofes wurde auch nach Kriegsende von Umsiedlern, die im Lager unterbracht wurden, weiterbelegt. Einige dieser Grabstellen sind mit Grabsteinen noch vorhanden.</p>
<p><strong>Französischer Teil</strong><br />
Die auf dem Lagerfriedhof beerdigten Franzosen wurden unmittelbar nach Kriegsende durch eine französische Militärkommission umgebettet. Es wird vermutet, dass auf diesem Teil des Friedhofes auch die Toten der übrigen Westalliierten bestattet waren. Eine Militärkommission Großbritanniens<br />
hat britische Verstorbene ebenfalls umgebettet.</p>
<p><strong>Jugoslawischer Teil</strong><br />
Im Randbereich befinden sich beidseitig des Weges drei Grabreihen, die mit liegenden Kunststeintafeln, auf denen die Namen der Kriegsopfer aus dem ehem. Jugoslawien eingearbeitet wurden, gekennzeichnet sind. In diesem Teil des Friedhofes sind auch polnische und tschechische Tote sowie Muslime beigesetzt.</p>
<p><strong>Sowjetischer Teil</strong><br />
Im ehem. sowjetischen Teil des Friedhofes sind heute 38 Grabfelder durch Kantensteineinfassung gekennzeichnet. Der Vergrößerung eines Luftbildes vom 9. April 1945 ist zu entnehmen, dass die damalige Struktur des sowjetischen Teils des Friedhofes eine andere war als die, die heute erkennbar ist. Das Luftbild zeigt auf dem sowjetischen Teil des Friedhofes auf der gleichen Fläche 71 Massengräber in vier Reihen.</p>
<p>Quelle: <a href="https://luckenwalde.de/index.htm?rathaus/friedhoefe/geschichte.htm">Luckenwalde.de</a></p>

<p>&nbsp; Luckenwalde – Waldfriedhof ausländische Kriegsgräber Beitrag von Thomas Potsdamer-Ehrenmale.de Italienischer Teil 1992 wurden 215 italienische Kriegstote exhumiert und nach Italien überführt. Auf den ehemaligen Grabfeldern befinden sich jetzt Rasenflächen. Dieser Teil des Friedhofes wurde auch nach Kriegsende von Umsiedlern, die im &hellip; <a href="http://www.denkfried.de/wp/?page_id=37454">Weiterlesen <span class="meta-nav">&rarr;</span></a></p>
