{"id":3694,"date":"2011-04-17T23:33:04","date_gmt":"2011-04-17T21:33:04","guid":{"rendered":"http:\/\/www.denkfried.de\/wp\/?page_id=3694"},"modified":"2013-07-20T22:53:16","modified_gmt":"2013-07-20T20:53:16","slug":"munchen-perlach","status":"publish","type":"page","link":"http:\/\/www.denkfried.de\/wp\/?page_id=3694","title":{"rendered":"&#8211; Perlach"},"content":{"rendered":"<p>&nbsp;<\/p>\n<p><span style=\"text-decoration: underline;\">81549 M\u00fcnchen &#8211;<strong> OT Perlach<\/strong><\/span><\/p>\n<p>Friedhof am Perlacher Forst<br \/>\nStadelheimer Stra\u00dfe 24<\/p>\n<p>Mo-So 8-17 Uhr (April bis August 8-19 Uhr)<br \/>\nU-Bahnstation Mangfallplatz<\/p>\n<p>Zahlreiche Menschen, die w\u00e4hrend der NS-Zeit im Gef\u00e4ngnis Stadelheim hingerichtet wurden, liegen auf dem unmittelbar benachbarten Friedhof am Perlacher Forst begraben. Unter anderem fanden hier Hans und Sophie Scholl, Christoph Probst, Alexander Schmorell und Hans Leipelt von der Widerstandsgruppe &#8222;Wei\u00dfe Rose&#8220;ihre letzte Ruhest\u00e4tte.<br \/>\n\u00dcber eine Pappelallee gelangt man zum so genannten KZ-Ehrenhain I. Er ist den 3.996 KZ-Opfern gewidmet, deren Leichen im Krematorium des Ostfriedhofs verbrannt wurden. Im KZ- Ehrenhain II befinden sich die sterblichen \u00dcberreste von 94 Menschen, die im Gef\u00e4ngnis Stadelheim ihr Leben lie\u00dfen.<br \/>\nEine weitere Grabanlage f\u00fcr &#8222;Displaced Persons&#8220; ist 1122 verstorbenen Zwangsarbeitern aus zw\u00f6lf Nationen gewidmet.<\/p>\n<p>Beitrag von md11<\/p>\n","protected":false},"excerpt":{"rendered":"<p>&nbsp; 81549 M\u00fcnchen &#8211; OT Perlach Friedhof am Perlacher Forst Stadelheimer Stra\u00dfe 24 Mo-So 8-17 Uhr (April bis August 8-19 Uhr) U-Bahnstation Mangfallplatz Zahlreiche Menschen, die w\u00e4hrend der NS-Zeit im Gef\u00e4ngnis Stadelheim hingerichtet wurden, liegen auf dem unmittelbar benachbarten Friedhof &hellip; <a href=\"http:\/\/www.denkfried.de\/wp\/?page_id=3694\">Weiterlesen <span class=\"meta-nav\">&rarr;<\/span><\/a><\/p>\n","protected":false},"author":2,"featured_media":0,"parent":3691,"menu_order":0,"comment_status":"closed","ping_status":"open","template":"","meta":{"footnotes":""},"class_list":["post-3694","page","type-page","status-publish","hentry"],"_links":{"self":[{"href":"http:\/\/www.denkfried.de\/wp\/index.php?rest_route=\/wp\/v2\/pages\/3694","targetHints":{"allow":["GET"]}}],"collection":[{"href":"http:\/\/www.denkfried.de\/wp\/index.php?rest_route=\/wp\/v2\/pages"}],"about":[{"href":"http:\/\/www.denkfried.de\/wp\/index.php?rest_route=\/wp\/v2\/types\/page"}],"author":[{"embeddable":true,"href":"http:\/\/www.denkfried.de\/wp\/index.php?rest_route=\/wp\/v2\/users\/2"}],"replies":[{"embeddable":true,"href":"http:\/\/www.denkfried.de\/wp\/index.php?rest_route=%2Fwp%2Fv2%2Fcomments&post=3694"}],"version-history":[{"count":7,"href":"http:\/\/www.denkfried.de\/wp\/index.php?rest_route=\/wp\/v2\/pages\/3694\/revisions"}],"predecessor-version":[{"id":31644,"href":"http:\/\/www.denkfried.de\/wp\/index.php?rest_route=\/wp\/v2\/pages\/3694\/revisions\/31644"}],"up":[{"embeddable":true,"href":"http:\/\/www.denkfried.de\/wp\/index.php?rest_route=\/wp\/v2\/pages\/3691"}],"wp:attachment":[{"href":"http:\/\/www.denkfried.de\/wp\/index.php?rest_route=%2Fwp%2Fv2%2Fmedia&parent=3694"}],"curies":[{"name":"wp","href":"https:\/\/api.w.org\/{rel}","templated":true}]}}

<p>&nbsp;</p>
<p><span style="text-decoration: underline;">81549 München &#8211;<strong> OT Perlach</strong></span></p>
<p>Friedhof am Perlacher Forst<br />
Stadelheimer Straße 24</p>
<p>Mo-So 8-17 Uhr (April bis August 8-19 Uhr)<br />
U-Bahnstation Mangfallplatz</p>
<p>Zahlreiche Menschen, die während der NS-Zeit im Gefängnis Stadelheim hingerichtet wurden, liegen auf dem unmittelbar benachbarten Friedhof am Perlacher Forst begraben. Unter anderem fanden hier Hans und Sophie Scholl, Christoph Probst, Alexander Schmorell und Hans Leipelt von der Widerstandsgruppe &#8222;Weiße Rose&#8220;ihre letzte Ruhestätte.<br />
Über eine Pappelallee gelangt man zum so genannten KZ-Ehrenhain I. Er ist den 3.996 KZ-Opfern gewidmet, deren Leichen im Krematorium des Ostfriedhofs verbrannt wurden. Im KZ- Ehrenhain II befinden sich die sterblichen Überreste von 94 Menschen, die im Gefängnis Stadelheim ihr Leben ließen.<br />
Eine weitere Grabanlage für &#8222;Displaced Persons&#8220; ist 1122 verstorbenen Zwangsarbeitern aus zwölf Nationen gewidmet.</p>
<p>Beitrag von md11</p>

<p>&nbsp; 81549 München &#8211; OT Perlach Friedhof am Perlacher Forst Stadelheimer Straße 24 Mo-So 8-17 Uhr (April bis August 8-19 Uhr) U-Bahnstation Mangfallplatz Zahlreiche Menschen, die während der NS-Zeit im Gefängnis Stadelheim hingerichtet wurden, liegen auf dem unmittelbar benachbarten Friedhof &hellip; <a href="http://www.denkfried.de/wp/?page_id=3694">Weiterlesen <span class="meta-nav">&rarr;</span></a></p>
