{"id":36771,"date":"2014-10-27T20:30:24","date_gmt":"2014-10-27T19:30:24","guid":{"rendered":"http:\/\/www.denkfried.de\/wp\/?page_id=36771"},"modified":"2015-12-28T19:58:11","modified_gmt":"2015-12-28T18:58:11","slug":"prinz-heinrich-gym","status":"publish","type":"page","link":"http:\/\/www.denkfried.de\/wp\/?page_id=36771","title":{"rendered":"Prinz-Heinrich Gym."},"content":{"rendered":"<p>&nbsp;<\/p>\n<p><strong>Berlin-Sch\u00f6neberg<\/strong>\u00a0OSZ, Klixstra\u00dfe<\/p>\n<p>Bericht und Bilder von Thomas\u00a0<a href=\"http:\/\/g-bb.jimdo.com\/\">Gefallenendenkm\u00e4ler Berlin\/Brandenburg<\/a><\/p>\n<div id='gallery-1' class='gallery galleryid-36771 gallery-columns-3 gallery-size-thumbnail'><dl class='gallery-item'>\n\t\t\t<dt class='gallery-icon portrait'>\n\t\t\t\t<a href='http:\/\/www.denkfried.de\/wp\/?attachment_id=14980'><img loading=\"lazy\" decoding=\"async\" width=\"150\" height=\"150\" src=\"http:\/\/www.denkfried.de\/wp\/wp-content\/uploads\/2011\/11\/PICT0011-150x150.jpg\" class=\"attachment-thumbnail size-thumbnail\" alt=\"\" \/><\/a>\n\t\t\t<\/dt><\/dl><dl class='gallery-item'>\n\t\t\t<dt class='gallery-icon portrait'>\n\t\t\t\t<a href='http:\/\/www.denkfried.de\/wp\/?attachment_id=14983'><img loading=\"lazy\" decoding=\"async\" width=\"150\" height=\"150\" src=\"http:\/\/www.denkfried.de\/wp\/wp-content\/uploads\/2011\/11\/PICT00181-150x150.jpg\" class=\"attachment-thumbnail size-thumbnail\" alt=\"\" \/><\/a>\n\t\t\t<\/dt><\/dl><dl class='gallery-item'>\n\t\t\t<dt class='gallery-icon portrait'>\n\t\t\t\t<a href='http:\/\/www.denkfried.de\/wp\/?attachment_id=14982'><img loading=\"lazy\" decoding=\"async\" width=\"150\" height=\"150\" src=\"http:\/\/www.denkfried.de\/wp\/wp-content\/uploads\/2011\/11\/PICT0014-150x150.jpg\" class=\"attachment-thumbnail size-thumbnail\" alt=\"\" \/><\/a>\n\t\t\t<\/dt><\/dl><br style=\"clear: both\" \/><dl class='gallery-item'>\n\t\t\t<dt class='gallery-icon portrait'>\n\t\t\t\t<a href='http:\/\/www.denkfried.de\/wp\/?attachment_id=36749'><img loading=\"lazy\" decoding=\"async\" width=\"150\" height=\"150\" src=\"http:\/\/www.denkfried.de\/wp\/wp-content\/uploads\/2011\/11\/Berlin-Sch\u00f6neberg-Ehrenmal-Gymnasium-150x150.jpg\" class=\"attachment-thumbnail size-thumbnail\" alt=\"\" aria-describedby=\"gallery-1-36749\" \/><\/a>\n\t\t\t<\/dt>\n\t\t\t\t<dd class='wp-caption-text gallery-caption' id='gallery-1-36749'>\n\t\t\t\tPostkarte\n\t\t\t\t<\/dd><\/dl><dl class='gallery-item'>\n\t\t\t<dt class='gallery-icon portrait'>\n\t\t\t\t<a href='http:\/\/www.denkfried.de\/wp\/?attachment_id=36825'><img loading=\"lazy\" decoding=\"async\" width=\"150\" height=\"150\" src=\"http:\/\/www.denkfried.de\/wp\/wp-content\/uploads\/2014\/10\/Berlin-Sch\u00f6neberg-Prinz-Heinrich-Gymnasium-Gedenkschrift-150x150.jpg\" class=\"attachment-thumbnail size-thumbnail\" alt=\"\" aria-describedby=\"gallery-1-36825\" \/><\/a>\n\t\t\t<\/dt>\n\t\t\t\t<dd class='wp-caption-text gallery-caption' id='gallery-1-36825'>\n\t\t\t\tGedenkschrift\n\t\t\t\t<\/dd><\/dl><dl class='gallery-item'>\n\t\t\t<dt class='gallery-icon landscape'>\n\t\t\t\t<a href='http:\/\/www.denkfried.de\/wp\/?attachment_id=36824'><img loading=\"lazy\" decoding=\"async\" width=\"150\" height=\"150\" src=\"http:\/\/www.denkfried.de\/wp\/wp-content\/uploads\/2014\/10\/Berlin-Sch\u00f6neberg-Denkmal-Kriegsopfer-Gymnasium-150x150.jpg\" class=\"attachment-thumbnail size-thumbnail\" alt=\"\" aria-describedby=\"gallery-1-36824\" \/><\/a>\n\t\t\t<\/dt>\n\t\t\t\t<dd class='wp-caption-text gallery-caption' id='gallery-1-36824'>\n\t\t\t\tInfos zum Denkmal\n\t\t\t\t<\/dd><\/dl><br style=\"clear: both\" \/>\n\t\t<\/div>\n\n<p><span style=\"text-decoration: underline;\"><strong>Denkmal<\/strong><\/span><\/p>\n<p style=\"color: #333333;\">Hier steht auf dem Gel\u00e4nde des heutigen \u00a0OSZ ein Denkmal, bis 1945 Prinz Heinrich Gymnasium. Erst wurden am 4. April 1922 im Vorraum des Schulgeb\u00e4udes Gedenktafeln f\u00fcr die Gefallenen Lehrer und Sch\u00fcler Enth\u00fcllt. Die Kosten wurden von Angeh\u00f6reige, Sch\u00fcler und Lehrer aufgebracht, dann gab es auch den Plan zu einem Denkmal. Diese konnte\u00a0am\u00a021.09.1922 auf dem Schulgel\u00e4nde Eingeweiht werden.<br \/>\nEine Stele mit einem Adler erinnert an den Gefallenen beider Weltkriege. Inschrift:<\/p>\n<address style=\"color: #333333; text-align: center;\"><em><strong>1914 &#8211; 1918<\/strong><\/em><\/address>\n<address style=\"color: #333333; text-align: center;\"><em><strong>Den Helden zum Ged\u00e4chtnis<\/strong><\/em><\/address>\n<address style=\"color: #333333; text-align: center;\"><em><strong>der Jugend zur Mahnung<\/strong><\/em><\/address>\n<address style=\"color: #333333; text-align: center;\"><em><strong>seitlich:<\/strong><\/em><\/address>\n<address style=\"color: #333333; text-align: center;\"><em><strong>Palmam qui meruit ferat<\/strong><\/em><\/address>\n<address style=\"color: #333333; text-align: center;\">(<span style=\"color: #545454;\">Die Siegespalme erhalte, wer sie verdient hat!)<\/span><\/address>\n<address style=\"color: #333333; text-align: center;\">\u00a0<\/address>\n<p style=\"text-align: left;\">Nach der Restaurierung 1965 wurde die Inschrift erg\u00e4nzt.<\/p>\n<address style=\"text-align: center;\"><em><strong>1914-1918 \u00a0 1933-1945<\/strong><\/em><\/address>\n<address style=\"text-align: center;\"><em><strong>Den Opfern zum Ged\u00e4chtnis<\/strong><\/em><\/address>\n<address style=\"text-align: center;\">\u00a0<\/address>\n<address style=\"text-align: center;\"><em><strong>Prinz-Heinrichs-Gymnasium<\/strong><\/em><\/address>\n<address style=\"text-align: center;\"><em><strong>zu Sch\u00f6neberg 1890 \u2013 1945<\/strong><\/em><\/address>\n<address style=\"color: #333333;\">\u00a0<\/address>\n<p><strong><span style=\"text-decoration: underline;\">Gedenkschrift<\/span><\/strong><\/p>\n<p>Geschichte einer Schule von Heinz Stallmann, September 1965. Hier ist die Chronik der Schule von den ersten Tagen, bis zum Ende des Zweiten Weltkrieges verfasst. In der Geschichte der Schule werden Lehrer und Sch\u00fcler oft mit Werdegang aufgef\u00fchrt. So k\u00f6nnen hier Daten zu Gefallene und Vermi\u00dfte der Weltkriege entnommen werden. Auch zum Geb\u00e4ude w\u00e4hrend und nach der Kriegszeit ist Beschrieben.<\/p>\n","protected":false},"excerpt":{"rendered":"<p>&nbsp; Berlin-Sch\u00f6neberg\u00a0OSZ, Klixstra\u00dfe Bericht und Bilder von Thomas\u00a0Gefallenendenkm\u00e4ler Berlin\/Brandenburg Denkmal Hier steht auf dem Gel\u00e4nde des heutigen \u00a0OSZ ein Denkmal, bis 1945 Prinz Heinrich Gymnasium. Erst wurden am 4. April 1922 im Vorraum des Schulgeb\u00e4udes Gedenktafeln f\u00fcr die Gefallenen Lehrer &hellip; <a href=\"http:\/\/www.denkfried.de\/wp\/?page_id=36771\">Weiterlesen <span class=\"meta-nav\">&rarr;<\/span><\/a><\/p>\n","protected":false},"author":9,"featured_media":0,"parent":16742,"menu_order":0,"comment_status":"closed","ping_status":"open","template":"","meta":{"footnotes":""},"class_list":["post-36771","page","type-page","status-publish","hentry"],"_links":{"self":[{"href":"http:\/\/www.denkfried.de\/wp\/index.php?rest_route=\/wp\/v2\/pages\/36771","targetHints":{"allow":["GET"]}}],"collection":[{"href":"http:\/\/www.denkfried.de\/wp\/index.php?rest_route=\/wp\/v2\/pages"}],"about":[{"href":"http:\/\/www.denkfried.de\/wp\/index.php?rest_route=\/wp\/v2\/types\/page"}],"author":[{"embeddable":true,"href":"http:\/\/www.denkfried.de\/wp\/index.php?rest_route=\/wp\/v2\/users\/9"}],"replies":[{"embeddable":true,"href":"http:\/\/www.denkfried.de\/wp\/index.php?rest_route=%2Fwp%2Fv2%2Fcomments&post=36771"}],"version-history":[{"count":22,"href":"http:\/\/www.denkfried.de\/wp\/index.php?rest_route=\/wp\/v2\/pages\/36771\/revisions"}],"predecessor-version":[{"id":40030,"href":"http:\/\/www.denkfried.de\/wp\/index.php?rest_route=\/wp\/v2\/pages\/36771\/revisions\/40030"}],"up":[{"embeddable":true,"href":"http:\/\/www.denkfried.de\/wp\/index.php?rest_route=\/wp\/v2\/pages\/16742"}],"wp:attachment":[{"href":"http:\/\/www.denkfried.de\/wp\/index.php?rest_route=%2Fwp%2Fv2%2Fmedia&parent=36771"}],"curies":[{"name":"wp","href":"https:\/\/api.w.org\/{rel}","templated":true}]}}

<p>&nbsp;</p>
<p><strong>Berlin-Schöneberg</strong> OSZ, Klixstraße</p>
<p>Bericht und Bilder von Thomas <a href="http://g-bb.jimdo.com/">Gefallenendenkmäler Berlin/Brandenburg</a></p>
<div id='gallery-1' class='gallery galleryid-36771 gallery-columns-3 gallery-size-thumbnail'><dl class='gallery-item'>
			<dt class='gallery-icon portrait'>
				<a href='http://www.denkfried.de/wp/?attachment_id=14980'><img loading="lazy" decoding="async" width="150" height="150" src="http://www.denkfried.de/wp/wp-content/uploads/2011/11/PICT0011-150x150.jpg" class="attachment-thumbnail size-thumbnail" alt="" /></a>
			</dt></dl><dl class='gallery-item'>
			<dt class='gallery-icon portrait'>
				<a href='http://www.denkfried.de/wp/?attachment_id=14983'><img loading="lazy" decoding="async" width="150" height="150" src="http://www.denkfried.de/wp/wp-content/uploads/2011/11/PICT00181-150x150.jpg" class="attachment-thumbnail size-thumbnail" alt="" /></a>
			</dt></dl><dl class='gallery-item'>
			<dt class='gallery-icon portrait'>
				<a href='http://www.denkfried.de/wp/?attachment_id=14982'><img loading="lazy" decoding="async" width="150" height="150" src="http://www.denkfried.de/wp/wp-content/uploads/2011/11/PICT0014-150x150.jpg" class="attachment-thumbnail size-thumbnail" alt="" /></a>
			</dt></dl><br style="clear: both" /><dl class='gallery-item'>
			<dt class='gallery-icon portrait'>
				<a href='http://www.denkfried.de/wp/?attachment_id=36749'><img loading="lazy" decoding="async" width="150" height="150" src="http://www.denkfried.de/wp/wp-content/uploads/2011/11/Berlin-Schöneberg-Ehrenmal-Gymnasium-150x150.jpg" class="attachment-thumbnail size-thumbnail" alt="" aria-describedby="gallery-1-36749" /></a>
			</dt>
				<dd class='wp-caption-text gallery-caption' id='gallery-1-36749'>
				Postkarte
				</dd></dl><dl class='gallery-item'>
			<dt class='gallery-icon portrait'>
				<a href='http://www.denkfried.de/wp/?attachment_id=36825'><img loading="lazy" decoding="async" width="150" height="150" src="http://www.denkfried.de/wp/wp-content/uploads/2014/10/Berlin-Schöneberg-Prinz-Heinrich-Gymnasium-Gedenkschrift-150x150.jpg" class="attachment-thumbnail size-thumbnail" alt="" aria-describedby="gallery-1-36825" /></a>
			</dt>
				<dd class='wp-caption-text gallery-caption' id='gallery-1-36825'>
				Gedenkschrift
				</dd></dl><dl class='gallery-item'>
			<dt class='gallery-icon landscape'>
				<a href='http://www.denkfried.de/wp/?attachment_id=36824'><img loading="lazy" decoding="async" width="150" height="150" src="http://www.denkfried.de/wp/wp-content/uploads/2014/10/Berlin-Schöneberg-Denkmal-Kriegsopfer-Gymnasium-150x150.jpg" class="attachment-thumbnail size-thumbnail" alt="" aria-describedby="gallery-1-36824" /></a>
			</dt>
				<dd class='wp-caption-text gallery-caption' id='gallery-1-36824'>
				Infos zum Denkmal
				</dd></dl><br style="clear: both" />
		</div>

<p><span style="text-decoration: underline;"><strong>Denkmal</strong></span></p>
<p style="color: #333333;">Hier steht auf dem Gelände des heutigen  OSZ ein Denkmal, bis 1945 Prinz Heinrich Gymnasium. Erst wurden am 4. April 1922 im Vorraum des Schulgebäudes Gedenktafeln für die Gefallenen Lehrer und Schüler Enthüllt. Die Kosten wurden von Angehöreige, Schüler und Lehrer aufgebracht, dann gab es auch den Plan zu einem Denkmal. Diese konnte am 21.09.1922 auf dem Schulgelände Eingeweiht werden.<br />
Eine Stele mit einem Adler erinnert an den Gefallenen beider Weltkriege. Inschrift:</p>
<address style="color: #333333; text-align: center;"><em><strong>1914 &#8211; 1918</strong></em></address>
<address style="color: #333333; text-align: center;"><em><strong>Den Helden zum Gedächtnis</strong></em></address>
<address style="color: #333333; text-align: center;"><em><strong>der Jugend zur Mahnung</strong></em></address>
<address style="color: #333333; text-align: center;"><em><strong>seitlich:</strong></em></address>
<address style="color: #333333; text-align: center;"><em><strong>Palmam qui meruit ferat</strong></em></address>
<address style="color: #333333; text-align: center;">(<span style="color: #545454;">Die Siegespalme erhalte, wer sie verdient hat!)</span></address>
<address style="color: #333333; text-align: center;"> </address>
<p style="text-align: left;">Nach der Restaurierung 1965 wurde die Inschrift ergänzt.</p>
<address style="text-align: center;"><em><strong>1914-1918   1933-1945</strong></em></address>
<address style="text-align: center;"><em><strong>Den Opfern zum Gedächtnis</strong></em></address>
<address style="text-align: center;"> </address>
<address style="text-align: center;"><em><strong>Prinz-Heinrichs-Gymnasium</strong></em></address>
<address style="text-align: center;"><em><strong>zu Schöneberg 1890 – 1945</strong></em></address>
<address style="color: #333333;"> </address>
<p><strong><span style="text-decoration: underline;">Gedenkschrift</span></strong></p>
<p>Geschichte einer Schule von Heinz Stallmann, September 1965. Hier ist die Chronik der Schule von den ersten Tagen, bis zum Ende des Zweiten Weltkrieges verfasst. In der Geschichte der Schule werden Lehrer und Schüler oft mit Werdegang aufgeführt. So können hier Daten zu Gefallene und Vermißte der Weltkriege entnommen werden. Auch zum Gebäude während und nach der Kriegszeit ist Beschrieben.</p>

<p>&nbsp; Berlin-Schöneberg OSZ, Klixstraße Bericht und Bilder von Thomas Gefallenendenkmäler Berlin/Brandenburg Denkmal Hier steht auf dem Gelände des heutigen  OSZ ein Denkmal, bis 1945 Prinz Heinrich Gymnasium. Erst wurden am 4. April 1922 im Vorraum des Schulgebäudes Gedenktafeln für die Gefallenen Lehrer &hellip; <a href="http://www.denkfried.de/wp/?page_id=36771">Weiterlesen <span class="meta-nav">&rarr;</span></a></p>
