{"id":3624,"date":"2011-04-17T22:04:34","date_gmt":"2011-04-17T20:04:34","guid":{"rendered":"http:\/\/www.denkfried.de\/wp\/?page_id=3624"},"modified":"2013-07-20T21:45:44","modified_gmt":"2013-07-20T19:45:44","slug":"nurnberg-mogeldorf","status":"publish","type":"page","link":"http:\/\/www.denkfried.de\/wp\/?page_id=3624","title":{"rendered":"&#8211; M\u00f6geldorf"},"content":{"rendered":"<p>&nbsp;<\/p>\n<p><span style=\"text-decoration: underline;\">90482 N\u00fcrnberg &#8211; <strong>M\u00f6geldorf<\/strong><\/span><\/p>\n<p>Kirchlicher Friedhof, Ziegenstra\u00dfe 41<\/p>\n<p>++++++++++++++++++++++++++++++++++++++++++++<\/p>\n<p><span style=\"text-decoration: underline;\"><strong>Grabsteine zum Andenken:<\/strong><\/span><br \/>\n<strong>Tauber, Christian<\/strong> (er ruht in fremder Erde) geb. 29.12.1895\u00a0 \u00a0 \u00a0gef.: 15.07.1918<br \/>\n-Vizemachtmeister-\u00a0 bestattet: Frankreich\/Bligny,Kameradengrab<\/p>\n<p><strong>Tauber, Hans<\/strong> geb.: 13.05.1897\u00a0 \u00a0 \u00a0 gest.: 07.04.1919 in der Heimat<\/p>\n<p><strong>D\u00fcmler, Lorenz <\/strong> -Uffz.-\u00a0 geb.: 21.03.1900\u00a0 \u00a0 \u00a0 verm.: 17.02.1944 im Osten<\/p>\n<p><strong>Rebhan, Willi<\/strong> -Gefreiter-\u00a0 \u00a0 \u00a0geb.: 25.06.1914\u00a0 \u00a0 \u00a0 \u00a0gef.: 02.09.1941 H.V.Pl.2\/San.260 Tscherngsch<br \/>\nKonnte bisher noch nicht geborgen werden, Grablage noch Tschernigow-Ukraine<\/p>\n<p>Fotos m\u00fcssen von md11 noch nachgereicht werden.<\/p>\n<p>&nbsp;<\/p>\n","protected":false},"excerpt":{"rendered":"<p>&nbsp; 90482 N\u00fcrnberg &#8211; M\u00f6geldorf Kirchlicher Friedhof, Ziegenstra\u00dfe 41 ++++++++++++++++++++++++++++++++++++++++++++ Grabsteine zum Andenken: Tauber, Christian (er ruht in fremder Erde) geb. 29.12.1895\u00a0 \u00a0 \u00a0gef.: 15.07.1918 -Vizemachtmeister-\u00a0 bestattet: Frankreich\/Bligny,Kameradengrab Tauber, Hans geb.: 13.05.1897\u00a0 \u00a0 \u00a0 gest.: 07.04.1919 in der Heimat D\u00fcmler, &hellip; <a href=\"http:\/\/www.denkfried.de\/wp\/?page_id=3624\">Weiterlesen <span class=\"meta-nav\">&rarr;<\/span><\/a><\/p>\n","protected":false},"author":2,"featured_media":0,"parent":3590,"menu_order":0,"comment_status":"closed","ping_status":"open","template":"","meta":{"footnotes":""},"class_list":["post-3624","page","type-page","status-publish","hentry"],"_links":{"self":[{"href":"http:\/\/www.denkfried.de\/wp\/index.php?rest_route=\/wp\/v2\/pages\/3624","targetHints":{"allow":["GET"]}}],"collection":[{"href":"http:\/\/www.denkfried.de\/wp\/index.php?rest_route=\/wp\/v2\/pages"}],"about":[{"href":"http:\/\/www.denkfried.de\/wp\/index.php?rest_route=\/wp\/v2\/types\/page"}],"author":[{"embeddable":true,"href":"http:\/\/www.denkfried.de\/wp\/index.php?rest_route=\/wp\/v2\/users\/2"}],"replies":[{"embeddable":true,"href":"http:\/\/www.denkfried.de\/wp\/index.php?rest_route=%2Fwp%2Fv2%2Fcomments&post=3624"}],"version-history":[{"count":5,"href":"http:\/\/www.denkfried.de\/wp\/index.php?rest_route=\/wp\/v2\/pages\/3624\/revisions"}],"predecessor-version":[{"id":31629,"href":"http:\/\/www.denkfried.de\/wp\/index.php?rest_route=\/wp\/v2\/pages\/3624\/revisions\/31629"}],"up":[{"embeddable":true,"href":"http:\/\/www.denkfried.de\/wp\/index.php?rest_route=\/wp\/v2\/pages\/3590"}],"wp:attachment":[{"href":"http:\/\/www.denkfried.de\/wp\/index.php?rest_route=%2Fwp%2Fv2%2Fmedia&parent=3624"}],"curies":[{"name":"wp","href":"https:\/\/api.w.org\/{rel}","templated":true}]}}

&#8211; Mögeldorf

<p>&nbsp;</p>
<p><span style="text-decoration: underline;">90482 Nürnberg &#8211; <strong>Mögeldorf</strong></span></p>
<p>Kirchlicher Friedhof, Ziegenstraße 41</p>
<p>++++++++++++++++++++++++++++++++++++++++++++</p>
<p><span style="text-decoration: underline;"><strong>Grabsteine zum Andenken:</strong></span><br />
<strong>Tauber, Christian</strong> (er ruht in fremder Erde) geb. 29.12.1895     gef.: 15.07.1918<br />
-Vizemachtmeister-  bestattet: Frankreich/Bligny,Kameradengrab</p>
<p><strong>Tauber, Hans</strong> geb.: 13.05.1897      gest.: 07.04.1919 in der Heimat</p>
<p><strong>Dümler, Lorenz </strong> -Uffz.-  geb.: 21.03.1900      verm.: 17.02.1944 im Osten</p>
<p><strong>Rebhan, Willi</strong> -Gefreiter-     geb.: 25.06.1914       gef.: 02.09.1941 H.V.Pl.2/San.260 Tscherngsch<br />
Konnte bisher noch nicht geborgen werden, Grablage noch Tschernigow-Ukraine</p>
<p>Fotos müssen von md11 noch nachgereicht werden.</p>
<p>&nbsp;</p>

<p>&nbsp; 90482 Nürnberg &#8211; Mögeldorf Kirchlicher Friedhof, Ziegenstraße 41 ++++++++++++++++++++++++++++++++++++++++++++ Grabsteine zum Andenken: Tauber, Christian (er ruht in fremder Erde) geb. 29.12.1895     gef.: 15.07.1918 -Vizemachtmeister-  bestattet: Frankreich/Bligny,Kameradengrab Tauber, Hans geb.: 13.05.1897      gest.: 07.04.1919 in der Heimat Dümler, &hellip; <a href="http://www.denkfried.de/wp/?page_id=3624">Weiterlesen <span class="meta-nav">&rarr;</span></a></p>
