{"id":36117,"date":"2014-08-23T15:41:10","date_gmt":"2014-08-23T13:41:10","guid":{"rendered":"http:\/\/www.denkfried.de\/wp\/?page_id=36117"},"modified":"2016-11-22T14:08:56","modified_gmt":"2016-11-22T13:08:56","slug":"tiergarten-skagarrakplatz","status":"publish","type":"page","link":"http:\/\/www.denkfried.de\/wp\/?page_id=36117","title":{"rendered":"&#8211; Erl\u00f6serkirche"},"content":{"rendered":"<p>&nbsp;<\/p>\n<p><strong>Potsdam\u00a0<\/strong>Erl\u00f6serkirche<\/p>\n<p>Die evangelische Erl\u00f6serkirche steht im Stadtteil &#8222;Brandenburger Vorstadt&#8220; an den sich kreuzenden Stra\u00dfen Nansenstra\u00dfe und Meistersingerstra\u00dfe.<\/p>\n<p>Bericht von Thomas\u00a0<a href=\"http:\/\/g-bb.jimdo.com\/\">Gefallenendenkm\u00e4ler Berlin\/Brandenburg<\/a><\/p>\n<p>&nbsp;<\/p>\n<p>&nbsp;<\/p>\n","protected":false},"excerpt":{"rendered":"<p>&nbsp; Potsdam\u00a0Erl\u00f6serkirche Die evangelische Erl\u00f6serkirche steht im Stadtteil &#8222;Brandenburger Vorstadt&#8220; an den sich kreuzenden Stra\u00dfen Nansenstra\u00dfe und Meistersingerstra\u00dfe. Bericht von Thomas\u00a0Gefallenendenkm\u00e4ler Berlin\/Brandenburg &nbsp; &nbsp;<\/p>\n","protected":false},"author":9,"featured_media":0,"parent":16858,"menu_order":0,"comment_status":"closed","ping_status":"open","template":"","meta":{"footnotes":""},"class_list":["post-36117","page","type-page","status-publish","hentry"],"_links":{"self":[{"href":"http:\/\/www.denkfried.de\/wp\/index.php?rest_route=\/wp\/v2\/pages\/36117","targetHints":{"allow":["GET"]}}],"collection":[{"href":"http:\/\/www.denkfried.de\/wp\/index.php?rest_route=\/wp\/v2\/pages"}],"about":[{"href":"http:\/\/www.denkfried.de\/wp\/index.php?rest_route=\/wp\/v2\/types\/page"}],"author":[{"embeddable":true,"href":"http:\/\/www.denkfried.de\/wp\/index.php?rest_route=\/wp\/v2\/users\/9"}],"replies":[{"embeddable":true,"href":"http:\/\/www.denkfried.de\/wp\/index.php?rest_route=%2Fwp%2Fv2%2Fcomments&post=36117"}],"version-history":[{"count":11,"href":"http:\/\/www.denkfried.de\/wp\/index.php?rest_route=\/wp\/v2\/pages\/36117\/revisions"}],"predecessor-version":[{"id":40951,"href":"http:\/\/www.denkfried.de\/wp\/index.php?rest_route=\/wp\/v2\/pages\/36117\/revisions\/40951"}],"up":[{"embeddable":true,"href":"http:\/\/www.denkfried.de\/wp\/index.php?rest_route=\/wp\/v2\/pages\/16858"}],"wp:attachment":[{"href":"http:\/\/www.denkfried.de\/wp\/index.php?rest_route=%2Fwp%2Fv2%2Fmedia&parent=36117"}],"curies":[{"name":"wp","href":"https:\/\/api.w.org\/{rel}","templated":true}]}}

&#8211; Erlöserkirche

<p>&nbsp;</p>
<p><strong>Potsdam </strong>Erlöserkirche</p>
<p>Die evangelische Erlöserkirche steht im Stadtteil &#8222;Brandenburger Vorstadt&#8220; an den sich kreuzenden Straßen Nansenstraße und Meistersingerstraße.</p>
<p>Bericht von Thomas <a href="http://g-bb.jimdo.com/">Gefallenendenkmäler Berlin/Brandenburg</a></p>
<p>&nbsp;</p>
<p>&nbsp;</p>

<p>&nbsp; Potsdam Erlöserkirche Die evangelische Erlöserkirche steht im Stadtteil &#8222;Brandenburger Vorstadt&#8220; an den sich kreuzenden Straßen Nansenstraße und Meistersingerstraße. Bericht von Thomas Gefallenendenkmäler Berlin/Brandenburg &nbsp; &nbsp;</p>
