{"id":3587,"date":"2011-04-17T21:30:05","date_gmt":"2011-04-17T19:30:05","guid":{"rendered":"http:\/\/www.denkfried.de\/wp\/?page_id=3587"},"modified":"2012-12-08T14:50:45","modified_gmt":"2012-12-08T13:50:45","slug":"kreisfreie-stadt-ansbach","status":"publish","type":"page","link":"http:\/\/www.denkfried.de\/wp\/?page_id=3587","title":{"rendered":"Kreisfreie Stadt: ANSBACH"},"content":{"rendered":"<p>&nbsp;<\/p>\n<p>Verwaltungssitz: <span style=\"text-decoration: underline;\"><strong>91522 Ansbach<\/strong><\/span>, Johann-Sebastian-Bach-Platz 1<\/p>\n<p>**********************************************************<\/p>\n<p>Ansbach hat eine Gr\u00f6\u00dfe von 99,92 km\u00b2 und hat 54 Ortsteile.<\/p>\n<p>Die Stadt wurde 1221 erstmals erw\u00e4hnt.<\/p>\n<p>In den Jahren 1936-1945 war Ansbach Garnision des Artillerie-Regiments 53 der Deutschen Wehrmacht. nach 1945 wurde die Kaserne von Verb\u00e4nden der US-Streitkr\u00e4ften genutzt.<\/p>\n<p>Die Stadt Ansbach hat am 14.7.1954 eine Patenschaft mit den sudetenschlesischen Ort J\u00e4gerndorf gegr\u00fcndet. Aus dem Ort wurden nach 1945 die Deutschen vertrieben. Eine enge historische Freundschaft zwischen beiden Orten geht bis in Jahr 1523 zur\u00fcck. Die Markgrafen von Ansbach waren bis 1603 auf Herz\u00f6ge von J\u00e4gerndorf.<\/p>\n<p>Im Gebiet Ansbach befinden sich 3 Kriegsgr\u00e4berst\u00e4tten mit 465 Toten.<\/p>\n<p><strong>Stadtgliederung<\/strong><\/p>\n<ul>\n<li>Ansbach<\/li>\n<li>Aum\u00fchle<\/li>\n<li>Bernhardswinden<\/li>\n<li>Brodswinden<\/li>\n<li>Claffheim<\/li>\n<li>Dautenwinden<\/li>\n<li>De\u00dfmannsdorf<\/li>\n<li>Dombach im Loch<\/li>\n<li>Dornberg<\/li>\n<li>Egloffswinden<\/li>\n<li>Elpersdorf b. Ansbach<\/li>\n<li>Eyb<\/li>\n<li>Fischhaus<\/li>\n<li>Galgenm\u00fchle<\/li>\n<li>Geisengrund<\/li>\n<li>G\u00f6sseldorf<\/li>\n<li>Hammerschmiede<\/li>\n<li>Heimweg<\/li>\n<li>Hennenbach<\/li>\n<li>H\u00f6fen<\/li>\n<li>H\u00f6fstetten<\/li>\n<li>Hohe Fichte<\/li>\n<li>H\u00f6llm\u00fchle<\/li>\n<li>K\u00e4ferbach<\/li>\n<li>Kaltengreuth<\/li>\n<li>Kammerforst<\/li>\n<li>Katterbach<\/li>\n<li>Kurzendorf<\/li>\n<li>Liegenbach<\/li>\n<li>Louism\u00fchle<\/li>\n<li>Meinhardswinden<\/li>\n<li>Mittelbach<\/li>\n<li>Neudorf<\/li>\n<li>Neuses b.Ansbach<\/li>\n<li>Oberdombach<\/li>\n<li>Obereichenbach<\/li>\n<li>Pfaffengreuth<\/li>\n<li>Rabenhof<\/li>\n<li>Schalkhausen<\/li>\n<li>Scheerm\u00fchle<\/li>\n<li>Schockenm\u00fchle<\/li>\n<li>Steinersdorf<\/li>\n<li>Str\u00fcth<\/li>\n<li>Untereichenbach<\/li>\n<li>Untereichenbacher M\u00fchle<\/li>\n<li>Walkm\u00fchle<\/li>\n<li>Wallersdorf<\/li>\n<li>Wasserzell<\/li>\n<li>Weinberg<\/li>\n<li>Wengenstadt<\/li>\n<li>Windm\u00fchle (bei Elpersdorf)<\/li>\n<li>Windm\u00fchle (bei Pfaffengreuth)<\/li>\n<li>Winterschneidbach<\/li>\n<li>Wolfartswinden<\/li>\n<li>W\u00fcstenbruck<\/li>\n<\/ul>\n<p>&nbsp;<\/p>\n","protected":false},"excerpt":{"rendered":"<p>&nbsp; Verwaltungssitz: 91522 Ansbach, Johann-Sebastian-Bach-Platz 1 ********************************************************** Ansbach hat eine Gr\u00f6\u00dfe von 99,92 km\u00b2 und hat 54 Ortsteile. Die Stadt wurde 1221 erstmals erw\u00e4hnt. In den Jahren 1936-1945 war Ansbach Garnision des Artillerie-Regiments 53 der Deutschen Wehrmacht. nach 1945 wurde &hellip; <a href=\"http:\/\/www.denkfried.de\/wp\/?page_id=3587\">Weiterlesen <span class=\"meta-nav\">&rarr;<\/span><\/a><\/p>\n","protected":false},"author":2,"featured_media":0,"parent":27817,"menu_order":0,"comment_status":"closed","ping_status":"open","template":"","meta":{"footnotes":""},"class_list":["post-3587","page","type-page","status-publish","hentry"],"_links":{"self":[{"href":"http:\/\/www.denkfried.de\/wp\/index.php?rest_route=\/wp\/v2\/pages\/3587","targetHints":{"allow":["GET"]}}],"collection":[{"href":"http:\/\/www.denkfried.de\/wp\/index.php?rest_route=\/wp\/v2\/pages"}],"about":[{"href":"http:\/\/www.denkfried.de\/wp\/index.php?rest_route=\/wp\/v2\/types\/page"}],"author":[{"embeddable":true,"href":"http:\/\/www.denkfried.de\/wp\/index.php?rest_route=\/wp\/v2\/users\/2"}],"replies":[{"embeddable":true,"href":"http:\/\/www.denkfried.de\/wp\/index.php?rest_route=%2Fwp%2Fv2%2Fcomments&post=3587"}],"version-history":[{"count":7,"href":"http:\/\/www.denkfried.de\/wp\/index.php?rest_route=\/wp\/v2\/pages\/3587\/revisions"}],"predecessor-version":[{"id":16466,"href":"http:\/\/www.denkfried.de\/wp\/index.php?rest_route=\/wp\/v2\/pages\/3587\/revisions\/16466"}],"up":[{"embeddable":true,"href":"http:\/\/www.denkfried.de\/wp\/index.php?rest_route=\/wp\/v2\/pages\/27817"}],"wp:attachment":[{"href":"http:\/\/www.denkfried.de\/wp\/index.php?rest_route=%2Fwp%2Fv2%2Fmedia&parent=3587"}],"curies":[{"name":"wp","href":"https:\/\/api.w.org\/{rel}","templated":true}]}}

<p>&nbsp;</p>
<p>Verwaltungssitz: <span style="text-decoration: underline;"><strong>91522 Ansbach</strong></span>, Johann-Sebastian-Bach-Platz 1</p>
<p>**********************************************************</p>
<p>Ansbach hat eine Größe von 99,92 km² und hat 54 Ortsteile.</p>
<p>Die Stadt wurde 1221 erstmals erwähnt.</p>
<p>In den Jahren 1936-1945 war Ansbach Garnision des Artillerie-Regiments 53 der Deutschen Wehrmacht. nach 1945 wurde die Kaserne von Verbänden der US-Streitkräften genutzt.</p>
<p>Die Stadt Ansbach hat am 14.7.1954 eine Patenschaft mit den sudetenschlesischen Ort Jägerndorf gegründet. Aus dem Ort wurden nach 1945 die Deutschen vertrieben. Eine enge historische Freundschaft zwischen beiden Orten geht bis in Jahr 1523 zurück. Die Markgrafen von Ansbach waren bis 1603 auf Herzöge von Jägerndorf.</p>
<p>Im Gebiet Ansbach befinden sich 3 Kriegsgräberstätten mit 465 Toten.</p>
<p><strong>Stadtgliederung</strong></p>
<ul>
<li>Ansbach</li>
<li>Aumühle</li>
<li>Bernhardswinden</li>
<li>Brodswinden</li>
<li>Claffheim</li>
<li>Dautenwinden</li>
<li>Deßmannsdorf</li>
<li>Dombach im Loch</li>
<li>Dornberg</li>
<li>Egloffswinden</li>
<li>Elpersdorf b. Ansbach</li>
<li>Eyb</li>
<li>Fischhaus</li>
<li>Galgenmühle</li>
<li>Geisengrund</li>
<li>Gösseldorf</li>
<li>Hammerschmiede</li>
<li>Heimweg</li>
<li>Hennenbach</li>
<li>Höfen</li>
<li>Höfstetten</li>
<li>Hohe Fichte</li>
<li>Höllmühle</li>
<li>Käferbach</li>
<li>Kaltengreuth</li>
<li>Kammerforst</li>
<li>Katterbach</li>
<li>Kurzendorf</li>
<li>Liegenbach</li>
<li>Louismühle</li>
<li>Meinhardswinden</li>
<li>Mittelbach</li>
<li>Neudorf</li>
<li>Neuses b.Ansbach</li>
<li>Oberdombach</li>
<li>Obereichenbach</li>
<li>Pfaffengreuth</li>
<li>Rabenhof</li>
<li>Schalkhausen</li>
<li>Scheermühle</li>
<li>Schockenmühle</li>
<li>Steinersdorf</li>
<li>Strüth</li>
<li>Untereichenbach</li>
<li>Untereichenbacher Mühle</li>
<li>Walkmühle</li>
<li>Wallersdorf</li>
<li>Wasserzell</li>
<li>Weinberg</li>
<li>Wengenstadt</li>
<li>Windmühle (bei Elpersdorf)</li>
<li>Windmühle (bei Pfaffengreuth)</li>
<li>Winterschneidbach</li>
<li>Wolfartswinden</li>
<li>Wüstenbruck</li>
</ul>
<p>&nbsp;</p>

<p>&nbsp; Verwaltungssitz: 91522 Ansbach, Johann-Sebastian-Bach-Platz 1 ********************************************************** Ansbach hat eine Größe von 99,92 km² und hat 54 Ortsteile. Die Stadt wurde 1221 erstmals erwähnt. In den Jahren 1936-1945 war Ansbach Garnision des Artillerie-Regiments 53 der Deutschen Wehrmacht. nach 1945 wurde &hellip; <a href="http://www.denkfried.de/wp/?page_id=3587">Weiterlesen <span class="meta-nav">&rarr;</span></a></p>
