{"id":34967,"date":"2014-04-19T18:57:23","date_gmt":"2014-04-19T16:57:23","guid":{"rendered":"http:\/\/www.denkfried.de\/wp\/?page_id=34967"},"modified":"2015-02-14T18:43:25","modified_gmt":"2015-02-14T17:43:25","slug":"kreuzberg-odf","status":"publish","type":"page","link":"http:\/\/www.denkfried.de\/wp\/?page_id=34967","title":{"rendered":"Kreuzberg OdF"},"content":{"rendered":"<p>&nbsp;<\/p>\n<p><strong>Berlin-Kreuzberg<\/strong> Opfer des Faschismus<\/p>\n<p>Bilder von Gerd 2014<\/p>\n<p>Thomas Potsdamer-Ehrenmale.de<\/p>\n<div id='gallery-1' class='gallery galleryid-34967 gallery-columns-3 gallery-size-thumbnail'><dl class='gallery-item'>\n\t\t\t<dt class='gallery-icon portrait'>\n\t\t\t\t<a href='http:\/\/www.denkfried.de\/wp\/?attachment_id=34970'><img loading=\"lazy\" decoding=\"async\" width=\"150\" height=\"150\" src=\"http:\/\/www.denkfried.de\/wp\/wp-content\/uploads\/2014\/04\/Berlin-Kreuzberg-KZ-Gutschow-Keller-150x150.jpg\" class=\"attachment-thumbnail size-thumbnail\" alt=\"\" aria-describedby=\"gallery-1-34970\" \/><\/a>\n\t\t\t<\/dt>\n\t\t\t\t<dd class='wp-caption-text gallery-caption' id='gallery-1-34970'>\n\t\t\t\tGutschow-Keller \n\t\t\t\t<\/dd><\/dl><dl class='gallery-item'>\n\t\t\t<dt class='gallery-icon landscape'>\n\t\t\t\t<a href='http:\/\/www.denkfried.de\/wp\/?attachment_id=34973'><img loading=\"lazy\" decoding=\"async\" width=\"150\" height=\"150\" src=\"http:\/\/www.denkfried.de\/wp\/wp-content\/uploads\/2014\/04\/Berlin-Kreuzberg-KZ-Gutschow-Keller-2-150x150.jpg\" class=\"attachment-thumbnail size-thumbnail\" alt=\"\" aria-describedby=\"gallery-1-34973\" \/><\/a>\n\t\t\t<\/dt>\n\t\t\t\t<dd class='wp-caption-text gallery-caption' id='gallery-1-34973'>\n\t\t\t\tGutschow-Keller \n\t\t\t\t<\/dd><\/dl><dl class='gallery-item'>\n\t\t\t<dt class='gallery-icon landscape'>\n\t\t\t\t<a href='http:\/\/www.denkfried.de\/wp\/?attachment_id=34971'><img loading=\"lazy\" decoding=\"async\" width=\"150\" height=\"150\" src=\"http:\/\/www.denkfried.de\/wp\/wp-content\/uploads\/2014\/04\/Berlin-Kreuzberg-Stolpersteine-150x150.jpg\" class=\"attachment-thumbnail size-thumbnail\" alt=\"\" aria-describedby=\"gallery-1-34971\" \/><\/a>\n\t\t\t<\/dt>\n\t\t\t\t<dd class='wp-caption-text gallery-caption' id='gallery-1-34971'>\n\t\t\t\tStolpersteine\n\t\t\t\t<\/dd><\/dl><br style=\"clear: both\" \/><dl class='gallery-item'>\n\t\t\t<dt class='gallery-icon landscape'>\n\t\t\t\t<a href='http:\/\/www.denkfried.de\/wp\/?attachment_id=34972'><img loading=\"lazy\" decoding=\"async\" width=\"150\" height=\"150\" src=\"http:\/\/www.denkfried.de\/wp\/wp-content\/uploads\/2014\/04\/Berlin-Kreuzberg-Stolpersteine-2-150x150.jpg\" class=\"attachment-thumbnail size-thumbnail\" alt=\"\" aria-describedby=\"gallery-1-34972\" \/><\/a>\n\t\t\t<\/dt>\n\t\t\t\t<dd class='wp-caption-text gallery-caption' id='gallery-1-34972'>\n\t\t\t\tStolperstein\n\t\t\t\t<\/dd><\/dl><dl class='gallery-item'>\n\t\t\t<dt class='gallery-icon landscape'>\n\t\t\t\t<a href='http:\/\/www.denkfried.de\/wp\/?attachment_id=37696'><img loading=\"lazy\" decoding=\"async\" width=\"150\" height=\"150\" src=\"http:\/\/www.denkfried.de\/wp\/wp-content\/uploads\/2014\/04\/Berlin-Kreuzberg-Mahnmal-150x150.jpg\" class=\"attachment-thumbnail size-thumbnail\" alt=\"\" aria-describedby=\"gallery-1-37696\" \/><\/a>\n\t\t\t<\/dt>\n\t\t\t\t<dd class='wp-caption-text gallery-caption' id='gallery-1-37696'>\n\t\t\t\tMahnmal\n\t\t\t\t<\/dd><\/dl><dl class='gallery-item'>\n\t\t\t<dt class='gallery-icon portrait'>\n\t\t\t\t<a href='http:\/\/www.denkfried.de\/wp\/?attachment_id=37697'><img loading=\"lazy\" decoding=\"async\" width=\"150\" height=\"150\" src=\"http:\/\/www.denkfried.de\/wp\/wp-content\/uploads\/2014\/04\/Berlin-Kreuzberg-Mahnmal-1-150x150.jpg\" class=\"attachment-thumbnail size-thumbnail\" alt=\"\" aria-describedby=\"gallery-1-37697\" \/><\/a>\n\t\t\t<\/dt>\n\t\t\t\t<dd class='wp-caption-text gallery-caption' id='gallery-1-37697'>\n\t\t\t\tMahnmal\n\t\t\t\t<\/dd><\/dl><br style=\"clear: both\" \/>\n\t\t<\/div>\n\n<p class=\"bodytext\">Hier befand sich das fr\u00fche Konzentrationslager \u201eGutschow-Keller\u201d<\/p>\n<p class=\"bodytext\">Die Lebensmittelh\u00e4ndler Hermann und Paul Gutschow, denen auch der geggen\u00fcberliegende repr\u00e4sentative Gr\u00fcnderzeitbau Friedrichstra\u00dfe 17 geh\u00f6rte, stellten dem \u201eSA-Sturmbann III\/8&#8243; bereits 1932 Lager und Keller im zweiten Hof ihres Geb\u00e4udetraktes in der Friedrichstra\u00dfe 234 zur Verf\u00fcgung. Diese R\u00e4ume waren von M\u00e4rz bis Mai 1933 eines der ersten Berliner Konzentrationslager &#8211; von H\u00e4ftlingen auch \u201eBlutburg\u201d genannt. Hunderte Gewerkschafter, Kommunisten, Sozialdemokraten und Juden wurden in Wohnungen, Arbeitsst\u00e4tten und auf offener Stra\u00dfe ergriffen und hierher verschleppt. Es folgten oft tagelange Verh\u00f6re, Folter und Erniedrigungen. Durch die Lage dieser SA-Folterst\u00e4tte in einem gro\u00dfen Mietshaus wusste die Nachbarschafz von den Inhaftierungen und Misshandlungen, denn die Schreie der H\u00e4ftlinge waren bis auf die Stra\u00dfe zu h\u00f6ren.<\/p>\n<p class=\"bodytext\"><strong>Stolpersteine<\/strong><\/p>\n<p class=\"bodytext\">Im September 2000 wurde die Zahl der Stolpersteine mit 57 angegeben; Ende 2002 waren es in Kreuzberg bereits \u00fcber 230 und Ende 2012 \u00fcber 450. Im Jahr 2013 kamen 14 weitere Stolpersteine hinzu. Der am 19. November 2008 in der Johanniterstra\u00dfe verlegte Stein f\u00fcr Hermann Silberstein war der 2000. Stolperstein in Berlin.<\/p>\n<p class=\"bodytext\"><strong>Mahnmal am Columbiahaus<\/strong><\/p>\n<p class=\"bodytext\">An das KZ Columbia-Haus erinnert seit Dezember 1994 ein Mahnmal. Es befindet sich in der N\u00e4he des ehemaligen Lagergel\u00e4ndes an der Einm\u00fcndung der Gol\u00dfener Stra\u00dfe in den Columbiadamm im Ortsteil Kreuzberg. Das vom Bildhauer\u00a0Georg Seibert konzipierte st\u00e4hlerne Mahnmal bildet ein Haus mit Gef\u00e4ngniszellen nach.<\/p>\n<p class=\"bodytext\">Inschrift:<\/p>\n<p class=\"bodytext\"><strong>Erinnern, Gedenken, Mahnen. Das Columbia-Haus war ab 1933 Gef\u00e4ngnis und vom 8.1.1935 bis 5.11.1936 ein Konzentrationslager der Nationalsozialistischen Machthaber. Hier wurden Menschen gefangen gehalten, entw\u00fcrdigt, gefoltert gemordet.<\/strong><\/p>\n<p class=\"bodytext\">Quelle: <a href=\"http:\/\/de.wikipedia.org\/wiki\/Liste_der_Stolpersteine_in_Berlin-Kreuzberg\">Wikipedia.de<\/a><\/p>\n","protected":false},"excerpt":{"rendered":"<p>&nbsp; Berlin-Kreuzberg Opfer des Faschismus Bilder von Gerd 2014 Thomas Potsdamer-Ehrenmale.de Hier befand sich das fr\u00fche Konzentrationslager \u201eGutschow-Keller\u201d Die Lebensmittelh\u00e4ndler Hermann und Paul Gutschow, denen auch der geggen\u00fcberliegende repr\u00e4sentative Gr\u00fcnderzeitbau Friedrichstra\u00dfe 17 geh\u00f6rte, stellten dem \u201eSA-Sturmbann III\/8&#8243; bereits 1932 Lager &hellip; <a href=\"http:\/\/www.denkfried.de\/wp\/?page_id=34967\">Weiterlesen <span class=\"meta-nav\">&rarr;<\/span><\/a><\/p>\n","protected":false},"author":9,"featured_media":0,"parent":16063,"menu_order":0,"comment_status":"closed","ping_status":"open","template":"","meta":{"footnotes":""},"class_list":["post-34967","page","type-page","status-publish","hentry"],"_links":{"self":[{"href":"http:\/\/www.denkfried.de\/wp\/index.php?rest_route=\/wp\/v2\/pages\/34967","targetHints":{"allow":["GET"]}}],"collection":[{"href":"http:\/\/www.denkfried.de\/wp\/index.php?rest_route=\/wp\/v2\/pages"}],"about":[{"href":"http:\/\/www.denkfried.de\/wp\/index.php?rest_route=\/wp\/v2\/types\/page"}],"author":[{"embeddable":true,"href":"http:\/\/www.denkfried.de\/wp\/index.php?rest_route=\/wp\/v2\/users\/9"}],"replies":[{"embeddable":true,"href":"http:\/\/www.denkfried.de\/wp\/index.php?rest_route=%2Fwp%2Fv2%2Fcomments&post=34967"}],"version-history":[{"count":10,"href":"http:\/\/www.denkfried.de\/wp\/index.php?rest_route=\/wp\/v2\/pages\/34967\/revisions"}],"predecessor-version":[{"id":37726,"href":"http:\/\/www.denkfried.de\/wp\/index.php?rest_route=\/wp\/v2\/pages\/34967\/revisions\/37726"}],"up":[{"embeddable":true,"href":"http:\/\/www.denkfried.de\/wp\/index.php?rest_route=\/wp\/v2\/pages\/16063"}],"wp:attachment":[{"href":"http:\/\/www.denkfried.de\/wp\/index.php?rest_route=%2Fwp%2Fv2%2Fmedia&parent=34967"}],"curies":[{"name":"wp","href":"https:\/\/api.w.org\/{rel}","templated":true}]}}

<p>&nbsp;</p>
<p><strong>Berlin-Kreuzberg</strong> Opfer des Faschismus</p>
<p>Bilder von Gerd 2014</p>
<p>Thomas Potsdamer-Ehrenmale.de</p>
<div id='gallery-1' class='gallery galleryid-34967 gallery-columns-3 gallery-size-thumbnail'><dl class='gallery-item'>
			<dt class='gallery-icon portrait'>
				<a href='http://www.denkfried.de/wp/?attachment_id=34970'><img loading="lazy" decoding="async" width="150" height="150" src="http://www.denkfried.de/wp/wp-content/uploads/2014/04/Berlin-Kreuzberg-KZ-Gutschow-Keller-150x150.jpg" class="attachment-thumbnail size-thumbnail" alt="" aria-describedby="gallery-1-34970" /></a>
			</dt>
				<dd class='wp-caption-text gallery-caption' id='gallery-1-34970'>
				Gutschow-Keller 
				</dd></dl><dl class='gallery-item'>
			<dt class='gallery-icon landscape'>
				<a href='http://www.denkfried.de/wp/?attachment_id=34973'><img loading="lazy" decoding="async" width="150" height="150" src="http://www.denkfried.de/wp/wp-content/uploads/2014/04/Berlin-Kreuzberg-KZ-Gutschow-Keller-2-150x150.jpg" class="attachment-thumbnail size-thumbnail" alt="" aria-describedby="gallery-1-34973" /></a>
			</dt>
				<dd class='wp-caption-text gallery-caption' id='gallery-1-34973'>
				Gutschow-Keller 
				</dd></dl><dl class='gallery-item'>
			<dt class='gallery-icon landscape'>
				<a href='http://www.denkfried.de/wp/?attachment_id=34971'><img loading="lazy" decoding="async" width="150" height="150" src="http://www.denkfried.de/wp/wp-content/uploads/2014/04/Berlin-Kreuzberg-Stolpersteine-150x150.jpg" class="attachment-thumbnail size-thumbnail" alt="" aria-describedby="gallery-1-34971" /></a>
			</dt>
				<dd class='wp-caption-text gallery-caption' id='gallery-1-34971'>
				Stolpersteine
				</dd></dl><br style="clear: both" /><dl class='gallery-item'>
			<dt class='gallery-icon landscape'>
				<a href='http://www.denkfried.de/wp/?attachment_id=34972'><img loading="lazy" decoding="async" width="150" height="150" src="http://www.denkfried.de/wp/wp-content/uploads/2014/04/Berlin-Kreuzberg-Stolpersteine-2-150x150.jpg" class="attachment-thumbnail size-thumbnail" alt="" aria-describedby="gallery-1-34972" /></a>
			</dt>
				<dd class='wp-caption-text gallery-caption' id='gallery-1-34972'>
				Stolperstein
				</dd></dl><dl class='gallery-item'>
			<dt class='gallery-icon landscape'>
				<a href='http://www.denkfried.de/wp/?attachment_id=37696'><img loading="lazy" decoding="async" width="150" height="150" src="http://www.denkfried.de/wp/wp-content/uploads/2014/04/Berlin-Kreuzberg-Mahnmal-150x150.jpg" class="attachment-thumbnail size-thumbnail" alt="" aria-describedby="gallery-1-37696" /></a>
			</dt>
				<dd class='wp-caption-text gallery-caption' id='gallery-1-37696'>
				Mahnmal
				</dd></dl><dl class='gallery-item'>
			<dt class='gallery-icon portrait'>
				<a href='http://www.denkfried.de/wp/?attachment_id=37697'><img loading="lazy" decoding="async" width="150" height="150" src="http://www.denkfried.de/wp/wp-content/uploads/2014/04/Berlin-Kreuzberg-Mahnmal-1-150x150.jpg" class="attachment-thumbnail size-thumbnail" alt="" aria-describedby="gallery-1-37697" /></a>
			</dt>
				<dd class='wp-caption-text gallery-caption' id='gallery-1-37697'>
				Mahnmal
				</dd></dl><br style="clear: both" />
		</div>

<p class="bodytext">Hier befand sich das frühe Konzentrationslager „Gutschow-Keller”</p>
<p class="bodytext">Die Lebensmittelhändler Hermann und Paul Gutschow, denen auch der geggenüberliegende repräsentative Gründerzeitbau Friedrichstraße 17 gehörte, stellten dem „SA-Sturmbann III/8&#8243; bereits 1932 Lager und Keller im zweiten Hof ihres Gebäudetraktes in der Friedrichstraße 234 zur Verfügung. Diese Räume waren von März bis Mai 1933 eines der ersten Berliner Konzentrationslager &#8211; von Häftlingen auch „Blutburg” genannt. Hunderte Gewerkschafter, Kommunisten, Sozialdemokraten und Juden wurden in Wohnungen, Arbeitsstätten und auf offener Straße ergriffen und hierher verschleppt. Es folgten oft tagelange Verhöre, Folter und Erniedrigungen. Durch die Lage dieser SA-Folterstätte in einem großen Mietshaus wusste die Nachbarschafz von den Inhaftierungen und Misshandlungen, denn die Schreie der Häftlinge waren bis auf die Straße zu hören.</p>
<p class="bodytext"><strong>Stolpersteine</strong></p>
<p class="bodytext">Im September 2000 wurde die Zahl der Stolpersteine mit 57 angegeben; Ende 2002 waren es in Kreuzberg bereits über 230 und Ende 2012 über 450. Im Jahr 2013 kamen 14 weitere Stolpersteine hinzu. Der am 19. November 2008 in der Johanniterstraße verlegte Stein für Hermann Silberstein war der 2000. Stolperstein in Berlin.</p>
<p class="bodytext"><strong>Mahnmal am Columbiahaus</strong></p>
<p class="bodytext">An das KZ Columbia-Haus erinnert seit Dezember 1994 ein Mahnmal. Es befindet sich in der Nähe des ehemaligen Lagergeländes an der Einmündung der Golßener Straße in den Columbiadamm im Ortsteil Kreuzberg. Das vom Bildhauer Georg Seibert konzipierte stählerne Mahnmal bildet ein Haus mit Gefängniszellen nach.</p>
<p class="bodytext">Inschrift:</p>
<p class="bodytext"><strong>Erinnern, Gedenken, Mahnen. Das Columbia-Haus war ab 1933 Gefängnis und vom 8.1.1935 bis 5.11.1936 ein Konzentrationslager der Nationalsozialistischen Machthaber. Hier wurden Menschen gefangen gehalten, entwürdigt, gefoltert gemordet.</strong></p>
<p class="bodytext">Quelle: <a href="http://de.wikipedia.org/wiki/Liste_der_Stolpersteine_in_Berlin-Kreuzberg">Wikipedia.de</a></p>

<p>&nbsp; Berlin-Kreuzberg Opfer des Faschismus Bilder von Gerd 2014 Thomas Potsdamer-Ehrenmale.de Hier befand sich das frühe Konzentrationslager „Gutschow-Keller” Die Lebensmittelhändler Hermann und Paul Gutschow, denen auch der geggenüberliegende repräsentative Gründerzeitbau Friedrichstraße 17 gehörte, stellten dem „SA-Sturmbann III/8&#8243; bereits 1932 Lager &hellip; <a href="http://www.denkfried.de/wp/?page_id=34967">Weiterlesen <span class="meta-nav">&rarr;</span></a></p>
