{"id":3479,"date":"2011-04-16T22:30:49","date_gmt":"2011-04-16T20:30:49","guid":{"rendered":"http:\/\/www.denkfried.de\/wp\/?page_id=3479"},"modified":"2014-06-22T22:54:11","modified_gmt":"2014-06-22T20:54:11","slug":"dietenhofen-gotteldorf","status":"publish","type":"page","link":"http:\/\/www.denkfried.de\/wp\/?page_id=3479","title":{"rendered":"&#8211; G\u00f6tteldorf"},"content":{"rendered":"<p>&nbsp;<\/p>\n<p><span style=\"text-decoration: underline; color: #000000;\">90599 Dietenhofen &#8211; <strong>OT G\u00f6tteldorf<\/strong><\/span><\/p>\n<p>Auf dem kleinen Ortsfriedhof findet man ein Soldatengrab mit einem Holzkreuz. Auf dem Grabzeichen ist der Dienstgrad, Name, Geburtsort und das Gefallenendatum angegeben. Beim Besuch des Friedhofs sprechen wir eine Frau an wegen dem Grab, sie erz\u00e4hlt das Grab sollte schon umgebettet werden, die Leute am Ort weigerten sich, wir pflegen das Grab schon so lange, wir pflegen es weiter.<\/p>\n<p>Beitrag u.Foto von Hubert M.<\/p>\n<p><strong>Schnell, Hermann<\/strong> &#8211; Oberj\u00e4ger &#8211;<\/p>\n<p>geboren:\u00a0 05.05.1920 in Wagrain<br \/>\ngestorben: 16.04.1945<\/p>\n<p><a href=\"http:\/\/www.denkfried.de\/wp\/?attachment_id=3480\" rel=\"attachment wp-att-3480\"><img loading=\"lazy\" decoding=\"async\" class=\"alignleft size-medium wp-image-3480\" title=\"Kriegsgr\u00e4berst\u00e4tte Dietenhofen OT.G\u00f6tteldorf 01\" src=\"http:\/\/www.denkfried.de\/wp\/wp-content\/uploads\/2011\/04\/Kriegsgr\u00e4berst\u00e4tte-Dietenhofen-OT.G\u00f6tteldorf-01-203x300.jpg\" alt=\"\" width=\"203\" height=\"300\" srcset=\"http:\/\/www.denkfried.de\/wp\/wp-content\/uploads\/2011\/04\/Kriegsgr\u00e4berst\u00e4tte-Dietenhofen-OT.G\u00f6tteldorf-01-203x300.jpg 203w, http:\/\/www.denkfried.de\/wp\/wp-content\/uploads\/2011\/04\/Kriegsgr\u00e4berst\u00e4tte-Dietenhofen-OT.G\u00f6tteldorf-01.jpg 488w\" sizes=\"auto, (max-width: 203px) 100vw, 203px\" \/><\/a><\/p>\n<p>&nbsp;<\/p>\n<p>&nbsp;<\/p>\n<p>&nbsp;<\/p>\n<p>&nbsp;<\/p>\n<p>&nbsp;<\/p>\n<p><strong>Name in die Datenbank eingetragen.<\/strong><\/p>\n<p>&nbsp;<\/p>\n<p>An der Friedhofsmauer ist eine Sandsteinplatte eingelassen.<\/p>\n<h3 style=\"padding-left: 60px;\"><em>Die Dankbare Gemeinde G\u00f6tteldorf<\/em><\/h3>\n<p>Darauf stehen die Namen von 5 Gefallenen des Ersten Weltkrieges.<\/p>\n<p><a href=\"http:\/\/www.denkfried.de\/wp\/?attachment_id=35624\" rel=\"attachment wp-att-35624\"><img loading=\"lazy\" decoding=\"async\" class=\"aligncenter size-medium wp-image-35624\" src=\"http:\/\/www.denkfried.de\/wp\/wp-content\/uploads\/2011\/04\/Kriegerdenkmal-Ditenhofen-O.T.G\u00f6tteldorf-1.W.K.-01-300x200.jpg\" alt=\"Kriegerdenkmal Ditenhofen O.T.G\u00f6tteldorf  1.W.K. 01\" width=\"300\" height=\"200\" srcset=\"http:\/\/www.denkfried.de\/wp\/wp-content\/uploads\/2011\/04\/Kriegerdenkmal-Ditenhofen-O.T.G\u00f6tteldorf-1.W.K.-01-300x200.jpg 300w, http:\/\/www.denkfried.de\/wp\/wp-content\/uploads\/2011\/04\/Kriegerdenkmal-Ditenhofen-O.T.G\u00f6tteldorf-1.W.K.-01.jpg 720w\" sizes=\"auto, (max-width: 300px) 100vw, 300px\" \/><\/a><\/p>\n<p>&nbsp;<\/p>\n","protected":false},"excerpt":{"rendered":"<p>&nbsp; 90599 Dietenhofen &#8211; OT G\u00f6tteldorf Auf dem kleinen Ortsfriedhof findet man ein Soldatengrab mit einem Holzkreuz. Auf dem Grabzeichen ist der Dienstgrad, Name, Geburtsort und das Gefallenendatum angegeben. Beim Besuch des Friedhofs sprechen wir eine Frau an wegen dem &hellip; <a href=\"http:\/\/www.denkfried.de\/wp\/?page_id=3479\">Weiterlesen <span class=\"meta-nav\">&rarr;<\/span><\/a><\/p>\n","protected":false},"author":2,"featured_media":0,"parent":3469,"menu_order":0,"comment_status":"closed","ping_status":"open","template":"","meta":{"footnotes":""},"class_list":["post-3479","page","type-page","status-publish","hentry"],"_links":{"self":[{"href":"http:\/\/www.denkfried.de\/wp\/index.php?rest_route=\/wp\/v2\/pages\/3479","targetHints":{"allow":["GET"]}}],"collection":[{"href":"http:\/\/www.denkfried.de\/wp\/index.php?rest_route=\/wp\/v2\/pages"}],"about":[{"href":"http:\/\/www.denkfried.de\/wp\/index.php?rest_route=\/wp\/v2\/types\/page"}],"author":[{"embeddable":true,"href":"http:\/\/www.denkfried.de\/wp\/index.php?rest_route=\/wp\/v2\/users\/2"}],"replies":[{"embeddable":true,"href":"http:\/\/www.denkfried.de\/wp\/index.php?rest_route=%2Fwp%2Fv2%2Fcomments&post=3479"}],"version-history":[{"count":9,"href":"http:\/\/www.denkfried.de\/wp\/index.php?rest_route=\/wp\/v2\/pages\/3479\/revisions"}],"predecessor-version":[{"id":35627,"href":"http:\/\/www.denkfried.de\/wp\/index.php?rest_route=\/wp\/v2\/pages\/3479\/revisions\/35627"}],"up":[{"embeddable":true,"href":"http:\/\/www.denkfried.de\/wp\/index.php?rest_route=\/wp\/v2\/pages\/3469"}],"wp:attachment":[{"href":"http:\/\/www.denkfried.de\/wp\/index.php?rest_route=%2Fwp%2Fv2%2Fmedia&parent=3479"}],"curies":[{"name":"wp","href":"https:\/\/api.w.org\/{rel}","templated":true}]}}

&#8211; Götteldorf

<p>&nbsp;</p>
<p><span style="text-decoration: underline; color: #000000;">90599 Dietenhofen &#8211; <strong>OT Götteldorf</strong></span></p>
<p>Auf dem kleinen Ortsfriedhof findet man ein Soldatengrab mit einem Holzkreuz. Auf dem Grabzeichen ist der Dienstgrad, Name, Geburtsort und das Gefallenendatum angegeben. Beim Besuch des Friedhofs sprechen wir eine Frau an wegen dem Grab, sie erzählt das Grab sollte schon umgebettet werden, die Leute am Ort weigerten sich, wir pflegen das Grab schon so lange, wir pflegen es weiter.</p>
<p>Beitrag u.Foto von Hubert M.</p>
<p><strong>Schnell, Hermann</strong> &#8211; Oberjäger &#8211;</p>
<p>geboren:  05.05.1920 in Wagrain<br />
gestorben: 16.04.1945</p>
<p><a href="http://www.denkfried.de/wp/?attachment_id=3480" rel="attachment wp-att-3480"><img loading="lazy" decoding="async" class="alignleft size-medium wp-image-3480" title="Kriegsgräberstätte Dietenhofen OT.Götteldorf 01" src="http://www.denkfried.de/wp/wp-content/uploads/2011/04/Kriegsgräberstätte-Dietenhofen-OT.Götteldorf-01-203x300.jpg" alt="" width="203" height="300" srcset="http://www.denkfried.de/wp/wp-content/uploads/2011/04/Kriegsgräberstätte-Dietenhofen-OT.Götteldorf-01-203x300.jpg 203w, http://www.denkfried.de/wp/wp-content/uploads/2011/04/Kriegsgräberstätte-Dietenhofen-OT.Götteldorf-01.jpg 488w" sizes="auto, (max-width: 203px) 100vw, 203px" /></a></p>
<p>&nbsp;</p>
<p>&nbsp;</p>
<p>&nbsp;</p>
<p>&nbsp;</p>
<p>&nbsp;</p>
<p><strong>Name in die Datenbank eingetragen.</strong></p>
<p>&nbsp;</p>
<p>An der Friedhofsmauer ist eine Sandsteinplatte eingelassen.</p>
<h3 style="padding-left: 60px;"><em>Die Dankbare Gemeinde Götteldorf</em></h3>
<p>Darauf stehen die Namen von 5 Gefallenen des Ersten Weltkrieges.</p>
<p><a href="http://www.denkfried.de/wp/?attachment_id=35624" rel="attachment wp-att-35624"><img loading="lazy" decoding="async" class="aligncenter size-medium wp-image-35624" src="http://www.denkfried.de/wp/wp-content/uploads/2011/04/Kriegerdenkmal-Ditenhofen-O.T.Götteldorf-1.W.K.-01-300x200.jpg" alt="Kriegerdenkmal Ditenhofen O.T.Götteldorf  1.W.K. 01" width="300" height="200" srcset="http://www.denkfried.de/wp/wp-content/uploads/2011/04/Kriegerdenkmal-Ditenhofen-O.T.Götteldorf-1.W.K.-01-300x200.jpg 300w, http://www.denkfried.de/wp/wp-content/uploads/2011/04/Kriegerdenkmal-Ditenhofen-O.T.Götteldorf-1.W.K.-01.jpg 720w" sizes="auto, (max-width: 300px) 100vw, 300px" /></a></p>
<p>&nbsp;</p>

<p>&nbsp; 90599 Dietenhofen &#8211; OT Götteldorf Auf dem kleinen Ortsfriedhof findet man ein Soldatengrab mit einem Holzkreuz. Auf dem Grabzeichen ist der Dienstgrad, Name, Geburtsort und das Gefallenendatum angegeben. Beim Besuch des Friedhofs sprechen wir eine Frau an wegen dem &hellip; <a href="http://www.denkfried.de/wp/?page_id=3479">Weiterlesen <span class="meta-nav">&rarr;</span></a></p>
