{"id":34353,"date":"2014-02-21T10:03:21","date_gmt":"2014-02-21T09:03:21","guid":{"rendered":"http:\/\/www.denkfried.de\/wp\/?page_id=34353"},"modified":"2014-02-21T10:13:08","modified_gmt":"2014-02-21T09:13:08","slug":"friedrichshain-volkspark","status":"publish","type":"page","link":"http:\/\/www.denkfried.de\/wp\/?page_id=34353","title":{"rendered":"Friedrichshain Volkspark"},"content":{"rendered":"<p>&nbsp;<\/p>\n<p><strong>Berlin-Friedrichshain<\/strong><\/p>\n<p>Der <b>Volkspark Friedrichshain<\/b> ist ein Erholungsgebiet im Berliner Ortsteil Friedrichshain. Er entstand 1846 als erste kommunale Gr\u00fcnanlage Berlins. Er grenzt im Norden an das B\u00f6tzowviertel im Ortsteil Prenzlauer Berg.<\/p>\n<div id='gallery-1' class='gallery galleryid-34353 gallery-columns-4 gallery-size-thumbnail'><dl class='gallery-item'>\n\t\t\t<dt class='gallery-icon landscape'>\n\t\t\t\t<a href='http:\/\/www.denkfried.de\/wp\/?attachment_id=34363'><img loading=\"lazy\" decoding=\"async\" width=\"150\" height=\"150\" src=\"http:\/\/www.denkfried.de\/wp\/wp-content\/uploads\/2014\/02\/Berlin-Friedrichshain-Denkmal-Polen-und-Antifaschisten-4-150x150.jpg\" class=\"attachment-thumbnail size-thumbnail\" alt=\"\" \/><\/a>\n\t\t\t<\/dt><\/dl><dl class='gallery-item'>\n\t\t\t<dt class='gallery-icon landscape'>\n\t\t\t\t<a href='http:\/\/www.denkfried.de\/wp\/?attachment_id=34358'><img loading=\"lazy\" decoding=\"async\" width=\"150\" height=\"150\" src=\"http:\/\/www.denkfried.de\/wp\/wp-content\/uploads\/2014\/02\/Berlin-Friedrichshain-Denkmal-Polen-und-Antifaschisten-3-150x150.jpg\" class=\"attachment-thumbnail size-thumbnail\" alt=\"\" \/><\/a>\n\t\t\t<\/dt><\/dl><dl class='gallery-item'>\n\t\t\t<dt class='gallery-icon landscape'>\n\t\t\t\t<a href='http:\/\/www.denkfried.de\/wp\/?attachment_id=34357'><img loading=\"lazy\" decoding=\"async\" width=\"150\" height=\"150\" src=\"http:\/\/www.denkfried.de\/wp\/wp-content\/uploads\/2014\/02\/Berlin-Friedrichshain-Denkmal-Polen-und-Antifaschisten-2-150x150.jpg\" class=\"attachment-thumbnail size-thumbnail\" alt=\"\" \/><\/a>\n\t\t\t<\/dt><\/dl><dl class='gallery-item'>\n\t\t\t<dt class='gallery-icon landscape'>\n\t\t\t\t<a href='http:\/\/www.denkfried.de\/wp\/?attachment_id=34364'><img loading=\"lazy\" decoding=\"async\" width=\"150\" height=\"150\" src=\"http:\/\/www.denkfried.de\/wp\/wp-content\/uploads\/2014\/02\/Berlin-Friedrichshain-Friedhof-M\u00e4rzgefallene-150x150.jpg\" class=\"attachment-thumbnail size-thumbnail\" alt=\"\" \/><\/a>\n\t\t\t<\/dt><\/dl><br style=\"clear: both\" \/><dl class='gallery-item'>\n\t\t\t<dt class='gallery-icon landscape'>\n\t\t\t\t<a href='http:\/\/www.denkfried.de\/wp\/?attachment_id=34362'><img loading=\"lazy\" decoding=\"async\" width=\"150\" height=\"150\" src=\"http:\/\/www.denkfried.de\/wp\/wp-content\/uploads\/2014\/02\/Berlin-Friedrichshain-Friedhof-M\u00e4rzgefallene-3-150x150.jpg\" class=\"attachment-thumbnail size-thumbnail\" alt=\"\" \/><\/a>\n\t\t\t<\/dt><\/dl><dl class='gallery-item'>\n\t\t\t<dt class='gallery-icon landscape'>\n\t\t\t\t<a href='http:\/\/www.denkfried.de\/wp\/?attachment_id=34359'><img loading=\"lazy\" decoding=\"async\" width=\"150\" height=\"150\" src=\"http:\/\/www.denkfried.de\/wp\/wp-content\/uploads\/2014\/02\/Berlin-Friedrichshain-Friedhof-M\u00e4rzgefallene-7-150x150.jpg\" class=\"attachment-thumbnail size-thumbnail\" alt=\"\" \/><\/a>\n\t\t\t<\/dt><\/dl><dl class='gallery-item'>\n\t\t\t<dt class='gallery-icon landscape'>\n\t\t\t\t<a href='http:\/\/www.denkfried.de\/wp\/?attachment_id=34361'><img loading=\"lazy\" decoding=\"async\" width=\"150\" height=\"150\" src=\"http:\/\/www.denkfried.de\/wp\/wp-content\/uploads\/2014\/02\/Weltfriedensglocke-5-150x150.jpg\" class=\"attachment-thumbnail size-thumbnail\" alt=\"\" \/><\/a>\n\t\t\t<\/dt><\/dl><dl class='gallery-item'>\n\t\t\t<dt class='gallery-icon landscape'>\n\t\t\t\t<a href='http:\/\/www.denkfried.de\/wp\/?attachment_id=34360'><img loading=\"lazy\" decoding=\"async\" width=\"150\" height=\"150\" src=\"http:\/\/www.denkfried.de\/wp\/wp-content\/uploads\/2014\/02\/Weltfriedensglocke-3-150x150.jpg\" class=\"attachment-thumbnail size-thumbnail\" alt=\"\" \/><\/a>\n\t\t\t<\/dt><\/dl><br style=\"clear: both\" \/>\n\t\t<\/div>\n\n<p><span style=\"text-decoration: underline;\"><strong>Denkmal f\u00fcr Polnische Soldaten und Antifaschisten<\/strong><\/span><\/p>\n<p>Diese &#8222;Besetzung des \u00f6ffentlichen Raumes mit Ideologietr\u00e4gern&#8220; wurde fortgesetzt mit dem Denkmal des polnischen Soldaten und deutschen Antifaschisten im 2. Weltkrieg, 1972 von einem deutsch-polnischen K\u00fcnstlerkollektiv, den Bildhauern Tadeusz Lodzian, Zofia Wolska, Arnd Wittig und G\u00fcnter Mertel, geschaffen. (33) Es befindet sich im nord\u00f6stlichsten Zipfel des Parks an der Virchowstra\u00dfe\/Ecke Margarete-Sommer-Stra\u00dfe auf einer leichten Erhebung und ist &#8211; auf Weitsicht hin konzipiert &#8211; von den Wohnh\u00e4usern in der Kniprode Stra\u00dfe gut zu sehen. Im Mittelpunkt einer Treppenanlage stehen ein zweiteiliger, von einer wehenden Fahne aus Bronze umschlungener Pylon aus Beton sowie ein an der Ostseite des Plateaus angebrachtes Relief, die w\u00f6rtliche Darstellung der Waffenbr\u00fcderschaft zwischen einem Rotarmisten, einem polnischen Soldaten und einem deutschen Widerstandsk\u00e4mpfer im Schulterschlu\u00df und eine Inschrift &#8222;Za nasza i wasza wolnosc &#8211; f\u00fcr eure und unsere Freiheit&#8220;. Das Denkmal ist gepr\u00e4gt von einer politischen Absicht, die einen einseitig interpretierten Antifaschismus zur Grundlage einer in der Realit\u00e4t kaum sp\u00fcrbaren, aber ideologisch gewollten deutsch-polnischen Freundschaft machen wollte.<\/p>\n<p><span style=\"text-decoration: underline;\"><strong>M\u00e4rzgefallene<\/strong><\/span><\/p>\n<p>Der Friedhof der M\u00e4rzgefallenen ist der bedeutendste Erinnerungsort der Revolution von 1848 im ehemaligen Preu\u00dfen. Aber er spielt im \u00f6ffentlichen Bewusstsein bisher nicht die ihm geb\u00fchrende Rolle. Das wollen wir \u00e4ndern. Schlie\u00dflich ist der Friedhof ein Juwel der europ\u00e4ischen, deutschen und Berliner Demokratiegeschichte.<\/p>\n<p>Mehr auf:<a href=\"http:\/\/www.friedhof-der-maerzgefallenen.de\/start\">Friedhof der M\u00e4rzgefallenen.de<\/a><\/p>\n<p><span style=\"text-decoration: underline;\"><strong>Weltfriedendsglocke<\/strong><\/span><\/p>\n<p>Die <b>Weltfriedensglocke<\/b> im Berliner Volkspark Friedrichshain wurde 1989 auf Initiative der japanischen <i>World Peace Bell Association<\/i> aufgestellt. Die Einweihung des Glockentempels fand am 1.\u00a0September 1989, dem 50. Jahrestag des Beginns des Zweiten Weltkrieges, statt. Einen Tag sp\u00e4ter wurde auch in Warschau eine gleiche Glocke eingeweiht, um der Kriegsopfer zu gedenken.<\/p>\n<p>Jeweils am 6.\u00a0August, dem Jahrestag des Atombombenabwurfes auf Hiroshima, finden an der Berliner Weltfriedensglocke Gedenkveranstaltungen und Kranzniederlegungen statt.<\/p>\n","protected":false},"excerpt":{"rendered":"<p>&nbsp; Berlin-Friedrichshain Der Volkspark Friedrichshain ist ein Erholungsgebiet im Berliner Ortsteil Friedrichshain. Er entstand 1846 als erste kommunale Gr\u00fcnanlage Berlins. Er grenzt im Norden an das B\u00f6tzowviertel im Ortsteil Prenzlauer Berg. Denkmal f\u00fcr Polnische Soldaten und Antifaschisten Diese &#8222;Besetzung des &hellip; <a href=\"http:\/\/www.denkfried.de\/wp\/?page_id=34353\">Weiterlesen <span class=\"meta-nav\">&rarr;<\/span><\/a><\/p>\n","protected":false},"author":9,"featured_media":0,"parent":16075,"menu_order":0,"comment_status":"closed","ping_status":"open","template":"","meta":{"footnotes":""},"class_list":["post-34353","page","type-page","status-publish","hentry"],"_links":{"self":[{"href":"http:\/\/www.denkfried.de\/wp\/index.php?rest_route=\/wp\/v2\/pages\/34353","targetHints":{"allow":["GET"]}}],"collection":[{"href":"http:\/\/www.denkfried.de\/wp\/index.php?rest_route=\/wp\/v2\/pages"}],"about":[{"href":"http:\/\/www.denkfried.de\/wp\/index.php?rest_route=\/wp\/v2\/types\/page"}],"author":[{"embeddable":true,"href":"http:\/\/www.denkfried.de\/wp\/index.php?rest_route=\/wp\/v2\/users\/9"}],"replies":[{"embeddable":true,"href":"http:\/\/www.denkfried.de\/wp\/index.php?rest_route=%2Fwp%2Fv2%2Fcomments&post=34353"}],"version-history":[{"count":7,"href":"http:\/\/www.denkfried.de\/wp\/index.php?rest_route=\/wp\/v2\/pages\/34353\/revisions"}],"predecessor-version":[{"id":34368,"href":"http:\/\/www.denkfried.de\/wp\/index.php?rest_route=\/wp\/v2\/pages\/34353\/revisions\/34368"}],"up":[{"embeddable":true,"href":"http:\/\/www.denkfried.de\/wp\/index.php?rest_route=\/wp\/v2\/pages\/16075"}],"wp:attachment":[{"href":"http:\/\/www.denkfried.de\/wp\/index.php?rest_route=%2Fwp%2Fv2%2Fmedia&parent=34353"}],"curies":[{"name":"wp","href":"https:\/\/api.w.org\/{rel}","templated":true}]}}

<p>&nbsp;</p>
<p><strong>Berlin-Friedrichshain</strong></p>
<p>Der <b>Volkspark Friedrichshain</b> ist ein Erholungsgebiet im Berliner Ortsteil Friedrichshain. Er entstand 1846 als erste kommunale Grünanlage Berlins. Er grenzt im Norden an das Bötzowviertel im Ortsteil Prenzlauer Berg.</p>
<div id='gallery-1' class='gallery galleryid-34353 gallery-columns-4 gallery-size-thumbnail'><dl class='gallery-item'>
			<dt class='gallery-icon landscape'>
				<a href='http://www.denkfried.de/wp/?attachment_id=34363'><img loading="lazy" decoding="async" width="150" height="150" src="http://www.denkfried.de/wp/wp-content/uploads/2014/02/Berlin-Friedrichshain-Denkmal-Polen-und-Antifaschisten-4-150x150.jpg" class="attachment-thumbnail size-thumbnail" alt="" /></a>
			</dt></dl><dl class='gallery-item'>
			<dt class='gallery-icon landscape'>
				<a href='http://www.denkfried.de/wp/?attachment_id=34358'><img loading="lazy" decoding="async" width="150" height="150" src="http://www.denkfried.de/wp/wp-content/uploads/2014/02/Berlin-Friedrichshain-Denkmal-Polen-und-Antifaschisten-3-150x150.jpg" class="attachment-thumbnail size-thumbnail" alt="" /></a>
			</dt></dl><dl class='gallery-item'>
			<dt class='gallery-icon landscape'>
				<a href='http://www.denkfried.de/wp/?attachment_id=34357'><img loading="lazy" decoding="async" width="150" height="150" src="http://www.denkfried.de/wp/wp-content/uploads/2014/02/Berlin-Friedrichshain-Denkmal-Polen-und-Antifaschisten-2-150x150.jpg" class="attachment-thumbnail size-thumbnail" alt="" /></a>
			</dt></dl><dl class='gallery-item'>
			<dt class='gallery-icon landscape'>
				<a href='http://www.denkfried.de/wp/?attachment_id=34364'><img loading="lazy" decoding="async" width="150" height="150" src="http://www.denkfried.de/wp/wp-content/uploads/2014/02/Berlin-Friedrichshain-Friedhof-Märzgefallene-150x150.jpg" class="attachment-thumbnail size-thumbnail" alt="" /></a>
			</dt></dl><br style="clear: both" /><dl class='gallery-item'>
			<dt class='gallery-icon landscape'>
				<a href='http://www.denkfried.de/wp/?attachment_id=34362'><img loading="lazy" decoding="async" width="150" height="150" src="http://www.denkfried.de/wp/wp-content/uploads/2014/02/Berlin-Friedrichshain-Friedhof-Märzgefallene-3-150x150.jpg" class="attachment-thumbnail size-thumbnail" alt="" /></a>
			</dt></dl><dl class='gallery-item'>
			<dt class='gallery-icon landscape'>
				<a href='http://www.denkfried.de/wp/?attachment_id=34359'><img loading="lazy" decoding="async" width="150" height="150" src="http://www.denkfried.de/wp/wp-content/uploads/2014/02/Berlin-Friedrichshain-Friedhof-Märzgefallene-7-150x150.jpg" class="attachment-thumbnail size-thumbnail" alt="" /></a>
			</dt></dl><dl class='gallery-item'>
			<dt class='gallery-icon landscape'>
				<a href='http://www.denkfried.de/wp/?attachment_id=34361'><img loading="lazy" decoding="async" width="150" height="150" src="http://www.denkfried.de/wp/wp-content/uploads/2014/02/Weltfriedensglocke-5-150x150.jpg" class="attachment-thumbnail size-thumbnail" alt="" /></a>
			</dt></dl><dl class='gallery-item'>
			<dt class='gallery-icon landscape'>
				<a href='http://www.denkfried.de/wp/?attachment_id=34360'><img loading="lazy" decoding="async" width="150" height="150" src="http://www.denkfried.de/wp/wp-content/uploads/2014/02/Weltfriedensglocke-3-150x150.jpg" class="attachment-thumbnail size-thumbnail" alt="" /></a>
			</dt></dl><br style="clear: both" />
		</div>

<p><span style="text-decoration: underline;"><strong>Denkmal für Polnische Soldaten und Antifaschisten</strong></span></p>
<p>Diese &#8222;Besetzung des öffentlichen Raumes mit Ideologieträgern&#8220; wurde fortgesetzt mit dem Denkmal des polnischen Soldaten und deutschen Antifaschisten im 2. Weltkrieg, 1972 von einem deutsch-polnischen Künstlerkollektiv, den Bildhauern Tadeusz Lodzian, Zofia Wolska, Arnd Wittig und Günter Mertel, geschaffen. (33) Es befindet sich im nordöstlichsten Zipfel des Parks an der Virchowstraße/Ecke Margarete-Sommer-Straße auf einer leichten Erhebung und ist &#8211; auf Weitsicht hin konzipiert &#8211; von den Wohnhäusern in der Kniprode Straße gut zu sehen. Im Mittelpunkt einer Treppenanlage stehen ein zweiteiliger, von einer wehenden Fahne aus Bronze umschlungener Pylon aus Beton sowie ein an der Ostseite des Plateaus angebrachtes Relief, die wörtliche Darstellung der Waffenbrüderschaft zwischen einem Rotarmisten, einem polnischen Soldaten und einem deutschen Widerstandskämpfer im Schulterschluß und eine Inschrift &#8222;Za nasza i wasza wolnosc &#8211; für eure und unsere Freiheit&#8220;. Das Denkmal ist geprägt von einer politischen Absicht, die einen einseitig interpretierten Antifaschismus zur Grundlage einer in der Realität kaum spürbaren, aber ideologisch gewollten deutsch-polnischen Freundschaft machen wollte.</p>
<p><span style="text-decoration: underline;"><strong>Märzgefallene</strong></span></p>
<p>Der Friedhof der Märzgefallenen ist der bedeutendste Erinnerungsort der Revolution von 1848 im ehemaligen Preußen. Aber er spielt im öffentlichen Bewusstsein bisher nicht die ihm gebührende Rolle. Das wollen wir ändern. Schließlich ist der Friedhof ein Juwel der europäischen, deutschen und Berliner Demokratiegeschichte.</p>
<p>Mehr auf:<a href="http://www.friedhof-der-maerzgefallenen.de/start">Friedhof der Märzgefallenen.de</a></p>
<p><span style="text-decoration: underline;"><strong>Weltfriedendsglocke</strong></span></p>
<p>Die <b>Weltfriedensglocke</b> im Berliner Volkspark Friedrichshain wurde 1989 auf Initiative der japanischen <i>World Peace Bell Association</i> aufgestellt. Die Einweihung des Glockentempels fand am 1. September 1989, dem 50. Jahrestag des Beginns des Zweiten Weltkrieges, statt. Einen Tag später wurde auch in Warschau eine gleiche Glocke eingeweiht, um der Kriegsopfer zu gedenken.</p>
<p>Jeweils am 6. August, dem Jahrestag des Atombombenabwurfes auf Hiroshima, finden an der Berliner Weltfriedensglocke Gedenkveranstaltungen und Kranzniederlegungen statt.</p>

<p>&nbsp; Berlin-Friedrichshain Der Volkspark Friedrichshain ist ein Erholungsgebiet im Berliner Ortsteil Friedrichshain. Er entstand 1846 als erste kommunale Grünanlage Berlins. Er grenzt im Norden an das Bötzowviertel im Ortsteil Prenzlauer Berg. Denkmal für Polnische Soldaten und Antifaschisten Diese &#8222;Besetzung des &hellip; <a href="http://www.denkfried.de/wp/?page_id=34353">Weiterlesen <span class="meta-nav">&rarr;</span></a></p>
