{"id":33380,"date":"2013-10-13T19:45:20","date_gmt":"2013-10-13T17:45:20","guid":{"rendered":"http:\/\/www.denkfried.de\/wp\/?page_id=33380"},"modified":"2013-10-13T19:55:26","modified_gmt":"2013-10-13T17:55:26","slug":"sowj-kgst","status":"publish","type":"page","link":"http:\/\/www.denkfried.de\/wp\/?page_id=33380","title":{"rendered":"Sowj. KGST"},"content":{"rendered":"<p>&nbsp;<\/p>\n<p><strong>Treuenbrietzen<\/strong> Sowjetische Kriegsgr\u00e4berst\u00e4tte<\/p>\n<p>Bilder von R\u00fcdiger D. 2013<\/p>\n<div id='gallery-1' class='gallery galleryid-33380 gallery-columns-4 gallery-size-thumbnail'><dl class='gallery-item'>\n\t\t\t<dt class='gallery-icon landscape'>\n\t\t\t\t<a href='http:\/\/www.denkfried.de\/wp\/?attachment_id=33384'><img loading=\"lazy\" decoding=\"async\" width=\"150\" height=\"150\" src=\"http:\/\/www.denkfried.de\/wp\/wp-content\/uploads\/2013\/10\/Treuenbrietzen-Sowjetische-Kriegsgr\u00e4ber-2-150x150.jpg\" class=\"attachment-thumbnail size-thumbnail\" alt=\"\" \/><\/a>\n\t\t\t<\/dt><\/dl><dl class='gallery-item'>\n\t\t\t<dt class='gallery-icon landscape'>\n\t\t\t\t<a href='http:\/\/www.denkfried.de\/wp\/?attachment_id=33382'><img loading=\"lazy\" decoding=\"async\" width=\"150\" height=\"150\" src=\"http:\/\/www.denkfried.de\/wp\/wp-content\/uploads\/2013\/10\/Treuenbrietzen-Sowjetische-Kriegsgr\u00e4ber-150x150.jpg\" class=\"attachment-thumbnail size-thumbnail\" alt=\"\" \/><\/a>\n\t\t\t<\/dt><\/dl><dl class='gallery-item'>\n\t\t\t<dt class='gallery-icon landscape'>\n\t\t\t\t<a href='http:\/\/www.denkfried.de\/wp\/?attachment_id=33385'><img loading=\"lazy\" decoding=\"async\" width=\"150\" height=\"150\" src=\"http:\/\/www.denkfried.de\/wp\/wp-content\/uploads\/2013\/10\/Treuenbrietzen-Sowjetische-Kriegsgr\u00e4ber-3-150x150.jpg\" class=\"attachment-thumbnail size-thumbnail\" alt=\"\" \/><\/a>\n\t\t\t<\/dt><\/dl><dl class='gallery-item'>\n\t\t\t<dt class='gallery-icon landscape'>\n\t\t\t\t<a href='http:\/\/www.denkfried.de\/wp\/?attachment_id=33386'><img loading=\"lazy\" decoding=\"async\" width=\"150\" height=\"150\" src=\"http:\/\/www.denkfried.de\/wp\/wp-content\/uploads\/2013\/10\/Treuenbrietzen-Sowjetische-Kriegsgr\u00e4ber-4-150x150.jpg\" class=\"attachment-thumbnail size-thumbnail\" alt=\"\" \/><\/a>\n\t\t\t<\/dt><\/dl><br style=\"clear: both\" \/>\n\t\t<\/div>\n\n<p>Vor der Gedenkanlage der im ersten weltkrieg gebliebenen Treuenbrietzner, befindet sich die Kriegsgr\u00e4berst\u00e4tte f\u00fcr die Sowjetischen Kriegstoten. Im hinteren Teil befinden sich zwei Gedenksteine.<\/p>\n<address style=\"text-align: center;\"><em><strong>Der Ruhm der Helden<\/strong><\/em><\/address>\n<address style=\"text-align: center;\"><em><strong>die in den K\u00e4mpfen<\/strong><\/em><\/address>\n<address style=\"text-align: center;\"><em><strong>f\u00fcr die sozialistische Heimat<\/strong><\/em><\/address>\n<address style=\"text-align: center;\"><em><strong>Gefallen sind<\/strong><\/em><\/address>\n<address style=\"text-align: center;\"><em><strong>wird nicht Verblassen<\/strong><\/em><\/address>\n<address style=\"text-align: center;\"><em><strong>und \u00fcber die Jahrhunderte<\/strong><\/em><\/address>\n<address style=\"text-align: center;\"><em><strong>wird ihr Heldentum Leben<\/strong><\/em><\/address>\n<address style=\"text-align: center;\"><em><strong>in den Herzen von<\/strong><\/em><\/address>\n<address style=\"text-align: center;\"><em><strong>Millionen werkt\u00e4tigen Massen.<\/strong><\/em><\/address>\n<address style=\"text-align: center;\">\u00a0<\/address>\n<p>Inschrift einer Gedenktafel:<\/p>\n<address><em><strong>Ewiger Ruhm!<\/strong><\/em><\/address>\n<address><em><strong>Held der Sowjetunion<\/strong><\/em><\/address>\n<address><em><strong>Oberst N.P. Djakin gefallen am 25.04.1945<\/strong><\/em><\/address>\n<address>\u00a0<\/address>\n<address><em><strong>Held der Sowjetunion<\/strong><\/em><\/address>\n<address><em><strong>Oberleutnant F.I. Schartschinski gefallen 21.04.1945<\/strong><\/em><\/address>\n<address><em><strong>bei der Befreiung der Stadt vom Faschismus.<\/strong><\/em><\/address>\n<address>\u00a0<\/address>\n<p>\u00a0Es befinden sich auch Gedenkstelen mit Namen in kyrillisch.<\/p>\n<p>Die Namen auf den Gr\u00e4bern sind stark verwittert.<\/p>\n","protected":false},"excerpt":{"rendered":"<p>&nbsp; Treuenbrietzen Sowjetische Kriegsgr\u00e4berst\u00e4tte Bilder von R\u00fcdiger D. 2013 Vor der Gedenkanlage der im ersten weltkrieg gebliebenen Treuenbrietzner, befindet sich die Kriegsgr\u00e4berst\u00e4tte f\u00fcr die Sowjetischen Kriegstoten. Im hinteren Teil befinden sich zwei Gedenksteine. Der Ruhm der Helden die in den &hellip; <a href=\"http:\/\/www.denkfried.de\/wp\/?page_id=33380\">Weiterlesen <span class=\"meta-nav\">&rarr;<\/span><\/a><\/p>\n","protected":false},"author":9,"featured_media":0,"parent":15688,"menu_order":0,"comment_status":"closed","ping_status":"open","template":"","meta":{"footnotes":""},"class_list":["post-33380","page","type-page","status-publish","hentry"],"_links":{"self":[{"href":"http:\/\/www.denkfried.de\/wp\/index.php?rest_route=\/wp\/v2\/pages\/33380","targetHints":{"allow":["GET"]}}],"collection":[{"href":"http:\/\/www.denkfried.de\/wp\/index.php?rest_route=\/wp\/v2\/pages"}],"about":[{"href":"http:\/\/www.denkfried.de\/wp\/index.php?rest_route=\/wp\/v2\/types\/page"}],"author":[{"embeddable":true,"href":"http:\/\/www.denkfried.de\/wp\/index.php?rest_route=\/wp\/v2\/users\/9"}],"replies":[{"embeddable":true,"href":"http:\/\/www.denkfried.de\/wp\/index.php?rest_route=%2Fwp%2Fv2%2Fcomments&post=33380"}],"version-history":[{"count":7,"href":"http:\/\/www.denkfried.de\/wp\/index.php?rest_route=\/wp\/v2\/pages\/33380\/revisions"}],"predecessor-version":[{"id":33391,"href":"http:\/\/www.denkfried.de\/wp\/index.php?rest_route=\/wp\/v2\/pages\/33380\/revisions\/33391"}],"up":[{"embeddable":true,"href":"http:\/\/www.denkfried.de\/wp\/index.php?rest_route=\/wp\/v2\/pages\/15688"}],"wp:attachment":[{"href":"http:\/\/www.denkfried.de\/wp\/index.php?rest_route=%2Fwp%2Fv2%2Fmedia&parent=33380"}],"curies":[{"name":"wp","href":"https:\/\/api.w.org\/{rel}","templated":true}]}}

<p>&nbsp;</p>
<p><strong>Treuenbrietzen</strong> Sowjetische Kriegsgräberstätte</p>
<p>Bilder von Rüdiger D. 2013</p>
<div id='gallery-1' class='gallery galleryid-33380 gallery-columns-4 gallery-size-thumbnail'><dl class='gallery-item'>
			<dt class='gallery-icon landscape'>
				<a href='http://www.denkfried.de/wp/?attachment_id=33384'><img loading="lazy" decoding="async" width="150" height="150" src="http://www.denkfried.de/wp/wp-content/uploads/2013/10/Treuenbrietzen-Sowjetische-Kriegsgräber-2-150x150.jpg" class="attachment-thumbnail size-thumbnail" alt="" /></a>
			</dt></dl><dl class='gallery-item'>
			<dt class='gallery-icon landscape'>
				<a href='http://www.denkfried.de/wp/?attachment_id=33382'><img loading="lazy" decoding="async" width="150" height="150" src="http://www.denkfried.de/wp/wp-content/uploads/2013/10/Treuenbrietzen-Sowjetische-Kriegsgräber-150x150.jpg" class="attachment-thumbnail size-thumbnail" alt="" /></a>
			</dt></dl><dl class='gallery-item'>
			<dt class='gallery-icon landscape'>
				<a href='http://www.denkfried.de/wp/?attachment_id=33385'><img loading="lazy" decoding="async" width="150" height="150" src="http://www.denkfried.de/wp/wp-content/uploads/2013/10/Treuenbrietzen-Sowjetische-Kriegsgräber-3-150x150.jpg" class="attachment-thumbnail size-thumbnail" alt="" /></a>
			</dt></dl><dl class='gallery-item'>
			<dt class='gallery-icon landscape'>
				<a href='http://www.denkfried.de/wp/?attachment_id=33386'><img loading="lazy" decoding="async" width="150" height="150" src="http://www.denkfried.de/wp/wp-content/uploads/2013/10/Treuenbrietzen-Sowjetische-Kriegsgräber-4-150x150.jpg" class="attachment-thumbnail size-thumbnail" alt="" /></a>
			</dt></dl><br style="clear: both" />
		</div>

<p>Vor der Gedenkanlage der im ersten weltkrieg gebliebenen Treuenbrietzner, befindet sich die Kriegsgräberstätte für die Sowjetischen Kriegstoten. Im hinteren Teil befinden sich zwei Gedenksteine.</p>
<address style="text-align: center;"><em><strong>Der Ruhm der Helden</strong></em></address>
<address style="text-align: center;"><em><strong>die in den Kämpfen</strong></em></address>
<address style="text-align: center;"><em><strong>für die sozialistische Heimat</strong></em></address>
<address style="text-align: center;"><em><strong>Gefallen sind</strong></em></address>
<address style="text-align: center;"><em><strong>wird nicht Verblassen</strong></em></address>
<address style="text-align: center;"><em><strong>und über die Jahrhunderte</strong></em></address>
<address style="text-align: center;"><em><strong>wird ihr Heldentum Leben</strong></em></address>
<address style="text-align: center;"><em><strong>in den Herzen von</strong></em></address>
<address style="text-align: center;"><em><strong>Millionen werktätigen Massen.</strong></em></address>
<address style="text-align: center;"> </address>
<p>Inschrift einer Gedenktafel:</p>
<address><em><strong>Ewiger Ruhm!</strong></em></address>
<address><em><strong>Held der Sowjetunion</strong></em></address>
<address><em><strong>Oberst N.P. Djakin gefallen am 25.04.1945</strong></em></address>
<address> </address>
<address><em><strong>Held der Sowjetunion</strong></em></address>
<address><em><strong>Oberleutnant F.I. Schartschinski gefallen 21.04.1945</strong></em></address>
<address><em><strong>bei der Befreiung der Stadt vom Faschismus.</strong></em></address>
<address> </address>
<p> Es befinden sich auch Gedenkstelen mit Namen in kyrillisch.</p>
<p>Die Namen auf den Gräbern sind stark verwittert.</p>

<p>&nbsp; Treuenbrietzen Sowjetische Kriegsgräberstätte Bilder von Rüdiger D. 2013 Vor der Gedenkanlage der im ersten weltkrieg gebliebenen Treuenbrietzner, befindet sich die Kriegsgräberstätte für die Sowjetischen Kriegstoten. Im hinteren Teil befinden sich zwei Gedenksteine. Der Ruhm der Helden die in den &hellip; <a href="http://www.denkfried.de/wp/?page_id=33380">Weiterlesen <span class="meta-nav">&rarr;</span></a></p>
