{"id":33075,"date":"2013-10-04T20:26:09","date_gmt":"2013-10-04T18:26:09","guid":{"rendered":"http:\/\/www.denkfried.de\/wp\/?page_id=33075"},"modified":"2015-12-28T23:03:22","modified_gmt":"2015-12-28T22:03:22","slug":"linthe","status":"publish","type":"page","link":"http:\/\/www.denkfried.de\/wp\/?page_id=33075","title":{"rendered":"Linthe"},"content":{"rendered":"<p>&nbsp;<\/p>\n<p><strong>Linthe<\/strong><\/p>\n<p>Bericht und Bilder von Thomas\u00a0<a href=\"http:\/\/g-bb.jimdo.com\/\">Gefallenendenkm\u00e4ler Berlin\/Brandenburg<\/a><\/p>\n<div id='gallery-1' class='gallery galleryid-33075 gallery-columns-3 gallery-size-thumbnail'><dl class='gallery-item'>\n\t\t\t<dt class='gallery-icon landscape'>\n\t\t\t\t<a href='http:\/\/www.denkfried.de\/wp\/?attachment_id=33078'><img loading=\"lazy\" decoding=\"async\" width=\"150\" height=\"150\" src=\"http:\/\/www.denkfried.de\/wp\/wp-content\/uploads\/2013\/10\/Linthe-Ehrenmal-Denkmal-150x150.jpg\" class=\"attachment-thumbnail size-thumbnail\" alt=\"\" \/><\/a>\n\t\t\t<\/dt><\/dl><dl class='gallery-item'>\n\t\t\t<dt class='gallery-icon portrait'>\n\t\t\t\t<a href='http:\/\/www.denkfried.de\/wp\/?attachment_id=33081'><img loading=\"lazy\" decoding=\"async\" width=\"150\" height=\"150\" src=\"http:\/\/www.denkfried.de\/wp\/wp-content\/uploads\/2013\/10\/Linthe-Ehrenmal-Denkmal-2-150x150.jpg\" class=\"attachment-thumbnail size-thumbnail\" alt=\"\" \/><\/a>\n\t\t\t<\/dt><\/dl><dl class='gallery-item'>\n\t\t\t<dt class='gallery-icon portrait'>\n\t\t\t\t<a href='http:\/\/www.denkfried.de\/wp\/?attachment_id=33079'><img loading=\"lazy\" decoding=\"async\" width=\"150\" height=\"150\" src=\"http:\/\/www.denkfried.de\/wp\/wp-content\/uploads\/2013\/10\/Linthe-Ehrenmal-Denkmal-6-150x150.jpg\" class=\"attachment-thumbnail size-thumbnail\" alt=\"\" \/><\/a>\n\t\t\t<\/dt><\/dl><br style=\"clear: both\" \/><dl class='gallery-item'>\n\t\t\t<dt class='gallery-icon landscape'>\n\t\t\t\t<a href='http:\/\/www.denkfried.de\/wp\/?attachment_id=33083'><img loading=\"lazy\" decoding=\"async\" width=\"150\" height=\"150\" src=\"http:\/\/www.denkfried.de\/wp\/wp-content\/uploads\/2013\/10\/Linthe-Kriegsgr\u00e4ber-3-150x150.jpg\" class=\"attachment-thumbnail size-thumbnail\" alt=\"\" \/><\/a>\n\t\t\t<\/dt><\/dl><dl class='gallery-item'>\n\t\t\t<dt class='gallery-icon portrait'>\n\t\t\t\t<a href='http:\/\/www.denkfried.de\/wp\/?attachment_id=33082'><img loading=\"lazy\" decoding=\"async\" width=\"150\" height=\"150\" src=\"http:\/\/www.denkfried.de\/wp\/wp-content\/uploads\/2013\/10\/Linthe-Kriegsgr\u00e4ber-150x150.jpg\" class=\"attachment-thumbnail size-thumbnail\" alt=\"\" \/><\/a>\n\t\t\t<\/dt><\/dl><dl class='gallery-item'>\n\t\t\t<dt class='gallery-icon landscape'>\n\t\t\t\t<a href='http:\/\/www.denkfried.de\/wp\/?attachment_id=33080'><img loading=\"lazy\" decoding=\"async\" width=\"150\" height=\"150\" src=\"http:\/\/www.denkfried.de\/wp\/wp-content\/uploads\/2013\/10\/Linthe-Kriegsgr\u00e4ber-2-150x150.jpg\" class=\"attachment-thumbnail size-thumbnail\" alt=\"\" \/><\/a>\n\t\t\t<\/dt><\/dl><br style=\"clear: both\" \/>\n\t\t<\/div>\n\n<p><strong>Denkmal<\/strong><\/p>\n<p>In der Lindenstra\u00dfe befindet sich das Denkmal f\u00fcr die Toten der beiden Weltkriege. Ein gro\u00dfes Eisernes kreuz befindet sich \u00fcber den Namen, unten befindet sich eine Abbildung von Eichenbl\u00e4ttern. Mittig folgende Inschrift:<\/p>\n<address style=\"text-align: center;\"><em><strong>Im Kampfe f\u00fcr Freiheit<\/strong><\/em><\/address>\n<address style=\"text-align: center;\"><em><strong>und Recht fielen w\u00e4hrend<\/strong><\/em><\/address>\n<address style=\"text-align: center;\"><em><strong>des Weltkrieges 1914\/18<\/strong><\/em><\/address>\n<address style=\"text-align: center;\">\u00a0<\/address>\n<address style=\"text-align: center;\"><strong>Ihren heldenhaften S\u00f6hnen<\/strong><\/address>\n<address style=\"text-align: center;\"><strong>die dankbare Gemeinde Linthe<\/strong><\/address>\n<address style=\"text-align: center;\">\u00a0<\/address>\n<p>Auf der R\u00fcckseite unter eine eingearbeiteten Helm weitere Namen. Seitlich sind Tafeln, f\u00fcr die im zweiten Weltkriege gefallenen und vermi\u00dften angebracht.<\/p>\n<address style=\"text-align: center;\"><em><strong>Im 2. Weltkrieg gefallene<\/strong><\/em><\/address>\n<address style=\"text-align: center;\"><em><strong>Soldaten aus Linthe<\/strong><\/em><\/address>\n<address style=\"text-align: center;\">\u00a0<\/address>\n<p><strong>Kriegsgr\u00e4ber<\/strong><\/p>\n<p>Auf dem Kirchhof befindet sich eine Grablage, zu erkennen an einer gro\u00dfen Tafel. Mittig befindet sich ein Kreuz, hierbei die Kriegsjahre 1939 &#8211; 1945. Weitere Inschriften:<\/p>\n<address style=\"text-align: center;\"><strong><em>Denn ich wei\u00df wohl, was ich f\u00fcr Gedanken \u00fcber euch habe<\/em>,<\/strong><\/address>\n<address style=\"text-align: center;\"><strong>spricht der HERR: Gedanken des Friedens und nicht des Leidens<\/strong><\/address>\n<address style=\"text-align: center;\">\u00a0<\/address>\n<address style=\"text-align: center;\"><strong>Den Opfern<\/strong><\/address>\n<address style=\"text-align: center;\"><strong>des zweiten Weltkrieges<\/strong><\/address>\n<address style=\"text-align: center;\"><strong>die Kirchengemeinde Linthe<\/strong><\/address>\n<address style=\"text-align: center;\">\u00a0<\/address>\n<p>14 Kriegstote ruhen hier, aufgef\u00fchrt auf einer Namenstafel sind 10 Soldaten. Es blieben 4 Unbekannt.<\/p>\n<p>Die Namen werden in die Datenbanken eingepflegt.<\/p>\n","protected":false},"excerpt":{"rendered":"<p>&nbsp; Linthe Bericht und Bilder von Thomas\u00a0Gefallenendenkm\u00e4ler Berlin\/Brandenburg Denkmal In der Lindenstra\u00dfe befindet sich das Denkmal f\u00fcr die Toten der beiden Weltkriege. Ein gro\u00dfes Eisernes kreuz befindet sich \u00fcber den Namen, unten befindet sich eine Abbildung von Eichenbl\u00e4ttern. Mittig folgende &hellip; <a href=\"http:\/\/www.denkfried.de\/wp\/?page_id=33075\">Weiterlesen <span class=\"meta-nav\">&rarr;<\/span><\/a><\/p>\n","protected":false},"author":9,"featured_media":0,"parent":33066,"menu_order":0,"comment_status":"closed","ping_status":"open","template":"","meta":{"footnotes":""},"class_list":["post-33075","page","type-page","status-publish","hentry"],"_links":{"self":[{"href":"http:\/\/www.denkfried.de\/wp\/index.php?rest_route=\/wp\/v2\/pages\/33075","targetHints":{"allow":["GET"]}}],"collection":[{"href":"http:\/\/www.denkfried.de\/wp\/index.php?rest_route=\/wp\/v2\/pages"}],"about":[{"href":"http:\/\/www.denkfried.de\/wp\/index.php?rest_route=\/wp\/v2\/types\/page"}],"author":[{"embeddable":true,"href":"http:\/\/www.denkfried.de\/wp\/index.php?rest_route=\/wp\/v2\/users\/9"}],"replies":[{"embeddable":true,"href":"http:\/\/www.denkfried.de\/wp\/index.php?rest_route=%2Fwp%2Fv2%2Fcomments&post=33075"}],"version-history":[{"count":10,"href":"http:\/\/www.denkfried.de\/wp\/index.php?rest_route=\/wp\/v2\/pages\/33075\/revisions"}],"predecessor-version":[{"id":40176,"href":"http:\/\/www.denkfried.de\/wp\/index.php?rest_route=\/wp\/v2\/pages\/33075\/revisions\/40176"}],"up":[{"embeddable":true,"href":"http:\/\/www.denkfried.de\/wp\/index.php?rest_route=\/wp\/v2\/pages\/33066"}],"wp:attachment":[{"href":"http:\/\/www.denkfried.de\/wp\/index.php?rest_route=%2Fwp%2Fv2%2Fmedia&parent=33075"}],"curies":[{"name":"wp","href":"https:\/\/api.w.org\/{rel}","templated":true}]}}

<p>&nbsp;</p>
<p><strong>Linthe</strong></p>
<p>Bericht und Bilder von Thomas <a href="http://g-bb.jimdo.com/">Gefallenendenkmäler Berlin/Brandenburg</a></p>
<div id='gallery-1' class='gallery galleryid-33075 gallery-columns-3 gallery-size-thumbnail'><dl class='gallery-item'>
			<dt class='gallery-icon landscape'>
				<a href='http://www.denkfried.de/wp/?attachment_id=33078'><img loading="lazy" decoding="async" width="150" height="150" src="http://www.denkfried.de/wp/wp-content/uploads/2013/10/Linthe-Ehrenmal-Denkmal-150x150.jpg" class="attachment-thumbnail size-thumbnail" alt="" /></a>
			</dt></dl><dl class='gallery-item'>
			<dt class='gallery-icon portrait'>
				<a href='http://www.denkfried.de/wp/?attachment_id=33081'><img loading="lazy" decoding="async" width="150" height="150" src="http://www.denkfried.de/wp/wp-content/uploads/2013/10/Linthe-Ehrenmal-Denkmal-2-150x150.jpg" class="attachment-thumbnail size-thumbnail" alt="" /></a>
			</dt></dl><dl class='gallery-item'>
			<dt class='gallery-icon portrait'>
				<a href='http://www.denkfried.de/wp/?attachment_id=33079'><img loading="lazy" decoding="async" width="150" height="150" src="http://www.denkfried.de/wp/wp-content/uploads/2013/10/Linthe-Ehrenmal-Denkmal-6-150x150.jpg" class="attachment-thumbnail size-thumbnail" alt="" /></a>
			</dt></dl><br style="clear: both" /><dl class='gallery-item'>
			<dt class='gallery-icon landscape'>
				<a href='http://www.denkfried.de/wp/?attachment_id=33083'><img loading="lazy" decoding="async" width="150" height="150" src="http://www.denkfried.de/wp/wp-content/uploads/2013/10/Linthe-Kriegsgräber-3-150x150.jpg" class="attachment-thumbnail size-thumbnail" alt="" /></a>
			</dt></dl><dl class='gallery-item'>
			<dt class='gallery-icon portrait'>
				<a href='http://www.denkfried.de/wp/?attachment_id=33082'><img loading="lazy" decoding="async" width="150" height="150" src="http://www.denkfried.de/wp/wp-content/uploads/2013/10/Linthe-Kriegsgräber-150x150.jpg" class="attachment-thumbnail size-thumbnail" alt="" /></a>
			</dt></dl><dl class='gallery-item'>
			<dt class='gallery-icon landscape'>
				<a href='http://www.denkfried.de/wp/?attachment_id=33080'><img loading="lazy" decoding="async" width="150" height="150" src="http://www.denkfried.de/wp/wp-content/uploads/2013/10/Linthe-Kriegsgräber-2-150x150.jpg" class="attachment-thumbnail size-thumbnail" alt="" /></a>
			</dt></dl><br style="clear: both" />
		</div>

<p><strong>Denkmal</strong></p>
<p>In der Lindenstraße befindet sich das Denkmal für die Toten der beiden Weltkriege. Ein großes Eisernes kreuz befindet sich über den Namen, unten befindet sich eine Abbildung von Eichenblättern. Mittig folgende Inschrift:</p>
<address style="text-align: center;"><em><strong>Im Kampfe für Freiheit</strong></em></address>
<address style="text-align: center;"><em><strong>und Recht fielen während</strong></em></address>
<address style="text-align: center;"><em><strong>des Weltkrieges 1914/18</strong></em></address>
<address style="text-align: center;"> </address>
<address style="text-align: center;"><strong>Ihren heldenhaften Söhnen</strong></address>
<address style="text-align: center;"><strong>die dankbare Gemeinde Linthe</strong></address>
<address style="text-align: center;"> </address>
<p>Auf der Rückseite unter eine eingearbeiteten Helm weitere Namen. Seitlich sind Tafeln, für die im zweiten Weltkriege gefallenen und vermißten angebracht.</p>
<address style="text-align: center;"><em><strong>Im 2. Weltkrieg gefallene</strong></em></address>
<address style="text-align: center;"><em><strong>Soldaten aus Linthe</strong></em></address>
<address style="text-align: center;"> </address>
<p><strong>Kriegsgräber</strong></p>
<p>Auf dem Kirchhof befindet sich eine Grablage, zu erkennen an einer großen Tafel. Mittig befindet sich ein Kreuz, hierbei die Kriegsjahre 1939 &#8211; 1945. Weitere Inschriften:</p>
<address style="text-align: center;"><strong><em>Denn ich weiß wohl, was ich für Gedanken über euch habe</em>,</strong></address>
<address style="text-align: center;"><strong>spricht der HERR: Gedanken des Friedens und nicht des Leidens</strong></address>
<address style="text-align: center;"> </address>
<address style="text-align: center;"><strong>Den Opfern</strong></address>
<address style="text-align: center;"><strong>des zweiten Weltkrieges</strong></address>
<address style="text-align: center;"><strong>die Kirchengemeinde Linthe</strong></address>
<address style="text-align: center;"> </address>
<p>14 Kriegstote ruhen hier, aufgeführt auf einer Namenstafel sind 10 Soldaten. Es blieben 4 Unbekannt.</p>
<p>Die Namen werden in die Datenbanken eingepflegt.</p>

<p>&nbsp; Linthe Bericht und Bilder von Thomas Gefallenendenkmäler Berlin/Brandenburg Denkmal In der Lindenstraße befindet sich das Denkmal für die Toten der beiden Weltkriege. Ein großes Eisernes kreuz befindet sich über den Namen, unten befindet sich eine Abbildung von Eichenblättern. Mittig folgende &hellip; <a href="http://www.denkfried.de/wp/?page_id=33075">Weiterlesen <span class="meta-nav">&rarr;</span></a></p>
