{"id":33011,"date":"2013-10-04T19:45:04","date_gmt":"2013-10-04T17:45:04","guid":{"rendered":"http:\/\/www.denkfried.de\/wp\/?page_id=33011"},"modified":"2015-12-23T20:38:44","modified_gmt":"2015-12-23T19:38:44","slug":"brueck-mark","status":"publish","type":"page","link":"http:\/\/www.denkfried.de\/wp\/?page_id=33011","title":{"rendered":"Br\u00fcck \/ Mark"},"content":{"rendered":"<p>&nbsp;<\/p>\n<p><strong>14822 Stadt Br\u00fcck<\/strong> im Landkreis Potsdam Mittelmark<\/p>\n<p>&nbsp;<\/p>\n<ul>\n<li><a href=\"http:\/\/www.denkfried.de\/wp\/?page_id=33053\">Stadt Br\u00fcck &#8211; Denkmal<\/a><\/li>\n<li><a href=\"http:\/\/www.denkfried.de\/wp\/?page_id=33323\">Br\u00fcck Ausbau &#8211; KGST<\/a><\/li>\n<\/ul>\n<p><strong>Ortsteile:<\/strong><\/p>\n<ul>\n<li><a href=\"http:\/\/www.denkfried.de\/wp\/?page_id=33025\">Baitz<\/a><\/li>\n<li><a href=\"http:\/\/www.denkfried.de\/wp\/?page_id=37797\">Borkheide<\/a><\/li>\n<li><a href=\"http:\/\/www.denkfried.de\/wp\/?page_id=14576\">G\u00f6mnigk<\/a><\/li>\n<li><a href=\"http:\/\/www.denkfried.de\/wp\/?page_id=33333\">Neuendorf<\/a><\/li>\n<li><a href=\"http:\/\/www.denkfried.de\/wp\/?page_id=33112\">Rottstock &#8211; Denkmal<\/a><\/li>\n<li><a href=\"http:\/\/www.denkfried.de\/wp\/?page_id=33043\">Rottstock &#8211; Friedhof<\/a><\/li>\n<li><a href=\"http:\/\/www.denkfried.de\/wp\/?page_id=33034\">Trebitz<\/a><\/li>\n<\/ul>\n<p>&nbsp;<\/p>\n","protected":false},"excerpt":{"rendered":"<p>&nbsp; 14822 Stadt Br\u00fcck im Landkreis Potsdam Mittelmark &nbsp; Stadt Br\u00fcck &#8211; Denkmal Br\u00fcck Ausbau &#8211; KGST Ortsteile: Baitz Borkheide G\u00f6mnigk Neuendorf Rottstock &#8211; Denkmal Rottstock &#8211; Friedhof Trebitz &nbsp;<\/p>\n","protected":false},"author":9,"featured_media":0,"parent":4945,"menu_order":0,"comment_status":"closed","ping_status":"open","template":"","meta":{"footnotes":""},"class_list":["post-33011","page","type-page","status-publish","hentry"],"_links":{"self":[{"href":"http:\/\/www.denkfried.de\/wp\/index.php?rest_route=\/wp\/v2\/pages\/33011","targetHints":{"allow":["GET"]}}],"collection":[{"href":"http:\/\/www.denkfried.de\/wp\/index.php?rest_route=\/wp\/v2\/pages"}],"about":[{"href":"http:\/\/www.denkfried.de\/wp\/index.php?rest_route=\/wp\/v2\/types\/page"}],"author":[{"embeddable":true,"href":"http:\/\/www.denkfried.de\/wp\/index.php?rest_route=\/wp\/v2\/users\/9"}],"replies":[{"embeddable":true,"href":"http:\/\/www.denkfried.de\/wp\/index.php?rest_route=%2Fwp%2Fv2%2Fcomments&post=33011"}],"version-history":[{"count":16,"href":"http:\/\/www.denkfried.de\/wp\/index.php?rest_route=\/wp\/v2\/pages\/33011\/revisions"}],"predecessor-version":[{"id":39754,"href":"http:\/\/www.denkfried.de\/wp\/index.php?rest_route=\/wp\/v2\/pages\/33011\/revisions\/39754"}],"up":[{"embeddable":true,"href":"http:\/\/www.denkfried.de\/wp\/index.php?rest_route=\/wp\/v2\/pages\/4945"}],"wp:attachment":[{"href":"http:\/\/www.denkfried.de\/wp\/index.php?rest_route=%2Fwp%2Fv2%2Fmedia&parent=33011"}],"curies":[{"name":"wp","href":"https:\/\/api.w.org\/{rel}","templated":true}]}}

Brück / Mark

<p>&nbsp;</p>
<p><strong>14822 Stadt Brück</strong> im Landkreis Potsdam Mittelmark</p>
<p>&nbsp;</p>
<ul>
<li><a href="http://www.denkfried.de/wp/?page_id=33053">Stadt Brück &#8211; Denkmal</a></li>
<li><a href="http://www.denkfried.de/wp/?page_id=33323">Brück Ausbau &#8211; KGST</a></li>
</ul>
<p><strong>Ortsteile:</strong></p>
<ul>
<li><a href="http://www.denkfried.de/wp/?page_id=33025">Baitz</a></li>
<li><a href="http://www.denkfried.de/wp/?page_id=37797">Borkheide</a></li>
<li><a href="http://www.denkfried.de/wp/?page_id=14576">Gömnigk</a></li>
<li><a href="http://www.denkfried.de/wp/?page_id=33333">Neuendorf</a></li>
<li><a href="http://www.denkfried.de/wp/?page_id=33112">Rottstock &#8211; Denkmal</a></li>
<li><a href="http://www.denkfried.de/wp/?page_id=33043">Rottstock &#8211; Friedhof</a></li>
<li><a href="http://www.denkfried.de/wp/?page_id=33034">Trebitz</a></li>
</ul>
<p>&nbsp;</p>

<p>&nbsp; 14822 Stadt Brück im Landkreis Potsdam Mittelmark &nbsp; Stadt Brück &#8211; Denkmal Brück Ausbau &#8211; KGST Ortsteile: Baitz Borkheide Gömnigk Neuendorf Rottstock &#8211; Denkmal Rottstock &#8211; Friedhof Trebitz &nbsp;</p>
