{"id":32906,"date":"2013-09-30T19:28:22","date_gmt":"2013-09-30T17:28:22","guid":{"rendered":"http:\/\/www.denkfried.de\/wp\/?page_id=32906"},"modified":"2013-09-30T19:31:20","modified_gmt":"2013-09-30T17:31:20","slug":"franz-blignymarne","status":"publish","type":"page","link":"http:\/\/www.denkfried.de\/wp\/?page_id=32906","title":{"rendered":"franz.Bligny\/Marne"},"content":{"rendered":"<p>&nbsp;<\/p>\n<p><span style=\"text-decoration: underline;\"><strong>10200 Bligny<\/strong><\/span><\/p>\n<p>Gleich nebenan des deutschen Soldatenfriedhofs in Bligny findet sich ein Gr\u00e4berfeld von 10.000 qm Gr\u00f6\u00dfe f\u00fcr die gefallenen Franzosen aus dem 1.Weltkrieg, 2 Franzosen gefallen im 2.Weltkrieg ruhen auch unter den gefallenen. Helle Betonkreuze kennzeichnen, wie f\u00fcr Franzosen \u00fcblich, die Einzelgr\u00e4ber der Bestatteten. Im Ossarium des Soldatenfriedhofs sind 2506 Gefallene bestattet. Bilder vom 14.09.2013<\/p>\n<p>Gr\u00fc\u00dfe Hubert<\/p>\n<p><a href=\"http:\/\/www.denkfried.de\/wp\/wp-content\/uploads\/2013\/09\/franz.Bligny1.W.K.-4651-gef.-14.09.2013-1.jpg\"><img loading=\"lazy\" decoding=\"async\" class=\"alignnone size-medium wp-image-32907\" alt=\"franz.Bligny,1.W.K. 4651 gef. 14.09.2013 (1)\" src=\"http:\/\/www.denkfried.de\/wp\/wp-content\/uploads\/2013\/09\/franz.Bligny1.W.K.-4651-gef.-14.09.2013-1-300x199.jpg\" width=\"300\" height=\"199\" srcset=\"http:\/\/www.denkfried.de\/wp\/wp-content\/uploads\/2013\/09\/franz.Bligny1.W.K.-4651-gef.-14.09.2013-1-300x199.jpg 300w, http:\/\/www.denkfried.de\/wp\/wp-content\/uploads\/2013\/09\/franz.Bligny1.W.K.-4651-gef.-14.09.2013-1.jpg 720w\" sizes=\"auto, (max-width: 300px) 100vw, 300px\" \/><\/a> <a href=\"http:\/\/www.denkfried.de\/wp\/wp-content\/uploads\/2013\/09\/franz.Bligny1.W.K.-4651-gef.-14.09.2013-2.jpg\"><img loading=\"lazy\" decoding=\"async\" class=\"alignnone size-medium wp-image-32908\" alt=\"franz.Bligny,1.W.K. 4651 gef. 14.09.2013 (2)\" src=\"http:\/\/www.denkfried.de\/wp\/wp-content\/uploads\/2013\/09\/franz.Bligny1.W.K.-4651-gef.-14.09.2013-2-300x199.jpg\" width=\"300\" height=\"199\" srcset=\"http:\/\/www.denkfried.de\/wp\/wp-content\/uploads\/2013\/09\/franz.Bligny1.W.K.-4651-gef.-14.09.2013-2-300x199.jpg 300w, http:\/\/www.denkfried.de\/wp\/wp-content\/uploads\/2013\/09\/franz.Bligny1.W.K.-4651-gef.-14.09.2013-2.jpg 720w\" sizes=\"auto, (max-width: 300px) 100vw, 300px\" \/><\/a> <a href=\"http:\/\/www.denkfried.de\/wp\/wp-content\/uploads\/2013\/09\/franz.Bligny1.W.K.-4651-gef.-14.09.2013-3.jpg\"><img loading=\"lazy\" decoding=\"async\" class=\"alignnone size-medium wp-image-32909\" alt=\"franz.Bligny,1.W.K. 4651 gef. 14.09.2013 (3)\" src=\"http:\/\/www.denkfried.de\/wp\/wp-content\/uploads\/2013\/09\/franz.Bligny1.W.K.-4651-gef.-14.09.2013-3-300x199.jpg\" width=\"300\" height=\"199\" srcset=\"http:\/\/www.denkfried.de\/wp\/wp-content\/uploads\/2013\/09\/franz.Bligny1.W.K.-4651-gef.-14.09.2013-3-300x199.jpg 300w, http:\/\/www.denkfried.de\/wp\/wp-content\/uploads\/2013\/09\/franz.Bligny1.W.K.-4651-gef.-14.09.2013-3.jpg 720w\" sizes=\"auto, (max-width: 300px) 100vw, 300px\" \/><\/a> <a href=\"http:\/\/www.denkfried.de\/wp\/wp-content\/uploads\/2013\/09\/franz.Bligny1.W.K.-4651-gef.-14.09.2013-4.jpg\"><img loading=\"lazy\" decoding=\"async\" class=\"alignnone size-medium wp-image-32910\" alt=\"franz.Bligny,1.W.K. 4651 gef. 14.09.2013 (4)\" src=\"http:\/\/www.denkfried.de\/wp\/wp-content\/uploads\/2013\/09\/franz.Bligny1.W.K.-4651-gef.-14.09.2013-4-300x199.jpg\" width=\"300\" height=\"199\" srcset=\"http:\/\/www.denkfried.de\/wp\/wp-content\/uploads\/2013\/09\/franz.Bligny1.W.K.-4651-gef.-14.09.2013-4-300x199.jpg 300w, http:\/\/www.denkfried.de\/wp\/wp-content\/uploads\/2013\/09\/franz.Bligny1.W.K.-4651-gef.-14.09.2013-4.jpg 720w\" sizes=\"auto, (max-width: 300px) 100vw, 300px\" \/><\/a> <a href=\"http:\/\/www.denkfried.de\/wp\/wp-content\/uploads\/2013\/09\/franz.Bligny1.W.K.-4651-gef.-14.09.2013-5.jpg\"><img loading=\"lazy\" decoding=\"async\" class=\"alignnone size-medium wp-image-32911\" alt=\"franz.Bligny,1.W.K. 4651 gef. 14.09.2013 (5)\" src=\"http:\/\/www.denkfried.de\/wp\/wp-content\/uploads\/2013\/09\/franz.Bligny1.W.K.-4651-gef.-14.09.2013-5-199x300.jpg\" width=\"199\" height=\"300\" srcset=\"http:\/\/www.denkfried.de\/wp\/wp-content\/uploads\/2013\/09\/franz.Bligny1.W.K.-4651-gef.-14.09.2013-5-199x300.jpg 199w, http:\/\/www.denkfried.de\/wp\/wp-content\/uploads\/2013\/09\/franz.Bligny1.W.K.-4651-gef.-14.09.2013-5.jpg 478w\" sizes=\"auto, (max-width: 199px) 100vw, 199px\" \/><\/a> <a href=\"http:\/\/www.denkfried.de\/wp\/wp-content\/uploads\/2013\/09\/franz.Bligny1.W.K.-4651-gef.-14.09.2013-6.jpg\"><img loading=\"lazy\" decoding=\"async\" class=\"alignnone size-medium wp-image-32912\" alt=\"franz.Bligny,1.W.K. 4651 gef. 14.09.2013 (6)\" src=\"http:\/\/www.denkfried.de\/wp\/wp-content\/uploads\/2013\/09\/franz.Bligny1.W.K.-4651-gef.-14.09.2013-6-300x199.jpg\" width=\"300\" height=\"199\" srcset=\"http:\/\/www.denkfried.de\/wp\/wp-content\/uploads\/2013\/09\/franz.Bligny1.W.K.-4651-gef.-14.09.2013-6-300x199.jpg 300w, http:\/\/www.denkfried.de\/wp\/wp-content\/uploads\/2013\/09\/franz.Bligny1.W.K.-4651-gef.-14.09.2013-6.jpg 720w\" sizes=\"auto, (max-width: 300px) 100vw, 300px\" \/><\/a> <a href=\"http:\/\/www.denkfried.de\/wp\/wp-content\/uploads\/2013\/09\/franz.Bligny1.W.K.-4651-gef.-14.09.2013-7.jpg\"><img loading=\"lazy\" decoding=\"async\" class=\"alignnone size-medium wp-image-32913\" alt=\"franz.Bligny,1.W.K. 4651 gef. 14.09.2013 (7)\" src=\"http:\/\/www.denkfried.de\/wp\/wp-content\/uploads\/2013\/09\/franz.Bligny1.W.K.-4651-gef.-14.09.2013-7-300x199.jpg\" width=\"300\" height=\"199\" srcset=\"http:\/\/www.denkfried.de\/wp\/wp-content\/uploads\/2013\/09\/franz.Bligny1.W.K.-4651-gef.-14.09.2013-7-300x199.jpg 300w, http:\/\/www.denkfried.de\/wp\/wp-content\/uploads\/2013\/09\/franz.Bligny1.W.K.-4651-gef.-14.09.2013-7.jpg 720w\" sizes=\"auto, (max-width: 300px) 100vw, 300px\" \/><\/a> <a href=\"http:\/\/www.denkfried.de\/wp\/wp-content\/uploads\/2013\/09\/franz.Bligny1.W.K.-4651-gef.-14.09.2013-8.jpg\"><img loading=\"lazy\" decoding=\"async\" class=\"alignnone size-medium wp-image-32914\" alt=\"franz.Bligny,1.W.K. 4651 gef. 14.09.2013 (8)\" src=\"http:\/\/www.denkfried.de\/wp\/wp-content\/uploads\/2013\/09\/franz.Bligny1.W.K.-4651-gef.-14.09.2013-8-199x300.jpg\" width=\"199\" height=\"300\" srcset=\"http:\/\/www.denkfried.de\/wp\/wp-content\/uploads\/2013\/09\/franz.Bligny1.W.K.-4651-gef.-14.09.2013-8-199x300.jpg 199w, http:\/\/www.denkfried.de\/wp\/wp-content\/uploads\/2013\/09\/franz.Bligny1.W.K.-4651-gef.-14.09.2013-8.jpg 478w\" sizes=\"auto, (max-width: 199px) 100vw, 199px\" \/><\/a><\/p>\n","protected":false},"excerpt":{"rendered":"<p>&nbsp; 10200 Bligny Gleich nebenan des deutschen Soldatenfriedhofs in Bligny findet sich ein Gr\u00e4berfeld von 10.000 qm Gr\u00f6\u00dfe f\u00fcr die gefallenen Franzosen aus dem 1.Weltkrieg, 2 Franzosen gefallen im 2.Weltkrieg ruhen auch unter den gefallenen. Helle Betonkreuze kennzeichnen, wie f\u00fcr &hellip; <a href=\"http:\/\/www.denkfried.de\/wp\/?page_id=32906\">Weiterlesen <span class=\"meta-nav\">&rarr;<\/span><\/a><\/p>\n","protected":false},"author":7,"featured_media":0,"parent":8258,"menu_order":0,"comment_status":"closed","ping_status":"open","template":"","meta":{"footnotes":""},"class_list":["post-32906","page","type-page","status-publish","hentry"],"_links":{"self":[{"href":"http:\/\/www.denkfried.de\/wp\/index.php?rest_route=\/wp\/v2\/pages\/32906","targetHints":{"allow":["GET"]}}],"collection":[{"href":"http:\/\/www.denkfried.de\/wp\/index.php?rest_route=\/wp\/v2\/pages"}],"about":[{"href":"http:\/\/www.denkfried.de\/wp\/index.php?rest_route=\/wp\/v2\/types\/page"}],"author":[{"embeddable":true,"href":"http:\/\/www.denkfried.de\/wp\/index.php?rest_route=\/wp\/v2\/users\/7"}],"replies":[{"embeddable":true,"href":"http:\/\/www.denkfried.de\/wp\/index.php?rest_route=%2Fwp%2Fv2%2Fcomments&post=32906"}],"version-history":[{"count":1,"href":"http:\/\/www.denkfried.de\/wp\/index.php?rest_route=\/wp\/v2\/pages\/32906\/revisions"}],"predecessor-version":[{"id":32915,"href":"http:\/\/www.denkfried.de\/wp\/index.php?rest_route=\/wp\/v2\/pages\/32906\/revisions\/32915"}],"up":[{"embeddable":true,"href":"http:\/\/www.denkfried.de\/wp\/index.php?rest_route=\/wp\/v2\/pages\/8258"}],"wp:attachment":[{"href":"http:\/\/www.denkfried.de\/wp\/index.php?rest_route=%2Fwp%2Fv2%2Fmedia&parent=32906"}],"curies":[{"name":"wp","href":"https:\/\/api.w.org\/{rel}","templated":true}]}}

<p>&nbsp;</p>
<p><span style="text-decoration: underline;"><strong>10200 Bligny</strong></span></p>
<p>Gleich nebenan des deutschen Soldatenfriedhofs in Bligny findet sich ein Gräberfeld von 10.000 qm Größe für die gefallenen Franzosen aus dem 1.Weltkrieg, 2 Franzosen gefallen im 2.Weltkrieg ruhen auch unter den gefallenen. Helle Betonkreuze kennzeichnen, wie für Franzosen üblich, die Einzelgräber der Bestatteten. Im Ossarium des Soldatenfriedhofs sind 2506 Gefallene bestattet. Bilder vom 14.09.2013</p>
<p>Grüße Hubert</p>
<p><a href="http://www.denkfried.de/wp/wp-content/uploads/2013/09/franz.Bligny1.W.K.-4651-gef.-14.09.2013-1.jpg"><img loading="lazy" decoding="async" class="alignnone size-medium wp-image-32907" alt="franz.Bligny,1.W.K. 4651 gef. 14.09.2013 (1)" src="http://www.denkfried.de/wp/wp-content/uploads/2013/09/franz.Bligny1.W.K.-4651-gef.-14.09.2013-1-300x199.jpg" width="300" height="199" srcset="http://www.denkfried.de/wp/wp-content/uploads/2013/09/franz.Bligny1.W.K.-4651-gef.-14.09.2013-1-300x199.jpg 300w, http://www.denkfried.de/wp/wp-content/uploads/2013/09/franz.Bligny1.W.K.-4651-gef.-14.09.2013-1.jpg 720w" sizes="auto, (max-width: 300px) 100vw, 300px" /></a> <a href="http://www.denkfried.de/wp/wp-content/uploads/2013/09/franz.Bligny1.W.K.-4651-gef.-14.09.2013-2.jpg"><img loading="lazy" decoding="async" class="alignnone size-medium wp-image-32908" alt="franz.Bligny,1.W.K. 4651 gef. 14.09.2013 (2)" src="http://www.denkfried.de/wp/wp-content/uploads/2013/09/franz.Bligny1.W.K.-4651-gef.-14.09.2013-2-300x199.jpg" width="300" height="199" srcset="http://www.denkfried.de/wp/wp-content/uploads/2013/09/franz.Bligny1.W.K.-4651-gef.-14.09.2013-2-300x199.jpg 300w, http://www.denkfried.de/wp/wp-content/uploads/2013/09/franz.Bligny1.W.K.-4651-gef.-14.09.2013-2.jpg 720w" sizes="auto, (max-width: 300px) 100vw, 300px" /></a> <a href="http://www.denkfried.de/wp/wp-content/uploads/2013/09/franz.Bligny1.W.K.-4651-gef.-14.09.2013-3.jpg"><img loading="lazy" decoding="async" class="alignnone size-medium wp-image-32909" alt="franz.Bligny,1.W.K. 4651 gef. 14.09.2013 (3)" src="http://www.denkfried.de/wp/wp-content/uploads/2013/09/franz.Bligny1.W.K.-4651-gef.-14.09.2013-3-300x199.jpg" width="300" height="199" srcset="http://www.denkfried.de/wp/wp-content/uploads/2013/09/franz.Bligny1.W.K.-4651-gef.-14.09.2013-3-300x199.jpg 300w, http://www.denkfried.de/wp/wp-content/uploads/2013/09/franz.Bligny1.W.K.-4651-gef.-14.09.2013-3.jpg 720w" sizes="auto, (max-width: 300px) 100vw, 300px" /></a> <a href="http://www.denkfried.de/wp/wp-content/uploads/2013/09/franz.Bligny1.W.K.-4651-gef.-14.09.2013-4.jpg"><img loading="lazy" decoding="async" class="alignnone size-medium wp-image-32910" alt="franz.Bligny,1.W.K. 4651 gef. 14.09.2013 (4)" src="http://www.denkfried.de/wp/wp-content/uploads/2013/09/franz.Bligny1.W.K.-4651-gef.-14.09.2013-4-300x199.jpg" width="300" height="199" srcset="http://www.denkfried.de/wp/wp-content/uploads/2013/09/franz.Bligny1.W.K.-4651-gef.-14.09.2013-4-300x199.jpg 300w, http://www.denkfried.de/wp/wp-content/uploads/2013/09/franz.Bligny1.W.K.-4651-gef.-14.09.2013-4.jpg 720w" sizes="auto, (max-width: 300px) 100vw, 300px" /></a> <a href="http://www.denkfried.de/wp/wp-content/uploads/2013/09/franz.Bligny1.W.K.-4651-gef.-14.09.2013-5.jpg"><img loading="lazy" decoding="async" class="alignnone size-medium wp-image-32911" alt="franz.Bligny,1.W.K. 4651 gef. 14.09.2013 (5)" src="http://www.denkfried.de/wp/wp-content/uploads/2013/09/franz.Bligny1.W.K.-4651-gef.-14.09.2013-5-199x300.jpg" width="199" height="300" srcset="http://www.denkfried.de/wp/wp-content/uploads/2013/09/franz.Bligny1.W.K.-4651-gef.-14.09.2013-5-199x300.jpg 199w, http://www.denkfried.de/wp/wp-content/uploads/2013/09/franz.Bligny1.W.K.-4651-gef.-14.09.2013-5.jpg 478w" sizes="auto, (max-width: 199px) 100vw, 199px" /></a> <a href="http://www.denkfried.de/wp/wp-content/uploads/2013/09/franz.Bligny1.W.K.-4651-gef.-14.09.2013-6.jpg"><img loading="lazy" decoding="async" class="alignnone size-medium wp-image-32912" alt="franz.Bligny,1.W.K. 4651 gef. 14.09.2013 (6)" src="http://www.denkfried.de/wp/wp-content/uploads/2013/09/franz.Bligny1.W.K.-4651-gef.-14.09.2013-6-300x199.jpg" width="300" height="199" srcset="http://www.denkfried.de/wp/wp-content/uploads/2013/09/franz.Bligny1.W.K.-4651-gef.-14.09.2013-6-300x199.jpg 300w, http://www.denkfried.de/wp/wp-content/uploads/2013/09/franz.Bligny1.W.K.-4651-gef.-14.09.2013-6.jpg 720w" sizes="auto, (max-width: 300px) 100vw, 300px" /></a> <a href="http://www.denkfried.de/wp/wp-content/uploads/2013/09/franz.Bligny1.W.K.-4651-gef.-14.09.2013-7.jpg"><img loading="lazy" decoding="async" class="alignnone size-medium wp-image-32913" alt="franz.Bligny,1.W.K. 4651 gef. 14.09.2013 (7)" src="http://www.denkfried.de/wp/wp-content/uploads/2013/09/franz.Bligny1.W.K.-4651-gef.-14.09.2013-7-300x199.jpg" width="300" height="199" srcset="http://www.denkfried.de/wp/wp-content/uploads/2013/09/franz.Bligny1.W.K.-4651-gef.-14.09.2013-7-300x199.jpg 300w, http://www.denkfried.de/wp/wp-content/uploads/2013/09/franz.Bligny1.W.K.-4651-gef.-14.09.2013-7.jpg 720w" sizes="auto, (max-width: 300px) 100vw, 300px" /></a> <a href="http://www.denkfried.de/wp/wp-content/uploads/2013/09/franz.Bligny1.W.K.-4651-gef.-14.09.2013-8.jpg"><img loading="lazy" decoding="async" class="alignnone size-medium wp-image-32914" alt="franz.Bligny,1.W.K. 4651 gef. 14.09.2013 (8)" src="http://www.denkfried.de/wp/wp-content/uploads/2013/09/franz.Bligny1.W.K.-4651-gef.-14.09.2013-8-199x300.jpg" width="199" height="300" srcset="http://www.denkfried.de/wp/wp-content/uploads/2013/09/franz.Bligny1.W.K.-4651-gef.-14.09.2013-8-199x300.jpg 199w, http://www.denkfried.de/wp/wp-content/uploads/2013/09/franz.Bligny1.W.K.-4651-gef.-14.09.2013-8.jpg 478w" sizes="auto, (max-width: 199px) 100vw, 199px" /></a></p>

<p>&nbsp; 10200 Bligny Gleich nebenan des deutschen Soldatenfriedhofs in Bligny findet sich ein Gräberfeld von 10.000 qm Größe für die gefallenen Franzosen aus dem 1.Weltkrieg, 2 Franzosen gefallen im 2.Weltkrieg ruhen auch unter den gefallenen. Helle Betonkreuze kennzeichnen, wie für &hellip; <a href="http://www.denkfried.de/wp/?page_id=32906">Weiterlesen <span class="meta-nav">&rarr;</span></a></p>
