{"id":32706,"date":"2013-09-26T20:27:44","date_gmt":"2013-09-26T18:27:44","guid":{"rendered":"http:\/\/www.denkfried.de\/wp\/?page_id=32706"},"modified":"2013-09-26T20:34:17","modified_gmt":"2013-09-26T18:34:17","slug":"auberivemarne","status":"publish","type":"page","link":"http:\/\/www.denkfried.de\/wp\/?page_id=32706","title":{"rendered":"Auberive\/Marne"},"content":{"rendered":"<p>&nbsp;<\/p>\n<p><span style=\"text-decoration: underline;\"><strong>52160 Aub\u00e8rive<\/strong><\/span><\/p>\n<p>Am 15.09.2013 erreichen wir,an de D931 gelegenen, den deutschen Soldatenfriedhof Aub\u00e8rive \/Marne in der Champagne f\u00fcr 5359 gefallene des Ersten Weltkriegs. Natursteinkreuze kennzeichnen die Gr\u00e4ber der hier zur letzten Ruhe gebetteten Soldaten die aus 30 Sammelfriedh\u00f6fen von den franz\u00f6sischen Milit\u00e4rbeh\u00f6rden hier her umgebettet wurden. Das Gemeinschaftsgrab, von den hier 3124 beigesetzten Gefallenen sind nur 218 Namen bekannt,wurde mit Naturstein eingefasst. Das weitl\u00e4ufige Gr\u00e4berfeld vermittelt einen gepflegten Eindruck. Beim Besuch fehlte die Klappe mit dem Besucherbuch. Gleich nebenan dem Deutschen Soldatenfriedhof findet sich das Gr\u00e4berfeld f\u00fcr franz\u00f6sische und polnische Soldaten des Ersten Weltkrieges.<\/p>\n<p>Koordinaten: N49\u00b011.59 O4\u00b022.09<\/p>\n<p>Bilder vom 15.09.2013<\/p>\n<p>Gr\u00fc\u00dfe Hubert<\/p>\n<p><a href=\"http:\/\/www.denkfried.de\/wp\/wp-content\/uploads\/2013\/09\/Auberive1.W.K.-5359-gef.-D-93115.09.2013-1.jpg\"><img loading=\"lazy\" decoding=\"async\" class=\"alignnone size-medium wp-image-32707\" alt=\"Auberive,1.W.K. 5359 gef. D 931,15.09.2013- (1)\" src=\"http:\/\/www.denkfried.de\/wp\/wp-content\/uploads\/2013\/09\/Auberive1.W.K.-5359-gef.-D-93115.09.2013-1-300x199.jpg\" width=\"300\" height=\"199\" srcset=\"http:\/\/www.denkfried.de\/wp\/wp-content\/uploads\/2013\/09\/Auberive1.W.K.-5359-gef.-D-93115.09.2013-1-300x199.jpg 300w, http:\/\/www.denkfried.de\/wp\/wp-content\/uploads\/2013\/09\/Auberive1.W.K.-5359-gef.-D-93115.09.2013-1.jpg 720w\" sizes=\"auto, (max-width: 300px) 100vw, 300px\" \/><\/a> <a href=\"http:\/\/www.denkfried.de\/wp\/wp-content\/uploads\/2013\/09\/Auberive1.W.K.-5359-gef.-D-93115.09.2013-2.jpg\"><img loading=\"lazy\" decoding=\"async\" class=\"alignnone size-medium wp-image-32708\" alt=\"Auberive,1.W.K. 5359 gef. D 931,15.09.2013- (2)\" src=\"http:\/\/www.denkfried.de\/wp\/wp-content\/uploads\/2013\/09\/Auberive1.W.K.-5359-gef.-D-93115.09.2013-2-199x300.jpg\" width=\"199\" height=\"300\" srcset=\"http:\/\/www.denkfried.de\/wp\/wp-content\/uploads\/2013\/09\/Auberive1.W.K.-5359-gef.-D-93115.09.2013-2-199x300.jpg 199w, http:\/\/www.denkfried.de\/wp\/wp-content\/uploads\/2013\/09\/Auberive1.W.K.-5359-gef.-D-93115.09.2013-2.jpg 478w\" sizes=\"auto, (max-width: 199px) 100vw, 199px\" \/><\/a> <a href=\"http:\/\/www.denkfried.de\/wp\/wp-content\/uploads\/2013\/09\/Auberive1.W.K.-5359-gef.-D-93115.09.2013-3.jpg\"><img loading=\"lazy\" decoding=\"async\" class=\"alignnone size-medium wp-image-32709\" alt=\"Auberive,1.W.K. 5359 gef. D 931,15.09.2013- (3)\" src=\"http:\/\/www.denkfried.de\/wp\/wp-content\/uploads\/2013\/09\/Auberive1.W.K.-5359-gef.-D-93115.09.2013-3-300x199.jpg\" width=\"300\" height=\"199\" srcset=\"http:\/\/www.denkfried.de\/wp\/wp-content\/uploads\/2013\/09\/Auberive1.W.K.-5359-gef.-D-93115.09.2013-3-300x199.jpg 300w, http:\/\/www.denkfried.de\/wp\/wp-content\/uploads\/2013\/09\/Auberive1.W.K.-5359-gef.-D-93115.09.2013-3.jpg 720w\" sizes=\"auto, (max-width: 300px) 100vw, 300px\" \/><\/a> <a href=\"http:\/\/www.denkfried.de\/wp\/wp-content\/uploads\/2013\/09\/Auberive1.W.K.-5359-gef.-D-93115.09.2013-4.jpg\"><img loading=\"lazy\" decoding=\"async\" class=\"alignnone size-medium wp-image-32710\" alt=\"Auberive,1.W.K. 5359 gef. D 931,15.09.2013- (4)\" src=\"http:\/\/www.denkfried.de\/wp\/wp-content\/uploads\/2013\/09\/Auberive1.W.K.-5359-gef.-D-93115.09.2013-4-300x199.jpg\" width=\"300\" height=\"199\" srcset=\"http:\/\/www.denkfried.de\/wp\/wp-content\/uploads\/2013\/09\/Auberive1.W.K.-5359-gef.-D-93115.09.2013-4-300x199.jpg 300w, http:\/\/www.denkfried.de\/wp\/wp-content\/uploads\/2013\/09\/Auberive1.W.K.-5359-gef.-D-93115.09.2013-4.jpg 720w\" sizes=\"auto, (max-width: 300px) 100vw, 300px\" \/><\/a> <a href=\"http:\/\/www.denkfried.de\/wp\/wp-content\/uploads\/2013\/09\/Auberive1.W.K.-5359-gef.-D-93115.09.2013-5.jpg\"><img loading=\"lazy\" decoding=\"async\" class=\"alignnone size-medium wp-image-32711\" alt=\"Auberive,1.W.K. 5359 gef. D 931,15.09.2013- (5)\" src=\"http:\/\/www.denkfried.de\/wp\/wp-content\/uploads\/2013\/09\/Auberive1.W.K.-5359-gef.-D-93115.09.2013-5-199x300.jpg\" width=\"199\" height=\"300\" srcset=\"http:\/\/www.denkfried.de\/wp\/wp-content\/uploads\/2013\/09\/Auberive1.W.K.-5359-gef.-D-93115.09.2013-5-199x300.jpg 199w, http:\/\/www.denkfried.de\/wp\/wp-content\/uploads\/2013\/09\/Auberive1.W.K.-5359-gef.-D-93115.09.2013-5.jpg 478w\" sizes=\"auto, (max-width: 199px) 100vw, 199px\" \/><\/a> <a href=\"http:\/\/www.denkfried.de\/wp\/wp-content\/uploads\/2013\/09\/Auberive1.W.K.-5359-gef.-D-93115.09.2013-6.jpg\"><img loading=\"lazy\" decoding=\"async\" class=\"alignnone size-medium wp-image-32712\" alt=\"Auberive,1.W.K. 5359 gef. D 931,15.09.2013- (6)\" src=\"http:\/\/www.denkfried.de\/wp\/wp-content\/uploads\/2013\/09\/Auberive1.W.K.-5359-gef.-D-93115.09.2013-6-199x300.jpg\" width=\"199\" height=\"300\" srcset=\"http:\/\/www.denkfried.de\/wp\/wp-content\/uploads\/2013\/09\/Auberive1.W.K.-5359-gef.-D-93115.09.2013-6-199x300.jpg 199w, http:\/\/www.denkfried.de\/wp\/wp-content\/uploads\/2013\/09\/Auberive1.W.K.-5359-gef.-D-93115.09.2013-6.jpg 478w\" sizes=\"auto, (max-width: 199px) 100vw, 199px\" \/><\/a> <a href=\"http:\/\/www.denkfried.de\/wp\/wp-content\/uploads\/2013\/09\/Auberive1.W.K.-5359-gef.-D-93115.09.2013-8.jpg\"><img loading=\"lazy\" decoding=\"async\" class=\"alignnone size-medium wp-image-32713\" alt=\"Auberive,1.W.K. 5359 gef. D 931,15.09.2013- (8)\" src=\"http:\/\/www.denkfried.de\/wp\/wp-content\/uploads\/2013\/09\/Auberive1.W.K.-5359-gef.-D-93115.09.2013-8-300x199.jpg\" width=\"300\" height=\"199\" srcset=\"http:\/\/www.denkfried.de\/wp\/wp-content\/uploads\/2013\/09\/Auberive1.W.K.-5359-gef.-D-93115.09.2013-8-300x199.jpg 300w, http:\/\/www.denkfried.de\/wp\/wp-content\/uploads\/2013\/09\/Auberive1.W.K.-5359-gef.-D-93115.09.2013-8.jpg 720w\" sizes=\"auto, (max-width: 300px) 100vw, 300px\" \/><\/a> <a href=\"http:\/\/www.denkfried.de\/wp\/wp-content\/uploads\/2013\/09\/Auberive1.W.K.-5359-gef.-D-93115.09.2013-10.jpg\"><img loading=\"lazy\" decoding=\"async\" class=\"alignnone size-medium wp-image-32714\" alt=\"Auberive,1.W.K. 5359 gef. D 931,15.09.2013- (10)\" src=\"http:\/\/www.denkfried.de\/wp\/wp-content\/uploads\/2013\/09\/Auberive1.W.K.-5359-gef.-D-93115.09.2013-10-300x199.jpg\" width=\"300\" height=\"199\" srcset=\"http:\/\/www.denkfried.de\/wp\/wp-content\/uploads\/2013\/09\/Auberive1.W.K.-5359-gef.-D-93115.09.2013-10-300x199.jpg 300w, http:\/\/www.denkfried.de\/wp\/wp-content\/uploads\/2013\/09\/Auberive1.W.K.-5359-gef.-D-93115.09.2013-10.jpg 720w\" sizes=\"auto, (max-width: 300px) 100vw, 300px\" \/><\/a> <a href=\"http:\/\/www.denkfried.de\/wp\/wp-content\/uploads\/2013\/09\/Auberive1.W.K.-5359-gef.-D-93115.09.2013-12.jpg\"><img loading=\"lazy\" decoding=\"async\" class=\"alignnone size-medium wp-image-32715\" alt=\"Auberive,1.W.K. 5359 gef. D 931,15.09.2013- (12)\" src=\"http:\/\/www.denkfried.de\/wp\/wp-content\/uploads\/2013\/09\/Auberive1.W.K.-5359-gef.-D-93115.09.2013-12-300x199.jpg\" width=\"300\" height=\"199\" srcset=\"http:\/\/www.denkfried.de\/wp\/wp-content\/uploads\/2013\/09\/Auberive1.W.K.-5359-gef.-D-93115.09.2013-12-300x199.jpg 300w, http:\/\/www.denkfried.de\/wp\/wp-content\/uploads\/2013\/09\/Auberive1.W.K.-5359-gef.-D-93115.09.2013-12.jpg 720w\" sizes=\"auto, (max-width: 300px) 100vw, 300px\" \/><\/a> <a href=\"http:\/\/www.denkfried.de\/wp\/wp-content\/uploads\/2013\/09\/Auberive1.W.K.-5359-gef.-D-93115.09.2013-14.jpg\"><img loading=\"lazy\" decoding=\"async\" class=\"alignnone size-medium wp-image-32716\" alt=\"Auberive,1.W.K. 5359 gef. D 931,15.09.2013- (14)\" src=\"http:\/\/www.denkfried.de\/wp\/wp-content\/uploads\/2013\/09\/Auberive1.W.K.-5359-gef.-D-93115.09.2013-14-300x199.jpg\" width=\"300\" height=\"199\" srcset=\"http:\/\/www.denkfried.de\/wp\/wp-content\/uploads\/2013\/09\/Auberive1.W.K.-5359-gef.-D-93115.09.2013-14-300x199.jpg 300w, http:\/\/www.denkfried.de\/wp\/wp-content\/uploads\/2013\/09\/Auberive1.W.K.-5359-gef.-D-93115.09.2013-14.jpg 720w\" sizes=\"auto, (max-width: 300px) 100vw, 300px\" \/><\/a> <a href=\"http:\/\/www.denkfried.de\/wp\/wp-content\/uploads\/2013\/09\/Auberive1.W.K.-5359-gef.-D-93115.09.2013-13.jpg\"><img loading=\"lazy\" decoding=\"async\" class=\"alignnone size-medium wp-image-32717\" alt=\"Auberive,1.W.K. 5359 gef. D 931,15.09.2013- (13)\" src=\"http:\/\/www.denkfried.de\/wp\/wp-content\/uploads\/2013\/09\/Auberive1.W.K.-5359-gef.-D-93115.09.2013-13-199x300.jpg\" width=\"199\" height=\"300\" srcset=\"http:\/\/www.denkfried.de\/wp\/wp-content\/uploads\/2013\/09\/Auberive1.W.K.-5359-gef.-D-93115.09.2013-13-199x300.jpg 199w, http:\/\/www.denkfried.de\/wp\/wp-content\/uploads\/2013\/09\/Auberive1.W.K.-5359-gef.-D-93115.09.2013-13.jpg 478w\" sizes=\"auto, (max-width: 199px) 100vw, 199px\" \/><\/a> <a href=\"http:\/\/www.denkfried.de\/wp\/wp-content\/uploads\/2013\/09\/Auberive1.W.K.-5359-gef.-D-93115.09.2013-15.jpg\"><img loading=\"lazy\" decoding=\"async\" class=\"alignnone size-medium wp-image-32718\" alt=\"Auberive,1.W.K. 5359 gef. D 931,15.09.2013- (15)\" src=\"http:\/\/www.denkfried.de\/wp\/wp-content\/uploads\/2013\/09\/Auberive1.W.K.-5359-gef.-D-93115.09.2013-15-300x199.jpg\" width=\"300\" height=\"199\" srcset=\"http:\/\/www.denkfried.de\/wp\/wp-content\/uploads\/2013\/09\/Auberive1.W.K.-5359-gef.-D-93115.09.2013-15-300x199.jpg 300w, http:\/\/www.denkfried.de\/wp\/wp-content\/uploads\/2013\/09\/Auberive1.W.K.-5359-gef.-D-93115.09.2013-15.jpg 720w\" sizes=\"auto, (max-width: 300px) 100vw, 300px\" \/><\/a><\/p>\n","protected":false},"excerpt":{"rendered":"<p>&nbsp; 52160 Aub\u00e8rive Am 15.09.2013 erreichen wir,an de D931 gelegenen, den deutschen Soldatenfriedhof Aub\u00e8rive \/Marne in der Champagne f\u00fcr 5359 gefallene des Ersten Weltkriegs. Natursteinkreuze kennzeichnen die Gr\u00e4ber der hier zur letzten Ruhe gebetteten Soldaten die aus 30 Sammelfriedh\u00f6fen von &hellip; <a href=\"http:\/\/www.denkfried.de\/wp\/?page_id=32706\">Weiterlesen <span class=\"meta-nav\">&rarr;<\/span><\/a><\/p>\n","protected":false},"author":7,"featured_media":32718,"parent":8258,"menu_order":0,"comment_status":"closed","ping_status":"open","template":"","meta":{"footnotes":""},"class_list":["post-32706","page","type-page","status-publish","has-post-thumbnail","hentry"],"_links":{"self":[{"href":"http:\/\/www.denkfried.de\/wp\/index.php?rest_route=\/wp\/v2\/pages\/32706","targetHints":{"allow":["GET"]}}],"collection":[{"href":"http:\/\/www.denkfried.de\/wp\/index.php?rest_route=\/wp\/v2\/pages"}],"about":[{"href":"http:\/\/www.denkfried.de\/wp\/index.php?rest_route=\/wp\/v2\/types\/page"}],"author":[{"embeddable":true,"href":"http:\/\/www.denkfried.de\/wp\/index.php?rest_route=\/wp\/v2\/users\/7"}],"replies":[{"embeddable":true,"href":"http:\/\/www.denkfried.de\/wp\/index.php?rest_route=%2Fwp%2Fv2%2Fcomments&post=32706"}],"version-history":[{"count":1,"href":"http:\/\/www.denkfried.de\/wp\/index.php?rest_route=\/wp\/v2\/pages\/32706\/revisions"}],"predecessor-version":[{"id":32719,"href":"http:\/\/www.denkfried.de\/wp\/index.php?rest_route=\/wp\/v2\/pages\/32706\/revisions\/32719"}],"up":[{"embeddable":true,"href":"http:\/\/www.denkfried.de\/wp\/index.php?rest_route=\/wp\/v2\/pages\/8258"}],"wp:featuredmedia":[{"embeddable":true,"href":"http:\/\/www.denkfried.de\/wp\/index.php?rest_route=\/wp\/v2\/media\/32718"}],"wp:attachment":[{"href":"http:\/\/www.denkfried.de\/wp\/index.php?rest_route=%2Fwp%2Fv2%2Fmedia&parent=32706"}],"curies":[{"name":"wp","href":"https:\/\/api.w.org\/{rel}","templated":true}]}}

<p>&nbsp;</p>
<p><span style="text-decoration: underline;"><strong>52160 Aubèrive</strong></span></p>
<p>Am 15.09.2013 erreichen wir,an de D931 gelegenen, den deutschen Soldatenfriedhof Aubèrive /Marne in der Champagne für 5359 gefallene des Ersten Weltkriegs. Natursteinkreuze kennzeichnen die Gräber der hier zur letzten Ruhe gebetteten Soldaten die aus 30 Sammelfriedhöfen von den französischen Militärbehörden hier her umgebettet wurden. Das Gemeinschaftsgrab, von den hier 3124 beigesetzten Gefallenen sind nur 218 Namen bekannt,wurde mit Naturstein eingefasst. Das weitläufige Gräberfeld vermittelt einen gepflegten Eindruck. Beim Besuch fehlte die Klappe mit dem Besucherbuch. Gleich nebenan dem Deutschen Soldatenfriedhof findet sich das Gräberfeld für französische und polnische Soldaten des Ersten Weltkrieges.</p>
<p>Koordinaten: N49°11.59 O4°22.09</p>
<p>Bilder vom 15.09.2013</p>
<p>Grüße Hubert</p>
<p><a href="http://www.denkfried.de/wp/wp-content/uploads/2013/09/Auberive1.W.K.-5359-gef.-D-93115.09.2013-1.jpg"><img loading="lazy" decoding="async" class="alignnone size-medium wp-image-32707" alt="Auberive,1.W.K. 5359 gef. D 931,15.09.2013- (1)" src="http://www.denkfried.de/wp/wp-content/uploads/2013/09/Auberive1.W.K.-5359-gef.-D-93115.09.2013-1-300x199.jpg" width="300" height="199" srcset="http://www.denkfried.de/wp/wp-content/uploads/2013/09/Auberive1.W.K.-5359-gef.-D-93115.09.2013-1-300x199.jpg 300w, http://www.denkfried.de/wp/wp-content/uploads/2013/09/Auberive1.W.K.-5359-gef.-D-93115.09.2013-1.jpg 720w" sizes="auto, (max-width: 300px) 100vw, 300px" /></a> <a href="http://www.denkfried.de/wp/wp-content/uploads/2013/09/Auberive1.W.K.-5359-gef.-D-93115.09.2013-2.jpg"><img loading="lazy" decoding="async" class="alignnone size-medium wp-image-32708" alt="Auberive,1.W.K. 5359 gef. D 931,15.09.2013- (2)" src="http://www.denkfried.de/wp/wp-content/uploads/2013/09/Auberive1.W.K.-5359-gef.-D-93115.09.2013-2-199x300.jpg" width="199" height="300" srcset="http://www.denkfried.de/wp/wp-content/uploads/2013/09/Auberive1.W.K.-5359-gef.-D-93115.09.2013-2-199x300.jpg 199w, http://www.denkfried.de/wp/wp-content/uploads/2013/09/Auberive1.W.K.-5359-gef.-D-93115.09.2013-2.jpg 478w" sizes="auto, (max-width: 199px) 100vw, 199px" /></a> <a href="http://www.denkfried.de/wp/wp-content/uploads/2013/09/Auberive1.W.K.-5359-gef.-D-93115.09.2013-3.jpg"><img loading="lazy" decoding="async" class="alignnone size-medium wp-image-32709" alt="Auberive,1.W.K. 5359 gef. D 931,15.09.2013- (3)" src="http://www.denkfried.de/wp/wp-content/uploads/2013/09/Auberive1.W.K.-5359-gef.-D-93115.09.2013-3-300x199.jpg" width="300" height="199" srcset="http://www.denkfried.de/wp/wp-content/uploads/2013/09/Auberive1.W.K.-5359-gef.-D-93115.09.2013-3-300x199.jpg 300w, http://www.denkfried.de/wp/wp-content/uploads/2013/09/Auberive1.W.K.-5359-gef.-D-93115.09.2013-3.jpg 720w" sizes="auto, (max-width: 300px) 100vw, 300px" /></a> <a href="http://www.denkfried.de/wp/wp-content/uploads/2013/09/Auberive1.W.K.-5359-gef.-D-93115.09.2013-4.jpg"><img loading="lazy" decoding="async" class="alignnone size-medium wp-image-32710" alt="Auberive,1.W.K. 5359 gef. D 931,15.09.2013- (4)" src="http://www.denkfried.de/wp/wp-content/uploads/2013/09/Auberive1.W.K.-5359-gef.-D-93115.09.2013-4-300x199.jpg" width="300" height="199" srcset="http://www.denkfried.de/wp/wp-content/uploads/2013/09/Auberive1.W.K.-5359-gef.-D-93115.09.2013-4-300x199.jpg 300w, http://www.denkfried.de/wp/wp-content/uploads/2013/09/Auberive1.W.K.-5359-gef.-D-93115.09.2013-4.jpg 720w" sizes="auto, (max-width: 300px) 100vw, 300px" /></a> <a href="http://www.denkfried.de/wp/wp-content/uploads/2013/09/Auberive1.W.K.-5359-gef.-D-93115.09.2013-5.jpg"><img loading="lazy" decoding="async" class="alignnone size-medium wp-image-32711" alt="Auberive,1.W.K. 5359 gef. D 931,15.09.2013- (5)" src="http://www.denkfried.de/wp/wp-content/uploads/2013/09/Auberive1.W.K.-5359-gef.-D-93115.09.2013-5-199x300.jpg" width="199" height="300" srcset="http://www.denkfried.de/wp/wp-content/uploads/2013/09/Auberive1.W.K.-5359-gef.-D-93115.09.2013-5-199x300.jpg 199w, http://www.denkfried.de/wp/wp-content/uploads/2013/09/Auberive1.W.K.-5359-gef.-D-93115.09.2013-5.jpg 478w" sizes="auto, (max-width: 199px) 100vw, 199px" /></a> <a href="http://www.denkfried.de/wp/wp-content/uploads/2013/09/Auberive1.W.K.-5359-gef.-D-93115.09.2013-6.jpg"><img loading="lazy" decoding="async" class="alignnone size-medium wp-image-32712" alt="Auberive,1.W.K. 5359 gef. D 931,15.09.2013- (6)" src="http://www.denkfried.de/wp/wp-content/uploads/2013/09/Auberive1.W.K.-5359-gef.-D-93115.09.2013-6-199x300.jpg" width="199" height="300" srcset="http://www.denkfried.de/wp/wp-content/uploads/2013/09/Auberive1.W.K.-5359-gef.-D-93115.09.2013-6-199x300.jpg 199w, http://www.denkfried.de/wp/wp-content/uploads/2013/09/Auberive1.W.K.-5359-gef.-D-93115.09.2013-6.jpg 478w" sizes="auto, (max-width: 199px) 100vw, 199px" /></a> <a href="http://www.denkfried.de/wp/wp-content/uploads/2013/09/Auberive1.W.K.-5359-gef.-D-93115.09.2013-8.jpg"><img loading="lazy" decoding="async" class="alignnone size-medium wp-image-32713" alt="Auberive,1.W.K. 5359 gef. D 931,15.09.2013- (8)" src="http://www.denkfried.de/wp/wp-content/uploads/2013/09/Auberive1.W.K.-5359-gef.-D-93115.09.2013-8-300x199.jpg" width="300" height="199" srcset="http://www.denkfried.de/wp/wp-content/uploads/2013/09/Auberive1.W.K.-5359-gef.-D-93115.09.2013-8-300x199.jpg 300w, http://www.denkfried.de/wp/wp-content/uploads/2013/09/Auberive1.W.K.-5359-gef.-D-93115.09.2013-8.jpg 720w" sizes="auto, (max-width: 300px) 100vw, 300px" /></a> <a href="http://www.denkfried.de/wp/wp-content/uploads/2013/09/Auberive1.W.K.-5359-gef.-D-93115.09.2013-10.jpg"><img loading="lazy" decoding="async" class="alignnone size-medium wp-image-32714" alt="Auberive,1.W.K. 5359 gef. D 931,15.09.2013- (10)" src="http://www.denkfried.de/wp/wp-content/uploads/2013/09/Auberive1.W.K.-5359-gef.-D-93115.09.2013-10-300x199.jpg" width="300" height="199" srcset="http://www.denkfried.de/wp/wp-content/uploads/2013/09/Auberive1.W.K.-5359-gef.-D-93115.09.2013-10-300x199.jpg 300w, http://www.denkfried.de/wp/wp-content/uploads/2013/09/Auberive1.W.K.-5359-gef.-D-93115.09.2013-10.jpg 720w" sizes="auto, (max-width: 300px) 100vw, 300px" /></a> <a href="http://www.denkfried.de/wp/wp-content/uploads/2013/09/Auberive1.W.K.-5359-gef.-D-93115.09.2013-12.jpg"><img loading="lazy" decoding="async" class="alignnone size-medium wp-image-32715" alt="Auberive,1.W.K. 5359 gef. D 931,15.09.2013- (12)" src="http://www.denkfried.de/wp/wp-content/uploads/2013/09/Auberive1.W.K.-5359-gef.-D-93115.09.2013-12-300x199.jpg" width="300" height="199" srcset="http://www.denkfried.de/wp/wp-content/uploads/2013/09/Auberive1.W.K.-5359-gef.-D-93115.09.2013-12-300x199.jpg 300w, http://www.denkfried.de/wp/wp-content/uploads/2013/09/Auberive1.W.K.-5359-gef.-D-93115.09.2013-12.jpg 720w" sizes="auto, (max-width: 300px) 100vw, 300px" /></a> <a href="http://www.denkfried.de/wp/wp-content/uploads/2013/09/Auberive1.W.K.-5359-gef.-D-93115.09.2013-14.jpg"><img loading="lazy" decoding="async" class="alignnone size-medium wp-image-32716" alt="Auberive,1.W.K. 5359 gef. D 931,15.09.2013- (14)" src="http://www.denkfried.de/wp/wp-content/uploads/2013/09/Auberive1.W.K.-5359-gef.-D-93115.09.2013-14-300x199.jpg" width="300" height="199" srcset="http://www.denkfried.de/wp/wp-content/uploads/2013/09/Auberive1.W.K.-5359-gef.-D-93115.09.2013-14-300x199.jpg 300w, http://www.denkfried.de/wp/wp-content/uploads/2013/09/Auberive1.W.K.-5359-gef.-D-93115.09.2013-14.jpg 720w" sizes="auto, (max-width: 300px) 100vw, 300px" /></a> <a href="http://www.denkfried.de/wp/wp-content/uploads/2013/09/Auberive1.W.K.-5359-gef.-D-93115.09.2013-13.jpg"><img loading="lazy" decoding="async" class="alignnone size-medium wp-image-32717" alt="Auberive,1.W.K. 5359 gef. D 931,15.09.2013- (13)" src="http://www.denkfried.de/wp/wp-content/uploads/2013/09/Auberive1.W.K.-5359-gef.-D-93115.09.2013-13-199x300.jpg" width="199" height="300" srcset="http://www.denkfried.de/wp/wp-content/uploads/2013/09/Auberive1.W.K.-5359-gef.-D-93115.09.2013-13-199x300.jpg 199w, http://www.denkfried.de/wp/wp-content/uploads/2013/09/Auberive1.W.K.-5359-gef.-D-93115.09.2013-13.jpg 478w" sizes="auto, (max-width: 199px) 100vw, 199px" /></a> <a href="http://www.denkfried.de/wp/wp-content/uploads/2013/09/Auberive1.W.K.-5359-gef.-D-93115.09.2013-15.jpg"><img loading="lazy" decoding="async" class="alignnone size-medium wp-image-32718" alt="Auberive,1.W.K. 5359 gef. D 931,15.09.2013- (15)" src="http://www.denkfried.de/wp/wp-content/uploads/2013/09/Auberive1.W.K.-5359-gef.-D-93115.09.2013-15-300x199.jpg" width="300" height="199" srcset="http://www.denkfried.de/wp/wp-content/uploads/2013/09/Auberive1.W.K.-5359-gef.-D-93115.09.2013-15-300x199.jpg 300w, http://www.denkfried.de/wp/wp-content/uploads/2013/09/Auberive1.W.K.-5359-gef.-D-93115.09.2013-15.jpg 720w" sizes="auto, (max-width: 300px) 100vw, 300px" /></a></p>

<p>&nbsp; 52160 Aubèrive Am 15.09.2013 erreichen wir,an de D931 gelegenen, den deutschen Soldatenfriedhof Aubèrive /Marne in der Champagne für 5359 gefallene des Ersten Weltkriegs. Natursteinkreuze kennzeichnen die Gräber der hier zur letzten Ruhe gebetteten Soldaten die aus 30 Sammelfriedhöfen von &hellip; <a href="http://www.denkfried.de/wp/?page_id=32706">Weiterlesen <span class="meta-nav">&rarr;</span></a></p>
