{"id":32693,"date":"2013-09-26T19:41:53","date_gmt":"2013-09-26T17:41:53","guid":{"rendered":"http:\/\/www.denkfried.de\/wp\/?page_id=32693"},"modified":"2013-09-26T19:41:53","modified_gmt":"2013-09-26T17:41:53","slug":"franz-loupeigneaisne","status":"publish","type":"page","link":"http:\/\/www.denkfried.de\/wp\/?page_id=32693","title":{"rendered":"franz.Loupeigne\/Aisne"},"content":{"rendered":"<p>&nbsp;<\/p>\n<p><span style=\"text-decoration: underline;\"><strong>02130Loupeigne,franz.Soldatenfriedhof<\/strong><\/span><\/p>\n<p>Wir erreichen auf unserer Reise durch die Normandie das gemeinsame Gr\u00e4berfeld des 1.Weltkrieges f\u00fcr franz\u00f6sische und deutsche Gefallene Soldaten.Der Soldatenfriedhof liegt an der Rue Du Presbyt\u00e8re.Eine breite Treppe f\u00fchrt zum Fahnenmasten auf dem die Trikolore weht.Rechts davon wurde f\u00fcr 478 Deutsche ein Gr\u00e4berfeld angelegt. Gleich gegen\u00fcber errichtete der \u00a0franz\u00f6sische \u00a0Gr\u00e4berdienst f\u00fcr seine 598 gefallenen Soldaten , die bei den K\u00e4mpfen an der Marne bis hin zum Aisnetal, ihr Leben lie\u00dfen das langezogene Gr\u00e4berfeld. Wie bei den Franzosen \u00fcblich , zeichnen Betonkreuze die Einzelgr\u00e4ber der Gefallenen, Steinsteelen stehen f\u00fcr die gefallenen muslimischen Soldaten. Nach dem Besuch auf dem Deutschen Gr\u00e4berfeld machen wir auch hier einen Besuch und machen einige Bilder vom gepflegten Soldatenfriedhof, mann hatte schon begonnen das Gr\u00e4berfeld zu restaurieren f\u00fcr den 100. Jahrestag zu \u00a0Beginn\u00a0des 1.Weltkrieges.<\/p>\n<p>Bilder vom 07.09.2013<\/p>\n<p>Koordinaten N49\u00b014.695 O3\u00b032.631<\/p>\n<p>Gr\u00fc\u00dfe Hubert<\/p>\n<p><a href=\"http:\/\/www.denkfried.de\/wp\/wp-content\/uploads\/2013\/09\/Loupenje-1.W.K.-478-deutschezweiter-Besuch07.09.2013-301-1.jpg\"><img loading=\"lazy\" decoding=\"async\" class=\"alignnone size-medium wp-image-32694\" alt=\"Loupenje, 1.W.K. 478 deutsche,zweiter Besuch,07.09.2013-301 (1)\" src=\"http:\/\/www.denkfried.de\/wp\/wp-content\/uploads\/2013\/09\/Loupenje-1.W.K.-478-deutschezweiter-Besuch07.09.2013-301-1-300x199.jpg\" width=\"300\" height=\"199\" srcset=\"http:\/\/www.denkfried.de\/wp\/wp-content\/uploads\/2013\/09\/Loupenje-1.W.K.-478-deutschezweiter-Besuch07.09.2013-301-1-300x199.jpg 300w, http:\/\/www.denkfried.de\/wp\/wp-content\/uploads\/2013\/09\/Loupenje-1.W.K.-478-deutschezweiter-Besuch07.09.2013-301-1.jpg 720w\" sizes=\"auto, (max-width: 300px) 100vw, 300px\" \/><\/a> <a href=\"http:\/\/www.denkfried.de\/wp\/wp-content\/uploads\/2013\/09\/Loupenje-franz.-1.W.K.-598zweiter-Besuch-07.09.2013-312-1.jpg\"><img loading=\"lazy\" decoding=\"async\" class=\"alignnone size-medium wp-image-32695\" alt=\"Loupenje, franz. 1.W.K. 598,zweiter Besuch, 07.09.2013-312 (1)\" src=\"http:\/\/www.denkfried.de\/wp\/wp-content\/uploads\/2013\/09\/Loupenje-franz.-1.W.K.-598zweiter-Besuch-07.09.2013-312-1-300x199.jpg\" width=\"300\" height=\"199\" srcset=\"http:\/\/www.denkfried.de\/wp\/wp-content\/uploads\/2013\/09\/Loupenje-franz.-1.W.K.-598zweiter-Besuch-07.09.2013-312-1-300x199.jpg 300w, http:\/\/www.denkfried.de\/wp\/wp-content\/uploads\/2013\/09\/Loupenje-franz.-1.W.K.-598zweiter-Besuch-07.09.2013-312-1.jpg 720w\" sizes=\"auto, (max-width: 300px) 100vw, 300px\" \/><\/a> <a href=\"http:\/\/www.denkfried.de\/wp\/wp-content\/uploads\/2013\/09\/Loupenje-franz.-1.W.K.-598zweiter-Besuch-07.09.2013-312-2.jpg\"><img loading=\"lazy\" decoding=\"async\" class=\"alignnone size-medium wp-image-32696\" alt=\"Loupenje, franz. 1.W.K. 598,zweiter Besuch, 07.09.2013-312 (2)\" src=\"http:\/\/www.denkfried.de\/wp\/wp-content\/uploads\/2013\/09\/Loupenje-franz.-1.W.K.-598zweiter-Besuch-07.09.2013-312-2-300x199.jpg\" width=\"300\" height=\"199\" srcset=\"http:\/\/www.denkfried.de\/wp\/wp-content\/uploads\/2013\/09\/Loupenje-franz.-1.W.K.-598zweiter-Besuch-07.09.2013-312-2-300x199.jpg 300w, http:\/\/www.denkfried.de\/wp\/wp-content\/uploads\/2013\/09\/Loupenje-franz.-1.W.K.-598zweiter-Besuch-07.09.2013-312-2.jpg 720w\" sizes=\"auto, (max-width: 300px) 100vw, 300px\" \/><\/a> <a href=\"http:\/\/www.denkfried.de\/wp\/wp-content\/uploads\/2013\/09\/Loupenje-franz.-1.W.K.-598zweiter-Besuch-07.09.2013-312-3.jpg\"><img loading=\"lazy\" decoding=\"async\" class=\"alignnone size-medium wp-image-32697\" alt=\"Loupenje, franz. 1.W.K. 598,zweiter Besuch, 07.09.2013-312 (3)\" src=\"http:\/\/www.denkfried.de\/wp\/wp-content\/uploads\/2013\/09\/Loupenje-franz.-1.W.K.-598zweiter-Besuch-07.09.2013-312-3-199x300.jpg\" width=\"199\" height=\"300\" srcset=\"http:\/\/www.denkfried.de\/wp\/wp-content\/uploads\/2013\/09\/Loupenje-franz.-1.W.K.-598zweiter-Besuch-07.09.2013-312-3-199x300.jpg 199w, http:\/\/www.denkfried.de\/wp\/wp-content\/uploads\/2013\/09\/Loupenje-franz.-1.W.K.-598zweiter-Besuch-07.09.2013-312-3.jpg 478w\" sizes=\"auto, (max-width: 199px) 100vw, 199px\" \/><\/a> <a href=\"http:\/\/www.denkfried.de\/wp\/wp-content\/uploads\/2013\/09\/Loupenje-franz.-1.W.K.-598zweiter-Besuch-07.09.2013-312-4.jpg\"><img loading=\"lazy\" decoding=\"async\" class=\"alignnone size-medium wp-image-32698\" alt=\"Loupenje, franz. 1.W.K. 598,zweiter Besuch, 07.09.2013-312 (4)\" src=\"http:\/\/www.denkfried.de\/wp\/wp-content\/uploads\/2013\/09\/Loupenje-franz.-1.W.K.-598zweiter-Besuch-07.09.2013-312-4-199x300.jpg\" width=\"199\" height=\"300\" srcset=\"http:\/\/www.denkfried.de\/wp\/wp-content\/uploads\/2013\/09\/Loupenje-franz.-1.W.K.-598zweiter-Besuch-07.09.2013-312-4-199x300.jpg 199w, http:\/\/www.denkfried.de\/wp\/wp-content\/uploads\/2013\/09\/Loupenje-franz.-1.W.K.-598zweiter-Besuch-07.09.2013-312-4.jpg 478w\" sizes=\"auto, (max-width: 199px) 100vw, 199px\" \/><\/a> <a href=\"http:\/\/www.denkfried.de\/wp\/wp-content\/uploads\/2013\/09\/Loupenje-franz.-1.W.K.-598zweiter-Besuch-07.09.2013-312-5.jpg\"><img loading=\"lazy\" decoding=\"async\" class=\"alignnone size-medium wp-image-32699\" alt=\"Loupenje, franz. 1.W.K. 598,zweiter Besuch, 07.09.2013-312 (5)\" src=\"http:\/\/www.denkfried.de\/wp\/wp-content\/uploads\/2013\/09\/Loupenje-franz.-1.W.K.-598zweiter-Besuch-07.09.2013-312-5-199x300.jpg\" width=\"199\" height=\"300\" srcset=\"http:\/\/www.denkfried.de\/wp\/wp-content\/uploads\/2013\/09\/Loupenje-franz.-1.W.K.-598zweiter-Besuch-07.09.2013-312-5-199x300.jpg 199w, http:\/\/www.denkfried.de\/wp\/wp-content\/uploads\/2013\/09\/Loupenje-franz.-1.W.K.-598zweiter-Besuch-07.09.2013-312-5.jpg 478w\" sizes=\"auto, (max-width: 199px) 100vw, 199px\" \/><\/a> <a href=\"http:\/\/www.denkfried.de\/wp\/wp-content\/uploads\/2013\/09\/Loupenje-franz.-1.W.K.-598zweiter-Besuch-07.09.2013-312-6.jpg\"><img loading=\"lazy\" decoding=\"async\" class=\"alignnone size-medium wp-image-32700\" alt=\"Loupenje, franz. 1.W.K. 598,zweiter Besuch, 07.09.2013-312 (6)\" src=\"http:\/\/www.denkfried.de\/wp\/wp-content\/uploads\/2013\/09\/Loupenje-franz.-1.W.K.-598zweiter-Besuch-07.09.2013-312-6-300x199.jpg\" width=\"300\" height=\"199\" srcset=\"http:\/\/www.denkfried.de\/wp\/wp-content\/uploads\/2013\/09\/Loupenje-franz.-1.W.K.-598zweiter-Besuch-07.09.2013-312-6-300x199.jpg 300w, http:\/\/www.denkfried.de\/wp\/wp-content\/uploads\/2013\/09\/Loupenje-franz.-1.W.K.-598zweiter-Besuch-07.09.2013-312-6.jpg 720w\" sizes=\"auto, (max-width: 300px) 100vw, 300px\" \/><\/a> <a href=\"http:\/\/www.denkfried.de\/wp\/wp-content\/uploads\/2013\/09\/Loupenje-franz.-1.W.K.-598zweiter-Besuch-07.09.2013-312-7.jpg\"><img loading=\"lazy\" decoding=\"async\" class=\"alignnone size-medium wp-image-32701\" alt=\"Loupenje, franz. 1.W.K. 598,zweiter Besuch, 07.09.2013-312 (7)\" src=\"http:\/\/www.denkfried.de\/wp\/wp-content\/uploads\/2013\/09\/Loupenje-franz.-1.W.K.-598zweiter-Besuch-07.09.2013-312-7-199x300.jpg\" width=\"199\" height=\"300\" srcset=\"http:\/\/www.denkfried.de\/wp\/wp-content\/uploads\/2013\/09\/Loupenje-franz.-1.W.K.-598zweiter-Besuch-07.09.2013-312-7-199x300.jpg 199w, http:\/\/www.denkfried.de\/wp\/wp-content\/uploads\/2013\/09\/Loupenje-franz.-1.W.K.-598zweiter-Besuch-07.09.2013-312-7.jpg 478w\" sizes=\"auto, (max-width: 199px) 100vw, 199px\" \/><\/a> <a href=\"http:\/\/www.denkfried.de\/wp\/wp-content\/uploads\/2013\/09\/Loupenje-franz.-1.W.K.-598zweiter-Besuch-07.09.2013-312-8.jpg\"><img loading=\"lazy\" decoding=\"async\" class=\"alignnone size-medium wp-image-32702\" alt=\"Loupenje, franz. 1.W.K. 598,zweiter Besuch, 07.09.2013-312 (8)\" src=\"http:\/\/www.denkfried.de\/wp\/wp-content\/uploads\/2013\/09\/Loupenje-franz.-1.W.K.-598zweiter-Besuch-07.09.2013-312-8-300x199.jpg\" width=\"300\" height=\"199\" srcset=\"http:\/\/www.denkfried.de\/wp\/wp-content\/uploads\/2013\/09\/Loupenje-franz.-1.W.K.-598zweiter-Besuch-07.09.2013-312-8-300x199.jpg 300w, http:\/\/www.denkfried.de\/wp\/wp-content\/uploads\/2013\/09\/Loupenje-franz.-1.W.K.-598zweiter-Besuch-07.09.2013-312-8.jpg 720w\" sizes=\"auto, (max-width: 300px) 100vw, 300px\" \/><\/a><\/p>\n","protected":false},"excerpt":{"rendered":"<p>&nbsp; 02130Loupeigne,franz.Soldatenfriedhof Wir erreichen auf unserer Reise durch die Normandie das gemeinsame Gr\u00e4berfeld des 1.Weltkrieges f\u00fcr franz\u00f6sische und deutsche Gefallene Soldaten.Der Soldatenfriedhof liegt an der Rue Du Presbyt\u00e8re.Eine breite Treppe f\u00fchrt zum Fahnenmasten auf dem die Trikolore weht.Rechts davon wurde &hellip; <a href=\"http:\/\/www.denkfried.de\/wp\/?page_id=32693\">Weiterlesen <span class=\"meta-nav\">&rarr;<\/span><\/a><\/p>\n","protected":false},"author":7,"featured_media":0,"parent":9764,"menu_order":0,"comment_status":"closed","ping_status":"open","template":"","meta":{"footnotes":""},"class_list":["post-32693","page","type-page","status-publish","hentry"],"_links":{"self":[{"href":"http:\/\/www.denkfried.de\/wp\/index.php?rest_route=\/wp\/v2\/pages\/32693","targetHints":{"allow":["GET"]}}],"collection":[{"href":"http:\/\/www.denkfried.de\/wp\/index.php?rest_route=\/wp\/v2\/pages"}],"about":[{"href":"http:\/\/www.denkfried.de\/wp\/index.php?rest_route=\/wp\/v2\/types\/page"}],"author":[{"embeddable":true,"href":"http:\/\/www.denkfried.de\/wp\/index.php?rest_route=\/wp\/v2\/users\/7"}],"replies":[{"embeddable":true,"href":"http:\/\/www.denkfried.de\/wp\/index.php?rest_route=%2Fwp%2Fv2%2Fcomments&post=32693"}],"version-history":[{"count":1,"href":"http:\/\/www.denkfried.de\/wp\/index.php?rest_route=\/wp\/v2\/pages\/32693\/revisions"}],"predecessor-version":[{"id":32703,"href":"http:\/\/www.denkfried.de\/wp\/index.php?rest_route=\/wp\/v2\/pages\/32693\/revisions\/32703"}],"up":[{"embeddable":true,"href":"http:\/\/www.denkfried.de\/wp\/index.php?rest_route=\/wp\/v2\/pages\/9764"}],"wp:attachment":[{"href":"http:\/\/www.denkfried.de\/wp\/index.php?rest_route=%2Fwp%2Fv2%2Fmedia&parent=32693"}],"curies":[{"name":"wp","href":"https:\/\/api.w.org\/{rel}","templated":true}]}}

<p>&nbsp;</p>
<p><span style="text-decoration: underline;"><strong>02130Loupeigne,franz.Soldatenfriedhof</strong></span></p>
<p>Wir erreichen auf unserer Reise durch die Normandie das gemeinsame Gräberfeld des 1.Weltkrieges für französische und deutsche Gefallene Soldaten.Der Soldatenfriedhof liegt an der Rue Du Presbytère.Eine breite Treppe führt zum Fahnenmasten auf dem die Trikolore weht.Rechts davon wurde für 478 Deutsche ein Gräberfeld angelegt. Gleich gegenüber errichtete der  französische  Gräberdienst für seine 598 gefallenen Soldaten , die bei den Kämpfen an der Marne bis hin zum Aisnetal, ihr Leben ließen das langezogene Gräberfeld. Wie bei den Franzosen üblich , zeichnen Betonkreuze die Einzelgräber der Gefallenen, Steinsteelen stehen für die gefallenen muslimischen Soldaten. Nach dem Besuch auf dem Deutschen Gräberfeld machen wir auch hier einen Besuch und machen einige Bilder vom gepflegten Soldatenfriedhof, mann hatte schon begonnen das Gräberfeld zu restaurieren für den 100. Jahrestag zu  Beginn des 1.Weltkrieges.</p>
<p>Bilder vom 07.09.2013</p>
<p>Koordinaten N49°14.695 O3°32.631</p>
<p>Grüße Hubert</p>
<p><a href="http://www.denkfried.de/wp/wp-content/uploads/2013/09/Loupenje-1.W.K.-478-deutschezweiter-Besuch07.09.2013-301-1.jpg"><img loading="lazy" decoding="async" class="alignnone size-medium wp-image-32694" alt="Loupenje, 1.W.K. 478 deutsche,zweiter Besuch,07.09.2013-301 (1)" src="http://www.denkfried.de/wp/wp-content/uploads/2013/09/Loupenje-1.W.K.-478-deutschezweiter-Besuch07.09.2013-301-1-300x199.jpg" width="300" height="199" srcset="http://www.denkfried.de/wp/wp-content/uploads/2013/09/Loupenje-1.W.K.-478-deutschezweiter-Besuch07.09.2013-301-1-300x199.jpg 300w, http://www.denkfried.de/wp/wp-content/uploads/2013/09/Loupenje-1.W.K.-478-deutschezweiter-Besuch07.09.2013-301-1.jpg 720w" sizes="auto, (max-width: 300px) 100vw, 300px" /></a> <a href="http://www.denkfried.de/wp/wp-content/uploads/2013/09/Loupenje-franz.-1.W.K.-598zweiter-Besuch-07.09.2013-312-1.jpg"><img loading="lazy" decoding="async" class="alignnone size-medium wp-image-32695" alt="Loupenje, franz. 1.W.K. 598,zweiter Besuch, 07.09.2013-312 (1)" src="http://www.denkfried.de/wp/wp-content/uploads/2013/09/Loupenje-franz.-1.W.K.-598zweiter-Besuch-07.09.2013-312-1-300x199.jpg" width="300" height="199" srcset="http://www.denkfried.de/wp/wp-content/uploads/2013/09/Loupenje-franz.-1.W.K.-598zweiter-Besuch-07.09.2013-312-1-300x199.jpg 300w, http://www.denkfried.de/wp/wp-content/uploads/2013/09/Loupenje-franz.-1.W.K.-598zweiter-Besuch-07.09.2013-312-1.jpg 720w" sizes="auto, (max-width: 300px) 100vw, 300px" /></a> <a href="http://www.denkfried.de/wp/wp-content/uploads/2013/09/Loupenje-franz.-1.W.K.-598zweiter-Besuch-07.09.2013-312-2.jpg"><img loading="lazy" decoding="async" class="alignnone size-medium wp-image-32696" alt="Loupenje, franz. 1.W.K. 598,zweiter Besuch, 07.09.2013-312 (2)" src="http://www.denkfried.de/wp/wp-content/uploads/2013/09/Loupenje-franz.-1.W.K.-598zweiter-Besuch-07.09.2013-312-2-300x199.jpg" width="300" height="199" srcset="http://www.denkfried.de/wp/wp-content/uploads/2013/09/Loupenje-franz.-1.W.K.-598zweiter-Besuch-07.09.2013-312-2-300x199.jpg 300w, http://www.denkfried.de/wp/wp-content/uploads/2013/09/Loupenje-franz.-1.W.K.-598zweiter-Besuch-07.09.2013-312-2.jpg 720w" sizes="auto, (max-width: 300px) 100vw, 300px" /></a> <a href="http://www.denkfried.de/wp/wp-content/uploads/2013/09/Loupenje-franz.-1.W.K.-598zweiter-Besuch-07.09.2013-312-3.jpg"><img loading="lazy" decoding="async" class="alignnone size-medium wp-image-32697" alt="Loupenje, franz. 1.W.K. 598,zweiter Besuch, 07.09.2013-312 (3)" src="http://www.denkfried.de/wp/wp-content/uploads/2013/09/Loupenje-franz.-1.W.K.-598zweiter-Besuch-07.09.2013-312-3-199x300.jpg" width="199" height="300" srcset="http://www.denkfried.de/wp/wp-content/uploads/2013/09/Loupenje-franz.-1.W.K.-598zweiter-Besuch-07.09.2013-312-3-199x300.jpg 199w, http://www.denkfried.de/wp/wp-content/uploads/2013/09/Loupenje-franz.-1.W.K.-598zweiter-Besuch-07.09.2013-312-3.jpg 478w" sizes="auto, (max-width: 199px) 100vw, 199px" /></a> <a href="http://www.denkfried.de/wp/wp-content/uploads/2013/09/Loupenje-franz.-1.W.K.-598zweiter-Besuch-07.09.2013-312-4.jpg"><img loading="lazy" decoding="async" class="alignnone size-medium wp-image-32698" alt="Loupenje, franz. 1.W.K. 598,zweiter Besuch, 07.09.2013-312 (4)" src="http://www.denkfried.de/wp/wp-content/uploads/2013/09/Loupenje-franz.-1.W.K.-598zweiter-Besuch-07.09.2013-312-4-199x300.jpg" width="199" height="300" srcset="http://www.denkfried.de/wp/wp-content/uploads/2013/09/Loupenje-franz.-1.W.K.-598zweiter-Besuch-07.09.2013-312-4-199x300.jpg 199w, http://www.denkfried.de/wp/wp-content/uploads/2013/09/Loupenje-franz.-1.W.K.-598zweiter-Besuch-07.09.2013-312-4.jpg 478w" sizes="auto, (max-width: 199px) 100vw, 199px" /></a> <a href="http://www.denkfried.de/wp/wp-content/uploads/2013/09/Loupenje-franz.-1.W.K.-598zweiter-Besuch-07.09.2013-312-5.jpg"><img loading="lazy" decoding="async" class="alignnone size-medium wp-image-32699" alt="Loupenje, franz. 1.W.K. 598,zweiter Besuch, 07.09.2013-312 (5)" src="http://www.denkfried.de/wp/wp-content/uploads/2013/09/Loupenje-franz.-1.W.K.-598zweiter-Besuch-07.09.2013-312-5-199x300.jpg" width="199" height="300" srcset="http://www.denkfried.de/wp/wp-content/uploads/2013/09/Loupenje-franz.-1.W.K.-598zweiter-Besuch-07.09.2013-312-5-199x300.jpg 199w, http://www.denkfried.de/wp/wp-content/uploads/2013/09/Loupenje-franz.-1.W.K.-598zweiter-Besuch-07.09.2013-312-5.jpg 478w" sizes="auto, (max-width: 199px) 100vw, 199px" /></a> <a href="http://www.denkfried.de/wp/wp-content/uploads/2013/09/Loupenje-franz.-1.W.K.-598zweiter-Besuch-07.09.2013-312-6.jpg"><img loading="lazy" decoding="async" class="alignnone size-medium wp-image-32700" alt="Loupenje, franz. 1.W.K. 598,zweiter Besuch, 07.09.2013-312 (6)" src="http://www.denkfried.de/wp/wp-content/uploads/2013/09/Loupenje-franz.-1.W.K.-598zweiter-Besuch-07.09.2013-312-6-300x199.jpg" width="300" height="199" srcset="http://www.denkfried.de/wp/wp-content/uploads/2013/09/Loupenje-franz.-1.W.K.-598zweiter-Besuch-07.09.2013-312-6-300x199.jpg 300w, http://www.denkfried.de/wp/wp-content/uploads/2013/09/Loupenje-franz.-1.W.K.-598zweiter-Besuch-07.09.2013-312-6.jpg 720w" sizes="auto, (max-width: 300px) 100vw, 300px" /></a> <a href="http://www.denkfried.de/wp/wp-content/uploads/2013/09/Loupenje-franz.-1.W.K.-598zweiter-Besuch-07.09.2013-312-7.jpg"><img loading="lazy" decoding="async" class="alignnone size-medium wp-image-32701" alt="Loupenje, franz. 1.W.K. 598,zweiter Besuch, 07.09.2013-312 (7)" src="http://www.denkfried.de/wp/wp-content/uploads/2013/09/Loupenje-franz.-1.W.K.-598zweiter-Besuch-07.09.2013-312-7-199x300.jpg" width="199" height="300" srcset="http://www.denkfried.de/wp/wp-content/uploads/2013/09/Loupenje-franz.-1.W.K.-598zweiter-Besuch-07.09.2013-312-7-199x300.jpg 199w, http://www.denkfried.de/wp/wp-content/uploads/2013/09/Loupenje-franz.-1.W.K.-598zweiter-Besuch-07.09.2013-312-7.jpg 478w" sizes="auto, (max-width: 199px) 100vw, 199px" /></a> <a href="http://www.denkfried.de/wp/wp-content/uploads/2013/09/Loupenje-franz.-1.W.K.-598zweiter-Besuch-07.09.2013-312-8.jpg"><img loading="lazy" decoding="async" class="alignnone size-medium wp-image-32702" alt="Loupenje, franz. 1.W.K. 598,zweiter Besuch, 07.09.2013-312 (8)" src="http://www.denkfried.de/wp/wp-content/uploads/2013/09/Loupenje-franz.-1.W.K.-598zweiter-Besuch-07.09.2013-312-8-300x199.jpg" width="300" height="199" srcset="http://www.denkfried.de/wp/wp-content/uploads/2013/09/Loupenje-franz.-1.W.K.-598zweiter-Besuch-07.09.2013-312-8-300x199.jpg 300w, http://www.denkfried.de/wp/wp-content/uploads/2013/09/Loupenje-franz.-1.W.K.-598zweiter-Besuch-07.09.2013-312-8.jpg 720w" sizes="auto, (max-width: 300px) 100vw, 300px" /></a></p>

<p>&nbsp; 02130Loupeigne,franz.Soldatenfriedhof Wir erreichen auf unserer Reise durch die Normandie das gemeinsame Gräberfeld des 1.Weltkrieges für französische und deutsche Gefallene Soldaten.Der Soldatenfriedhof liegt an der Rue Du Presbytère.Eine breite Treppe führt zum Fahnenmasten auf dem die Trikolore weht.Rechts davon wurde &hellip; <a href="http://www.denkfried.de/wp/?page_id=32693">Weiterlesen <span class="meta-nav">&rarr;</span></a></p>
